-- https://www.phpmyadmin.net/
--

START TRANSACTION;



--
-- Database: `chefshub`
--

-- --------------------------------------------------------

--
-- Table structure for table `admins`
--

CREATE TABLE `admins` (
  `id` bigint(20) UNSIGNED NOT NULL,
  `name` varchar(255) NOT NULL,
  `username` varchar(255) NOT NULL,
  `password` varchar(255) NOT NULL,
  `lang` varchar(255) NOT NULL,
  `jwt` varchar(255) DEFAULT NULL,
  `email` varchar(255) NOT NULL,
  `phone` varchar(255) NOT NULL,
  `job` varchar(225) NOT NULL,
  `super_admin` tinyint(4) NOT NULL DEFAULT 0,
  `roles` text NOT NULL,
  `remember_token` varchar(100) DEFAULT NULL,
  `created_at` timestamp NULL DEFAULT NULL,
  `updated_at` timestamp NULL DEFAULT NULL
) ENGINE=InnoDB DEFAULT CHARSET=utf8mb4 ROW_FORMAT=DYNAMIC;

--
-- Dumping data for table `admins`
--

INSERT INTO `admins` (`id`, `name`, `username`, `password`, `lang`, `jwt`, `email`, `phone`, `job`, `super_admin`, `roles`, `remember_token`, `created_at`, `updated_at`) VALUES
(1, 'admin', 'admin', '$2y$10$N8jJmfNjxWK9SIw00v69SOS1GnN/NzlCplJ6Hffc0Q53dgHg/fd8K', 'en', 'pgofNOGmaTdkA8SNifG1QXTyYmnKfAPeqefVGrl7dnCedngFLoYh', 'admin@gmail.com', '201094943793', 'chefshub admin', 1, '[\"super_admin\"]', NULL, NULL, NULL),
(2, 'admin', 'zayed', '$2y$10$N8jJmfNjxWK9SIw00v69SOS1GnN/NzlCplJ6Hffc0Q53dgHg/fd8K', 'en', 'DUJMhuozJd5No5oS39WcPVs4hKAr5B1DI0PRBooXTYY5VLQgNecW', 'zayed@gmail.com', '201094943793', '', 1, '[]', NULL, NULL, NULL),
(5, 'ali', '333', '$2y$10$g6Ls1D.UyRJ/a5pQJI8jzOXeU0jgTtcEdVn8g3RAi3bjTR.x4GfXu', '', NULL, 'dd', '2323', '3', 0, '[]', NULL, NULL, NULL),
(6, 'test qa', 'QA', '$2y$10$oooXejBquVld713j9gIL9OPGpG4vdtZAsU4UBKw7kGVkWG/C8fADG', '', 'dG0My92xkKFA7FO3Ch4KvUAs34jnefrIedhdKBPyz3gFWmM7Snd1', 'Qa@gmail.com', '123456789', '1234567', 0, '[\"\\/Chef\",\"\\/Tutorial\"]', NULL, NULL, NULL),
(8, 'hady', 'haidy', '$2y$10$0VofLWr6sGdl.nRzLrjf4ui.nTe0IUPIVc.Nv4Nw5bdUFlVKqo.tu', '', 'JKo70XbMoWDrJhSltBfRRBVtG9hvMrdRNDThgbqpSIYp3q5N2Bbo', 'Haidyatef26@gmail.com', '00201027735323', 'Data entry', 0, '[\"\\/Chef\",\"\\/Tutorial\",\"\\/MessagesToChefs\",\"\\/Ingredient\",\"\\/ContactUs\"]', NULL, NULL, NULL);

-- --------------------------------------------------------

--
-- Table structure for table `carts`
--

CREATE TABLE `carts` (
  `id` bigint(20) UNSIGNED NOT NULL,
  `user_id` bigint(20) UNSIGNED NOT NULL,
  `product_variation_id` bigint(20) UNSIGNED NOT NULL,
  `quantity` smallint(5) UNSIGNED NOT NULL DEFAULT 1,
  `created_at` timestamp NULL DEFAULT NULL,
  `updated_at` timestamp NULL DEFAULT NULL
) ENGINE=InnoDB DEFAULT CHARSET=utf8mb4;

-- --------------------------------------------------------

--
-- Table structure for table `cart_box`
--

CREATE TABLE `cart_box` (
  `id` int(11) NOT NULL,
  `name` varchar(225) NOT NULL,
  `user_id` int(11) NOT NULL,
  `date` date DEFAULT NULL,
  `slot` varchar(225) DEFAULT NULL,
  `created_at` datetime NOT NULL,
  `updated_at` datetime NOT NULL
) ENGINE=InnoDB DEFAULT CHARSET=utf8;

--
-- Dumping data for table `cart_box`
--

INSERT INTO `cart_box` (`id`, `name`, `user_id`, `date`, `slot`, `created_at`, `updated_at`) VALUES
(6, 'my Box', 309, NULL, NULL, '2024-10-06 15:50:02', '2024-10-06 15:50:02');

-- --------------------------------------------------------

--
-- Table structure for table `cart_items`
--

CREATE TABLE `cart_items` (
  `id` int(11) NOT NULL,
  `user_id` int(11) NOT NULL,
  `tutorial_id` int(11) NOT NULL,
  `cart_box_id` int(11) DEFAULT NULL,
  `created_at` datetime NOT NULL,
  `updated_at` datetime NOT NULL
) ENGINE=InnoDB DEFAULT CHARSET=utf8;

-- --------------------------------------------------------

--
-- Table structure for table `chefs`
--

CREATE TABLE `chefs` (
  `id` bigint(20) UNSIGNED NOT NULL,
  `name` varchar(190) NOT NULL,
  `email` varchar(50) NOT NULL,
  `password` varchar(100) NOT NULL,
  `api_token` text DEFAULT NULL,
  `gender` enum('male','female') DEFAULT NULL,
  `last_login_at` timestamp NULL DEFAULT NULL,
  `device_token` text DEFAULT NULL,
  `device_id` varchar(50) DEFAULT NULL,
  `account_active` tinyint(1) NOT NULL DEFAULT 1,
  `created_at` timestamp NULL DEFAULT NULL,
  `updated_at` timestamp NULL DEFAULT NULL,
  `facebook_profile_url` varchar(250) DEFAULT NULL,
  `instagram_profile_url` varchar(250) DEFAULT NULL,
  `youtube_profile_url` varchar(250) DEFAULT NULL,
  `meals_no` int(11) NOT NULL DEFAULT 0,
  `followers_no` int(11) NOT NULL DEFAULT 0,
  `bio` text NOT NULL,
  `mobile` varchar(225) DEFAULT NULL,
  `profile_img_path` varchar(200) DEFAULT NULL COMMENT 'Profile Image',
  `avatar_img_path` varchar(200) NOT NULL DEFAULT 'default.png' COMMENT 'Face Image',
  `bank_account` varchar(250) DEFAULT NULL,
  `bank_name` varchar(250) DEFAULT NULL,
  `bank_code` varchar(250) DEFAULT NULL,
  `chef_about` varchar(500) DEFAULT NULL,
  `otp` int(11) DEFAULT NULL,
  `welcome_emil_sent` tinyint(4) NOT NULL DEFAULT 0,
  `is_hidden` tinyint(4) NOT NULL DEFAULT 0
) ENGINE=InnoDB DEFAULT CHARSET=utf8mb4;

--
-- Dumping data for table `chefs`
--

INSERT INTO `chefs` (`id`, `name`, `email`, `password`, `api_token`, `gender`, `last_login_at`, `device_token`, `device_id`, `account_active`, `created_at`, `updated_at`, `facebook_profile_url`, `instagram_profile_url`, `youtube_profile_url`, `meals_no`, `followers_no`, `bio`, `mobile`, `profile_img_path`, `avatar_img_path`, `bank_account`, `bank_name`, `bank_code`, `chef_about`, `otp`, `welcome_emil_sent`, `is_hidden`) VALUES
(21, 'zayed', 'mo20130123@gmail.com', '$2y$10$hq4fonVeR1uYs8qy63SH4OeVHV2dyYFYcyEcYbzDBNNumOvl.BiLy', 'eyJ0eXAiOiJKV1QiLCJhbGciOiJIUzI1NiJ9.eyJpc3MiOiJodHRwczovL2NoZWZzaHViLnNpdGUvQXBpX3ovcHVibGljL0NoZWZBZG1pbkFwaS92MS9jaGVmcy9hdXRoL2xvZ2luIiwiaWF0IjoxNzIyMDc5NTM2LCJleHAiOjE3NTM2MTU1MzYsIm5iZiI6MTcyMjA3OTUzNiwianRpIjoieDNEQ3J2bGFwN25qUDZ1aSIsInN1YiI6IjIxIiwicHJ2IjoiZDg2ZmI4ZDFhOTJhMGQ1OWVmMjIxNmE1YzdhMDAwZWQ4MTRmNzA3MiJ9.0kCXlZ-G3jqje8v7Q9FBV6aIhY1T2uArg3l2rR5hiBY', 'male', '2024-07-27 11:25:36', NULL, NULL, 1, '2024-04-12 17:11:11', '2024-07-27 12:16:46', NULL, 'https://www.instagram.com/gasem', NULL, 3, 2, '2', '18473123555', 'profile_img_path_667fe644e41e6.jpeg', 'avatar_img_path_667fe644e5874.jpeg', NULL, NULL, NULL, '2', NULL, 1, 0),
(22, 'Gordon Ramsay', 'ramsay@gmail.com', '$2y$10$F3CH/VfuB5H0yAr7FkglWeCMdQlRFHdFLzesK.j.wKZDT3Cqb9cFq', 'eyJ0eXAiOiJKV1QiLCJhbGciOiJIUzI1NiJ9.eyJpc3MiOiJodHRwczovL2NoZWZzaHViLnNpdGUvQXBpX3ovcHVibGljL0NoZWZBZG1pbkFwaS92MS9jaGVmcy9hdXRoL2xvZ2luIiwiaWF0IjoxNzIyODgyNzQ4LCJleHAiOjE3NTQ0MTg3NDgsIm5iZiI6MTcyMjg4Mjc0OCwianRpIjoiNWhIdXc0ODBFd2xkbjZ3ZyIsInN1YiI6IjIyIiwicHJ2IjoiZDg2ZmI4ZDFhOTJhMGQ1OWVmMjIxNmE1YzdhMDAwZWQ4MTRmNzA3MiJ9.RfTodvU3lL1nCH4o08_zYDC1Tq4VFqcQwRocFYFiFY8', 'male', '2024-08-05 18:32:28', NULL, NULL, 1, '2024-04-13 13:58:40', '2024-08-05 21:52:23', 'www.facebook.com/sseragmounir7/', 'www.instagram.com/sss', 'https://www.youtube.com/@GoDaddyArabia', 0, 7, 'British celebrity chef and restaurateur', '0559531870', 'profile_img_path_661a909a64333.jpg', 'avatar_img_path_661a909a652f2.jpg', NULL, NULL, NULL, 'British celebrity chef and restaurateur', 4486855, 0, 0),
(24, 'Sevo', 'sevokitchen@gmail.com', '$2y$10$TDdrlFy1AKNrTwBmT6/IG.Nx0yJng5UvJlGpx0bS8fCj8obr9t85e', 'eyJ0eXAiOiJKV1QiLCJhbGciOiJIUzI1NiJ9.eyJpc3MiOiJodHRwczovL2NoZWZzaHViLnNpdGUvQXBpX3ovcHVibGljL0NoZWZBZG1pbkFwaS92MS9jaGVmcy9hdXRoL2xvZ2luIiwiaWF0IjoxNzIyMDc4MTgzLCJleHAiOjE3NTM2MTQxODMsIm5iZiI6MTcyMjA3ODE4MywianRpIjoiN3MwSlRGeVRPR0Z3VkdNbyIsInN1YiI6IjI0IiwicHJ2IjoiZDg2ZmI4ZDFhOTJhMGQ1OWVmMjIxNmE1YzdhMDAwZWQ4MTRmNzA3MiJ9.5QIcA6_vLx5EuFJwjhZOdbKcZvOGK_0pis8dt0745rw', 'female', '2024-07-27 11:03:03', NULL, NULL, 1, '2024-05-12 12:01:11', '2024-08-03 17:20:06', NULL, 'https://www.instagram.com/sevo.kitchen/', 'https://www.youtube.com/@sevokitchen4365', 11, 5, 'chef', '0032470486848', 'profile_img_path_6640b1f6e5efc.jpg', 'avatar_img_path_6640b1f6e7e9f.JPG', NULL, NULL, NULL, NULL, NULL, 0, 0),
(25, 'Youmna Mahmoud', 'yomnamahmoud9433@gmail.com', '$2y$10$Jz1joYM.vtsRbS1.w5Cg5uvN/1VTkHb8bIFDuaiucof/lLexAW3bW', 'eyJ0eXAiOiJKV1QiLCJhbGciOiJIUzI1NiJ9.eyJpc3MiOiJodHRwczovL2NoZWZzaHViLnNpdGUvQXBpX3ovcHVibGljL0NoZWZBZG1pbkFwaS92MS9jaGVmcy9hdXRoL2xvZ2luIiwiaWF0IjoxNzE5ODQxNTI4LCJleHAiOjE3NTEzNzc1MjgsIm5iZiI6MTcxOTg0MTUyOCwianRpIjoiUGlkR3NuRlVKMTRVZ0JyWCIsInN1YiI6IjI1IiwicHJ2IjoiZDg2ZmI4ZDFhOTJhMGQ1OWVmMjIxNmE1YzdhMDAwZWQ4MTRmNzA3MiJ9.YCnUH7cc02GvNzSnlDZty-upIRJqy38W3PKVvtDbKZc', 'female', '2024-07-01 13:45:28', NULL, NULL, 1, '2024-05-12 17:47:02', '2024-07-19 18:13:37', NULL, 'https://www.instagram.com/youmna.mahmoud.hassan/', NULL, 4, 6, 'Egyptian | 📍Dubai Photographer & graphic designer 👩‍💻 Mom 👼🏻 I have hunger management issues 🥘😌', '00971529022008', 'profile_img_path_6641017c3ffd7.jpeg', 'avatar_img_path_6641017c41150.jpeg', NULL, NULL, NULL, 'Egyptian | 📍Dubai\r\nPhotographer & graphic designer 👩‍💻\r\nMom 👼🏻\r\nI have hunger management issues 🥘😌', NULL, 0, 0),
(27, 'shahin', 'gasem.khazali85@gmail.com', '$2y$10$Prn7t6nBT9ZiYyLVge.Qg.WV8kmhP1TbkHUuGIMyRSAVIsk3dwxSm', 'eyJ0eXAiOiJKV1QiLCJhbGciOiJIUzI1NiJ9.eyJpc3MiOiJodHRwczovL2NoZWZzaHViLnNpdGUvQXBpX3ovcHVibGljL0NoZWZBZG1pbkFwaS92MS9jaGVmcy9hdXRoL2xvZ2luIiwiaWF0IjoxNzIyNDA5NjUyLCJleHAiOjE3NTM5NDU2NTIsIm5iZiI6MTcyMjQwOTY1MiwianRpIjoiTEcweVdiSXN6SDZjdDU2diIsInN1YiI6IjI3IiwicHJ2IjoiZDg2ZmI4ZDFhOTJhMGQ1OWVmMjIxNmE1YzdhMDAwZWQ4MTRmNzA3MiJ9.dPFudZacZqSw-uHbE-N-_ugc-2r7qbqoCodctImN4dk', 'male', '2024-07-31 07:07:32', NULL, NULL, 1, '2024-05-26 08:00:30', '2024-07-31 07:07:32', NULL, 'https://www.instagram.com/chef.shaheen', NULL, 1, 0, 'iraqi chef', '123456789', 'profile_img_path_6652ed33dc263.jpg', 'avatar_img_path_6652ed33dda0c.jpg', NULL, NULL, NULL, 'سفير الاكلات العراقيه', NULL, 1, 0),
(31, 'abiresag', 'abeer@gmail.com', '$2y$10$DTuOefjMHrcpXfW/AKAigOq0iWdI79l3Kmu9iylj43ZFH4y7Spgca', 'eyJ0eXAiOiJKV1QiLCJhbGciOiJIUzI1NiJ9.eyJpc3MiOiJodHRwczovL2NoZWZzaHViLnNpdGUvQXBpX3ovcHVibGljL0NoZWZBZG1pbkFwaS92MS9jaGVmcy9hdXRoL2xvZ2luIiwiaWF0IjoxNzIyNzYyMzY1LCJleHAiOjE3NTQyOTgzNjUsIm5iZiI6MTcyMjc2MjM2NSwianRpIjoiOEFaY3htRnNFYUNqWHcxNyIsInN1YiI6IjMxIiwicHJ2IjoiZDg2ZmI4ZDFhOTJhMGQ1OWVmMjIxNmE1YzdhMDAwZWQ4MTRmNzA3MiJ9.3uoSnLDw6tv55Dgm6cqCEGxXxPkfgO_AwHS-ZYHel38', 'female', '2024-08-04 09:06:05', NULL, NULL, 1, '2024-05-27 14:36:54', '2024-08-04 09:06:05', NULL, 'https://www.instagram.com/abiresag', NULL, 2, 3, 'Here to inspire your inner chef👩🏻‍🍳 \"وَلاَ تَيْأَسوا مِن رَّوْحِ الله \" 💌 info@abirelsag.com Donate in the link below 🇵🇸⬇️', '123456', NULL, 'default.png', NULL, NULL, NULL, NULL, NULL, 0, 0),
(34, 'badr fayez', 'badr@gmail.com', '$2y$10$eGZjuzQxuCxvuW4wxV9BYu0s3I.uxDnoce4/0iXQSRk42cuE.ArJG', 'eyJ0eXAiOiJKV1QiLCJhbGciOiJIUzI1NiJ9.eyJpc3MiOiJodHRwczovL2NoZWZzaHViLnNpdGUvQXBpX3ovcHVibGljL0NoZWZBZG1pbkFwaS92MS9jaGVmcy9hdXRoL2xvZ2luIiwiaWF0IjoxNzE4MTQwNDU2LCJleHAiOjE3NDk2NzY0NTYsIm5iZiI6MTcxODE0MDQ1NiwianRpIjoib1lESmVxVVJDQ1lQY0l4RiIsInN1YiI6IjM0IiwicHJ2IjoiZDg2ZmI4ZDFhOTJhMGQ1OWVmMjIxNmE1YzdhMDAwZWQ4MTRmNzA3MiJ9.nYMcOdPbU4gGu-pUehnxxMTydS1Xp7vjFHhCgs0tkpc', 'male', '2024-06-11 21:14:16', NULL, NULL, 1, '2024-06-09 21:07:45', '2024-07-24 20:50:38', 'https://www.facebook.com/badr.fayez.79/', 'https://www.instagram.com/badrfayez', NULL, 1, 2, 'Eat healthy', '1233455', 'profile_img_path_6668cf868f4e0.jpeg', 'avatar_img_path_6668cf8690627.jpeg', NULL, NULL, NULL, 'Badr Zuhair Fayez is a Saudi chef and businessman with an extensive history of working in the food and beverage industry. Fayez was recently appointed as a board member of the Culinary Arts Authority headed by chef Mayada Badr. He was selected by Minister of Culture Prince Badr bin Abdullah bin Farhan', NULL, 0, 0),
(36, 'mohamed hamed', 'mohamedhamed@gmail.com', '$2y$10$5OJg6cel/KXI1aQdykfyLO6t/Y.fWKp2RomTI5CLrrZSiRYxsccr.', 'eyJ0eXAiOiJKV1QiLCJhbGciOiJIUzI1NiJ9.eyJpc3MiOiJodHRwczovL2NoZWZzaHViLnNpdGUvQXBpX3ovcHVibGljL0NoZWZBZG1pbkFwaS92MS9jaGVmcy9hdXRoL2xvZ2luIiwiaWF0IjoxNzE4MTMxMTczLCJleHAiOjE3NDk2NjcxNzMsIm5iZiI6MTcxODEzMTE3MywianRpIjoiTWJPbjA1alRYem0xdWYxUSIsInN1YiI6IjM2IiwicHJ2IjoiZDg2ZmI4ZDFhOTJhMGQ1OWVmMjIxNmE1YzdhMDAwZWQ4MTRmNzA3MiJ9.XHihGkLU9u0c4CnDjm61NoY3YNUCP-EZ9ZKPLtOonBQ', 'male', '2024-06-11 18:39:33', NULL, NULL, 1, '2024-06-09 21:58:09', '2024-06-24 18:31:41', 'https://www.facebook.com/ChefMohamedHammed', 'https://www.instagram.com/chef_mohamed_hamed', 'https://www.youtube.com/channel/UCEoahqYWoD5vbL8IzhhP0fg', 3, 0, 'food consultant', '3244353', 'profile_img_path_66689c52a3bdf.jpeg', 'avatar_img_path_66689c52a4ee8.jpeg', NULL, NULL, NULL, 'Later, he moved to Cairo to study, and then he worked in the field of cooking. Chef mohamed Hamed grew up in Mansoura. Later, he moved to Cairo to study, and then he worked in the field of cooking', NULL, 0, 0),
(37, 'ghada nawara', 'ghadanawara@gmail.com', '$2y$10$v6e8UYGWePv4jLny/P9RNuN71nDCFBYgk5khhjI/GPXNTojyDviAe', 'eyJ0eXAiOiJKV1QiLCJhbGciOiJIUzI1NiJ9.eyJpc3MiOiJodHRwczovL2NoZWZzaHViLnNpdGUvQXBpX3ovcHVibGljL0NoZWZBZG1pbkFwaS92MS9jaGVmcy9hdXRoL2xvZ2luIiwiaWF0IjoxNzE4MjA4ODE3LCJleHAiOjE3NDk3NDQ4MTcsIm5iZiI6MTcxODIwODgxNywianRpIjoibkpVVEhpR2FIaU9kNkNrRyIsInN1YiI6IjM3IiwicHJ2IjoiZDg2ZmI4ZDFhOTJhMGQ1OWVmMjIxNmE1YzdhMDAwZWQ4MTRmNzA3MiJ9._yUOzKXr1QYlF_1o5o3zN-6V6fXDqr5VLUdm5e1nw5o', 'female', '2024-06-12 16:13:37', NULL, NULL, 1, '2024-06-09 22:54:06', '2024-08-03 15:13:29', 'https://www.facebook.com/ghadanawaracatering', 'https://www.instagram.com/chefghadanawara', 'https://www.youtube.com/@ChefGhadaNawara', 3, 3, 'food consultant', '2354832648', 'profile_img_path_6668b156ec143.jpeg', 'avatar_img_path_6668b156ed3d4.jpeg', NULL, NULL, NULL, 'Chef Ghada is an Egyptian celebrity chef certified by the Cordon Bleu in Paris and Ritz Escoffier Paris. She is the CEO of Nawara Catering and started her business in 2014. Since then, she’s been handling the catering of Egypt’s most elite events.\r\n\r\nBesides her business, chef Ghada empowers and inspires all Arab ladies by sharing her knowledge, tips and tricks in the form of cooking classes and publishing video recipes on social media.\r\nIn addition to that, she also appears as a guest in severa', NULL, 0, 0),
(39, 'sallyfoad', 'sallyfoad@gmail.com', '$2y$10$qW4HtrALhyunXqXY7EpydeZXZFyIeRRyKQgQQPTq8Orvv5SAvTV/u', 'eyJ0eXAiOiJKV1QiLCJhbGciOiJIUzI1NiJ9.eyJpc3MiOiJodHRwczovL2NoZWZzaHViLnNpdGUvQXBpX3ovcHVibGljL0NoZWZBZG1pbkFwaS92MS9jaGVmcy9hdXRoL2xvZ2luIiwiaWF0IjoxNzE4MjA5MTYwLCJleHAiOjE3NDk3NDUxNjAsIm5iZiI6MTcxODIwOTE2MCwianRpIjoiS2QwZHU5bmo4YkJOT0x3OSIsInN1YiI6IjM5IiwicHJ2IjoiZDg2ZmI4ZDFhOTJhMGQ1OWVmMjIxNmE1YzdhMDAwZWQ4MTRmNzA3MiJ9.Zzh97G_lRxvt7NZNwGvuK7R-1orUXFHRz1H6d-70Yok', 'female', '2024-06-12 16:19:20', NULL, NULL, 1, '2024-06-12 16:18:53', '2024-06-24 21:50:02', 'https://www.facebook.com/SallyFou2ad', NULL, 'https://www.youtube.com/channel/UCm_eRHFbWG0U4q_E3mPyw8Q', 3, 2, 'Certified NLP and Nutritionist from Germany Author of 4 books Lifestyle TV presenter', '53732782', 'profile_img_path_6669cc4ac939e.jpeg', 'avatar_img_path_6669cc4aca9e7.jpeg', NULL, NULL, NULL, 'Sally Fouad is a famous chef, TV Presenter and nutritionist who has an inspirational story', NULL, 0, 0),
(40, 'shaheen', 'shaheen@gmail.com', '$2y$10$GMxuvKadycvE85dEHSwobOXUpnu/bF5vNaJfNC.f5IqQn5K25/wrS', 'eyJ0eXAiOiJKV1QiLCJhbGciOiJIUzI1NiJ9.eyJpc3MiOiJodHRwczovL2NoZWZzaHViLnNpdGUvQXBpX3ovcHVibGljL0NoZWZBZG1pbkFwaS92MS9jaGVmcy9hdXRoL2xvZ2luIiwiaWF0IjoxNzIyNzYyMDkwLCJleHAiOjE3NTQyOTgwOTAsIm5iZiI6MTcyMjc2MjA5MCwianRpIjoiN0NpNUdNRVNxOE9QZVFRTyIsInN1YiI6IjQwIiwicHJ2IjoiZDg2ZmI4ZDFhOTJhMGQ1OWVmMjIxNmE1YzdhMDAwZWQ4MTRmNzA3MiJ9.hkfT7Sl2eq-2DuoHNx-TY-BM16xRUQ1ExyMw2y2Jz0U', 'male', '2024-08-04 09:01:30', NULL, NULL, 1, '2024-06-12 17:33:30', '2024-08-05 21:52:23', NULL, 'https://www.instagram.com/chef.shaheen', NULL, 3, 4, 'Chef | Architect', '73857823', 'profile_img_path_6669dd6dacad4.jpeg', 'avatar_img_path_6669dd6dadc90.jpeg', NULL, NULL, NULL, 'Chef, recipe developer, content creator on social media, and owner of YABA Restaurant in Dubai.', NULL, 0, 0),
(41, 'thabet', 'thabet@gmail.com', '$2y$10$yTJVYjwpe4zPTaqnRKSHNuepzUuF.YaTbTQXPpWqCWnlGE2nYF9em', 'eyJ0eXAiOiJKV1QiLCJhbGciOiJIUzI1NiJ9.eyJpc3MiOiJodHRwczovL2NoZWZzaHViLnNpdGUvQXBpX3ovcHVibGljL0NoZWZBZG1pbkFwaS92MS9jaGVmcy9hdXRoL2xvZ2luIiwiaWF0IjoxNzE4MjE5MjM0LCJleHAiOjE3NDk3NTUyMzQsIm5iZiI6MTcxODIxOTIzNCwianRpIjoiZnpqZFJLTzkxSlg5UTYwVyIsInN1YiI6IjQxIiwicHJ2IjoiZDg2ZmI4ZDFhOTJhMGQ1OWVmMjIxNmE1YzdhMDAwZWQ4MTRmNzA3MiJ9.te2eA9JkuVCqb6ybo2I33o0jJWUgTI9oU2_wOfuxFxQ', 'male', '2024-06-12 19:07:14', NULL, NULL, 1, '2024-06-12 19:04:02', '2024-06-28 12:57:03', NULL, 'https://www.instagram.com/sham.alaseel', NULL, 3, 7, 'طباخ ⁦⁦🍽️⁩ الشيف ثابت', '7532468', 'profile_img_path_6669f26985c6a.jpeg', 'avatar_img_path_6669f26986cf4.jpeg', NULL, NULL, NULL, 'Chef Thabet, known as the authentic Sham, Damascus remained in his heart, and because of his great love for his city, he decided to introduce the world to Damascene food and became the ambassador of traditional Syrian food in the world.', NULL, 0, 0),
(42, 'manalalalam', 'manalalalam@gmail.com', '$2y$10$J99ToXvUe3EG5i13Sq7sheG.xP4LHhvMGrAG.dGEot.3JcGyw0DVy', 'eyJ0eXAiOiJKV1QiLCJhbGciOiJIUzI1NiJ9.eyJpc3MiOiJodHRwczovL2NoZWZzaHViLnNpdGUvQXBpX3ovcHVibGljL0NoZWZBZG1pbkFwaS92MS9jaGVmcy9hdXRoL2xvZ2luIiwiaWF0IjoxNzE5MTgzMTA4LCJleHAiOjE3NTA3MTkxMDgsIm5iZiI6MTcxOTE4MzEwOCwianRpIjoiWlBMM2MxbnNPYmR5UDBWUiIsInN1YiI6IjQyIiwicHJ2IjoiZDg2ZmI4ZDFhOTJhMGQ1OWVmMjIxNmE1YzdhMDAwZWQ4MTRmNzA3MiJ9.RV5M8AcAK6vRBXBBl_s42co4NF0YIsMNECZb6bKqkCs', 'female', '2024-06-23 22:51:48', NULL, NULL, 1, '2024-06-12 21:15:07', '2024-08-05 18:24:30', NULL, 'https://www.instagram.com/manalalalem', NULL, 3, 5, 'الشيف الأول عربيا♥️سفيرة النوايا الحسنة🕊الأمم المتحدة', '1', 'profile_img_path_666a11074d1e3.jpeg', 'avatar_img_path_666a11074e2e0.jpeg', NULL, NULL, NULL, 'Manal Al-Alem, Jordanian kitchen chef. She presented many cooking programs and wrote a number of books on Arab cuisine. She published specialized articles in a number of publications such as: Al-Watan newspaper, Al-Qabas newspaper, and others. She held specialized courses in culinary arts for women in society from 1995 to 2007', NULL, 0, 0),
(44, 'hussam', 'gasem.khazal@gmail.com', '$2y$10$oiz6CgeNDS4nKlVRmEmlG.Cg1tb0o1QD.2KiXV2hOx5Pd5gsViL1S', 'eyJ0eXAiOiJKV1QiLCJhbGciOiJIUzI1NiJ9.eyJpc3MiOiJodHRwczovL2NoZWZzaHViLnNpdGUvQXBpX3ovcHVibGljL0NoZWZBZG1pbkFwaS92MS9jaGVmcy9hdXRoL2xvZ2luIiwiaWF0IjoxNzIyNzYyMjc0LCJleHAiOjE3NTQyOTgyNzQsIm5iZiI6MTcyMjc2MjI3NCwianRpIjoiSzFvYTI0MXIzSkpkTVU1YSIsInN1YiI6IjQ0IiwicHJ2IjoiZDg2ZmI4ZDFhOTJhMGQ1OWVmMjIxNmE1YzdhMDAwZWQ4MTRmNzA3MiJ9.EZaZwvKx-BelP61sp3zDjT48A7tsPnBJGOcfXbnjDfw', 'male', '2024-08-04 09:04:34', NULL, NULL, 1, '2024-02-10 23:16:41', '2024-08-05 21:52:23', NULL, NULL, 'https://youtube.com', 0, 1, 'any bio of hussamss', '1027655457', 'assets/images/male.png', 'default.png', '50795121212', 'CIB', '50607eeee80', 'about hussam', 5948451, 0, 0),
(45, 'Chef Farah khalil', 'Khalilfarah420@gmali.com', '$2y$10$cfM4yq5gu5CkwPlkcPjjau.MFDszCYnws95twAYMbRE1G31tlUcUe', NULL, 'female', NULL, NULL, NULL, 1, '2024-07-04 09:38:16', '2024-07-20 09:40:09', NULL, 'https://www.instagram.com/farah.s_food', NULL, 0, 1, 'Food & beverage Food blogger /influencer 👩🏻‍🍳🇯🇴 الفائزة بلقب ست النكهات 2022 حاصلة على شهادة من الأكاديمية الملكيه لفنون الطهي🇨🇭 @racajordan youtu.be/qoIy_INVwn4', '00962799826026', NULL, 'default.png', NULL, NULL, NULL, 'Food & beverage\r\nFood blogger /influencer 👩🏻‍🍳🇯🇴\r\nالفائزة بلقب ست النكهات 2022\r\nحاصلة على شهادة من الأكاديمية الملكيه لفنون الطهي🇨🇭\r\n@racajordan\r\nhttps://www.youtube.com/watch?v=qoIy_INVwn4', NULL, 1, 0),
(46, 'Chef Mariah aloud', 'Mariah.alowd@gmail.com', '$2y$10$yaOy1SYjag5PsffovqFjgeN12n4z2ZvDDo1bE1xfHSmsTYntw6JRO', 'eyJ0eXAiOiJKV1QiLCJhbGciOiJIUzI1NiJ9.eyJpc3MiOiJodHRwczovL2NoZWZzaHViLnNpdGUvQXBpX3ovcHVibGljL0NoZWZBZG1pbkFwaS92MS9jaGVmcy9hdXRoL2xvZ2luIiwiaWF0IjoxNzIwNTI0ODEyLCJleHAiOjE3NTIwNjA4MTIsIm5iZiI6MTcyMDUyNDgxMiwianRpIjoiWXcyWU5ZY3B2aFlNa1BWayIsInN1YiI6IjQ2IiwicHJ2IjoiZDg2ZmI4ZDFhOTJhMGQ1OWVmMjIxNmE1YzdhMDAwZWQ4MTRmNzA3MiJ9.bg356iqkh6HVubV6EO00bqxzLTO4A_rPkbFHENF9mAs', 'female', '2024-07-09 11:33:32', NULL, NULL, 1, '2024-07-04 13:51:51', '2024-07-20 09:39:58', NULL, 'https://www.instagram.com/dishesby.mariah/', 'www.youtube.com/@dishsbymariah', 1, 1, '𝐓𝐇𝐄 |𝐎𝐍𝐄|% 𝐂𝐋𝐔𝐁 𝐌𝐄𝐌𝐁𝐄𝐑ↂ All about home, kitchen, food 📸 Owner : @mariahome.kw Owner : @breadish.kw www.youtube.com/@dishsbymariah', '0096598852886', NULL, 'default.png', NULL, NULL, NULL, '𝐓𝐇𝐄 |𝐎𝐍𝐄|% 𝐂𝐋𝐔𝐁 𝐌𝐄𝐌𝐁𝐄𝐑ↂ\r\nAll about home, kitchen, food 📸\r\nOwner : @mariahome.kw\r\nOwner : @breadish.kw', NULL, 1, 0),
(47, 'Chef Hussien Issa', 'hs.issa.site@gmail.com', '$2y$10$QgKJ0hH6IIcYKqQrkZXGh.XAd/hBAOczx.f3HFfpbtoiOS4AjlWQa', 'eyJ0eXAiOiJKV1QiLCJhbGciOiJIUzI1NiJ9.eyJpc3MiOiJodHRwczovL2NoZWZzaHViLnNpdGUvQXBpX3ovcHVibGljL0NoZWZBZG1pbkFwaS92MS9jaGVmcy9hdXRoL2xvZ2luIiwiaWF0IjoxNzIwMTc3ODQyLCJleHAiOjE3NTE3MTM4NDIsIm5iZiI6MTcyMDE3Nzg0MiwianRpIjoidzlPRG9SQk4xUWhHRVR1ZSIsInN1YiI6IjQ3IiwicHJ2IjoiZDg2ZmI4ZDFhOTJhMGQ1OWVmMjIxNmE1YzdhMDAwZWQ4MTRmNzA3MiJ9.ecHuhmwbrbuM5IscStzqY0SLcJ71n3vx_YFdUeLpi9M', 'male', '2024-07-05 11:10:42', NULL, NULL, 1, '2024-07-04 17:51:24', '2024-07-20 09:39:54', 'https://www.facebook.com/people/husseinissa30', 'https://www.instagram.com/chef.hussein0/', 'https://www.youtube.com/@chefhussein4118', 0, 0, 'Chef Chef 👨‍🍳 hs.issa.site@gmail.com📧 رابط قناتي اليوتيوب 👇 alfan.link/hussein4321', '31622090902', NULL, 'default.png', NULL, NULL, NULL, 'Chef\r\nChef 👨‍🍳\r\nhs.issa.site@gmail.com📧\r\nرابط قناتي اليوتيوب 👇\r\nalfan.link/hussein4321', NULL, 1, 0),
(48, 'Chef hind Sarhan', 'H26281@hotmail.com', '$2y$10$ZsXl0pOOwmoYFkLJ7I..J.Nkz2G7Abus.Vrje.CyYeAjqdiiptEkm', 'eyJ0eXAiOiJKV1QiLCJhbGciOiJIUzI1NiJ9.eyJpc3MiOiJodHRwczovL2NoZWZzaHViLnNpdGUvQXBpX3ovcHVibGljL0NoZWZBZG1pbkFwaS92MS9jaGVmcy9hdXRoL2xvZ2luIiwiaWF0IjoxNzIwMjc5MzM5LCJleHAiOjE3NTE4MTUzMzksIm5iZiI6MTcyMDI3OTMzOSwianRpIjoiWlE0ZDl4Vm5mQ2RxRUFwNyIsInN1YiI6IjQ4IiwicHJ2IjoiZDg2ZmI4ZDFhOTJhMGQ1OWVmMjIxNmE1YzdhMDAwZWQ4MTRmNzA3MiJ9.AxO6XReUQMqTL-Wml4qdlg2-7g07AX4OCXIR43R077c', 'female', '2024-07-06 15:22:19', NULL, NULL, 1, '2024-07-06 14:10:14', '2024-07-20 09:39:52', NULL, 'https://www.instagram.com/hind_sirhan/', NULL, 0, 1, 'كله …. طبيعـــي أؤمن بأن الغذاء هو وقودنا للحياة لما يكون الأكل اللذيذ مُمتع ومغذي 👌🏼 ‏Snap: hinado28', '00966561387428', NULL, 'default.png', NULL, NULL, NULL, 'كله …. طبيعـــي\r\nأؤمن بأن الغذاء هو وقودنا للحياة\r\nلما يكون الأكل اللذيذ مُمتع ومغذي 👌🏼\r\n‏Snap: hinado28', NULL, 1, 0),
(49, 'la_joulina', 'Lubna.abed.90@gmail.com', '$2y$10$m8GRy4HTgerN/R.UoExoN.3fmDvf7u8DBm2CTtm4XURoyMq0BsUXe', 'eyJ0eXAiOiJKV1QiLCJhbGciOiJIUzI1NiJ9.eyJpc3MiOiJodHRwczovL2NoZWZzaHViLnNpdGUvQXBpX3ovcHVibGljL0NoZWZBZG1pbkFwaS92MS9jaGVmcy9hdXRoL2xvZ2luIiwiaWF0IjoxNzIyNjg5MzYyLCJleHAiOjE3NTQyMjUzNjIsIm5iZiI6MTcyMjY4OTM2MiwianRpIjoiS1o4TTFVTDVWRGp5OHpCaiIsInN1YiI6IjQ5IiwicHJ2IjoiZDg2ZmI4ZDFhOTJhMGQ1OWVmMjIxNmE1YzdhMDAwZWQ4MTRmNzA3MiJ9.1xFPkAUEUMzl1eJbRQ9H1HA05dT6Z3N-C1blJDfdO1k', 'female', '2024-08-03 12:49:22', NULL, NULL, 1, '2024-07-07 17:43:10', '2024-08-05 21:52:23', NULL, 'https://www.instagram.com/la_joulina/', NULL, 4, 3, 'Mechatronics engineer \r\nExecutive chef/instructor @alabedjo \r\nTv chef @alarabytv2 \r\nطاهية بمطبخ سيدتي @sayidatykitchen \r\nJordanian🇯🇴 in qatar🇶🇦', '97433195864', 'profile_img_path_668ba2d99f252.jpeg', 'avatar_img_path_668ba2b55b44e.jpeg', NULL, NULL, NULL, 'Mechatronics engineer\r\nExecutive chef/instructor @alabedjo\r\nTv chef @alarabytv2\r\nطاهية بمطبخ سيدتي @sayidatykitchen\r\nJordanian🇯🇴 in qatar🇶🇦', NULL, 1, 0),
(50, 'chefkhamees', 'Khamees.qwaider@gmail.com', '$2y$10$od4pOEHr99aiPiGiEfEGeOWEYRcnPadu9Y4dQmD0P2XtRRnnGXfE6', 'eyJ0eXAiOiJKV1QiLCJhbGciOiJIUzI1NiJ9.eyJpc3MiOiJodHRwczovL2NoZWZzaHViLnNpdGUvQXBpX3ovcHVibGljL0NoZWZBZG1pbkFwaS92MS9jaGVmcy9hdXRoL2xvZ2luIiwiaWF0IjoxNzIyNDI1MDE0LCJleHAiOjE3NTM5NjEwMTQsIm5iZiI6MTcyMjQyNTAxNCwianRpIjoiN0hKdzBGcHlQSHBzZWozbCIsInN1YiI6IjUwIiwicHJ2IjoiZDg2ZmI4ZDFhOTJhMGQ1OWVmMjIxNmE1YzdhMDAwZWQ4MTRmNzA3MiJ9.1UxRiFWPlMxqndc2VJjwjFE0dP8y9Kb5DwJ8lF7rCL0', 'male', '2024-07-31 11:23:34', NULL, NULL, 1, '2024-07-19 17:47:07', '2024-07-31 11:23:34', 'https://www.facebook.com/Chefkhamees', 'https://www.instagram.com/chefkhamees/', NULL, 1, 0, 'T.V Chef @ammantvofficial', '00962780001100', 'profile_img_path_669aad9bd3122.jpeg', 'avatar_img_path_669aad9bd49aa.jpeg', NULL, NULL, NULL, 'Jordanian Chef', 9206898, 1, 0),
(51, 'Chef Basher Fawzi', 'bsheralhje0770@gmail.com', '$2y$10$vco43rMEZYv7uAICv6XCEu68XpUVpvb1m5ll3kTm0KbaHE6lLsX.y', 'eyJ0eXAiOiJKV1QiLCJhbGciOiJIUzI1NiJ9.eyJpc3MiOiJodHRwczovL2NoZWZzaHViLnNpdGUvQXBpX3ovcHVibGljL0NoZWZBZG1pbkFwaS92MS9jaGVmcy9hdXRoL2xvZ2luIiwiaWF0IjoxNzIxNDg4MTIzLCJleHAiOjE3NTMwMjQxMjMsIm5iZiI6MTcyMTQ4ODEyMywianRpIjoiaXBZNzFmNTc0VkJjY1h6ayIsInN1YiI6IjUxIiwicHJ2IjoiZDg2ZmI4ZDFhOTJhMGQ1OWVmMjIxNmE1YzdhMDAwZWQ4MTRmNzA3MiJ9.AGrumTCaQ7ryf40KKF_OZ4w23_I83EB5ggevChEBiiI', 'male', '2024-07-20 15:08:43', NULL, NULL, 1, '2024-07-20 15:02:08', '2024-07-20 15:08:43', NULL, 'https://www.instagram.com/chef.basher.fawzi/', NULL, 0, 0, '🇮🇶سفير المطبخ العراقي🇮🇶 👨🏻‍🍳:Ex:chef @harlowinternational 📺:Tv .Top.chefs6 @mbctopchef 🫰🏻: Founder of @bce.iq @1989.rest Whatsapp/‪+9647850976414', '009647712639964', 'profile_img_path_669bd22877ab3.JPG', 'avatar_img_path_669bd228794c5.JPG', NULL, NULL, NULL, '🇮🇶سفير المطبخ العراقي🇮🇶\r\n👨🏻‍🍳:Ex:chef @harlowinternational\r\n📺:Tv .Top.chefs6 @mbctopchef\r\n🫰🏻: Founder of @bce.iq @1989.rest\r\nWhatsapp/‪+9647850976414', NULL, 1, 0),
(52, 'Ramia Hamed', 'Ramiahamed.81@gmail.com', '$2y$10$ShUaxA/92Xqn2ycT7yrAvOr82/fDvcVgzrRoeBtC6FnFlvuvy2/OG', 'eyJ0eXAiOiJKV1QiLCJhbGciOiJIUzI1NiJ9.eyJpc3MiOiJodHRwczovL2NoZWZzaHViLnNpdGUvQXBpX3ovcHVibGljL0NoZWZBZG1pbkFwaS92MS9jaGVmcy9hdXRoL2xvZ2luIiwiaWF0IjoxNzIyODkwOTcyLCJleHAiOjE3NTQ0MjY5NzIsIm5iZiI6MTcyMjg5MDk3MiwianRpIjoiYk9ZeXIyakg0VmdsSk5zTyIsInN1YiI6IjUyIiwicHJ2IjoiZDg2ZmI4ZDFhOTJhMGQ1OWVmMjIxNmE1YzdhMDAwZWQ4MTRmNzA3MiJ9.BMQLnwqu-UzkNT0TporB2ne6cg9suGCkKtIg32WCsO4', 'female', '2024-08-05 20:49:32', NULL, NULL, 1, '2024-08-02 07:34:52', '2024-08-05 21:52:23', NULL, 'https://www.instagram.com/lets_cook_healthy/', NULL, 2, 1, 'A Culinary Maestro of Healthy, Oriental, and Western Cuisine', '971564804093', 'profile_img_path_66af53f429f57.png', 'default.png', NULL, NULL, NULL, NULL, NULL, 1, 0),
(53, 'Ahmed Ismail', 'ahmedszone1@gmail.com', '$2y$10$a/XVr0PI7pNNKsd6/QeFZ.J/KasPHyfE2v09NwqDoN2cG2Q9xzFkC', 'eyJ0eXAiOiJKV1QiLCJhbGciOiJIUzI1NiJ9.eyJpc3MiOiJodHRwczovL2NoZWZzaHViLnNpdGUvQXBpX3ovcHVibGljL0NoZWZBZG1pbkFwaS92MS9jaGVmcy9hdXRoL2xvZ2luIiwiaWF0IjoxNzIyNjg3NDQ3LCJleHAiOjE3NTQyMjM0NDcsIm5iZiI6MTcyMjY4NzQ0NywianRpIjoidXh2WmdWTVMwV2FqTk4ySSIsInN1YiI6IjUzIiwicHJ2IjoiZDg2ZmI4ZDFhOTJhMGQ1OWVmMjIxNmE1YzdhMDAwZWQ4MTRmNzA3MiJ9.wZO3F1wGnx9uHe0ZTbD9jUUVqRXjAuZWKjjQurFU-o0', 'male', '2024-08-03 12:17:27', NULL, NULL, 1, '2024-08-03 12:01:19', '2024-08-03 12:46:31', 'facebook.com/ahmeds.zone', 'instagram.com/ahmeds.zone', 'www.youtube.com/@AhmedsZone', 0, 0, 'Simple and creative ideas for cooking..', '201062751706', 'profile_img_path_66ae20e998b64.jpg', 'avatar_img_path_66ae20d13bcc3.jpg', NULL, NULL, NULL, NULL, NULL, 1, 0),
(54, 'Engy Elshazly', 'engyelshazly79@gmail.com', '$2y$10$aNBBuikacGfjrDJg8jhIn.Rq4EB5iiEsXQMiVhdm2SwMhGd4vs6xu', 'eyJ0eXAiOiJKV1QiLCJhbGciOiJIUzI1NiJ9.eyJpc3MiOiJodHRwczovL2NoZWZzaHViLnNpdGUvQXBpX3ovcHVibGljL0NoZWZBZG1pbkFwaS92MS9jaGVmcy9hdXRoL2xvZ2luIiwiaWF0IjoxNzIyNzAwNzM2LCJleHAiOjE3NTQyMzY3MzYsIm5iZiI6MTcyMjcwMDczNiwianRpIjoibXltdUFrcnF6b0d2aEpveCIsInN1YiI6IjU0IiwicHJ2IjoiZDg2ZmI4ZDFhOTJhMGQ1OWVmMjIxNmE1YzdhMDAwZWQ4MTRmNzA3MiJ9.9AaH9MT-0EIEGYbVKjrhQ77wmMYdQGq2HzBPzF6zpXE', 'female', '2024-08-03 15:58:56', NULL, NULL, 1, '2024-08-03 15:49:07', '2024-08-18 18:33:27', NULL, 'https://www.instagram.com/engy_elshazly_official?utm_source=ig_web_button_share_sheet&igsh=ZDNlZDc0MzIxNw==', NULL, 0, 0, 'Unleashing the power of culinary secrets', '201100051600', NULL, 'default.png', NULL, NULL, NULL, NULL, NULL, 1, 0);

-- --------------------------------------------------------

--
-- Table structure for table `chef_friendships`
--

CREATE TABLE `chef_friendships` (
  `id` int(11) NOT NULL,
  `user_id` bigint(20) UNSIGNED NOT NULL,
  `chef_id` bigint(20) UNSIGNED NOT NULL,
  `active_flag` char(1) DEFAULT NULL,
  `created_at` timestamp NULL DEFAULT NULL,
  `updated_at` timestamp NULL DEFAULT NULL
) ENGINE=InnoDB DEFAULT CHARSET=utf8mb4;

--
-- Dumping data for table `chef_friendships`
--

INSERT INTO `chef_friendships` (`id`, `user_id`, `chef_id`, `active_flag`, `created_at`, `updated_at`) VALUES
(1, 330, 1, NULL, '2024-03-17 13:30:52', NULL),
(4, 301, 20, NULL, '2024-04-27 12:59:56', NULL),
(9, 253, 22, NULL, '2024-04-27 21:43:06', NULL),
(11, 259, 24, NULL, '2024-04-28 20:14:05', NULL),
(13, 301, 1, NULL, '2024-04-28 20:18:29', NULL),
(14, 301, 22, NULL, '2024-04-28 20:18:51', NULL),
(18, 330, 22, NULL, '2024-05-12 04:53:47', NULL),
(19, 330, 25, NULL, '2024-05-12 04:53:53', NULL),
(20, 259, 25, NULL, '2024-05-12 21:35:29', NULL),
(23, 357, 22, NULL, '2024-05-14 20:28:04', NULL),
(24, 357, 25, NULL, '2024-05-14 20:28:35', NULL),
(27, 309, 2, NULL, '2024-05-25 10:22:33', NULL),
(65, 386, 25, NULL, '2024-06-10 20:32:10', NULL),
(66, 397, 31, NULL, '2024-06-11 03:25:36', NULL),
(69, 397, 38, NULL, '2024-06-11 03:40:47', NULL),
(71, 397, 24, NULL, '2024-06-11 04:42:08', NULL),
(77, 437, 42, NULL, '2024-06-13 20:03:57', NULL),
(81, 434, 41, NULL, '2024-06-13 20:52:21', NULL),
(83, 434, 42, NULL, '2024-06-13 22:12:43', NULL),
(87, 386, 37, NULL, '2024-06-18 03:09:52', NULL),
(88, 309, 40, NULL, '2024-06-18 06:20:50', NULL),
(91, 309, 39, NULL, '2024-06-18 07:44:43', NULL),
(92, 430, 24, NULL, '2024-06-18 16:52:57', NULL),
(93, 430, 22, NULL, '2024-06-18 22:12:38', NULL),
(96, 430, 41, NULL, '2024-06-18 23:21:54', NULL),
(97, 435, 42, NULL, '2024-06-19 20:58:17', NULL),
(100, 447, 41, NULL, '2024-06-20 23:23:30', NULL),
(104, 435, 25, NULL, '2024-06-21 22:29:00', NULL),
(105, 435, 21, NULL, '2024-06-21 22:29:53', NULL),
(107, 435, 41, NULL, '2024-06-21 22:29:58', NULL),
(110, 452, 41, NULL, '2024-06-22 07:35:51', NULL),
(112, 435, 31, NULL, '2024-06-22 10:28:46', NULL),
(115, 455, 41, NULL, '2024-06-22 11:47:31', NULL),
(116, 455, 25, NULL, '2024-06-22 11:51:57', NULL),
(117, 455, 34, NULL, '2024-06-22 11:54:19', NULL),
(121, 454, 22, NULL, '2024-06-24 20:14:33', NULL),
(122, 457, 34, NULL, '2024-06-24 20:33:03', NULL),
(123, 435, 39, NULL, '2024-06-24 21:50:02', NULL),
(124, 458, 40, NULL, '2024-06-25 15:00:25', NULL),
(125, 465, 42, NULL, '2024-06-27 16:14:46', NULL),
(126, 465, 31, NULL, '2024-06-27 16:15:28', NULL),
(127, 466, 41, NULL, '2024-06-28 12:57:03', NULL),
(130, 435, 24, NULL, '2024-06-29 23:26:30', NULL),
(131, 430, 45, NULL, '2024-07-04 10:07:40', NULL),
(132, 430, 49, NULL, '2024-07-08 16:28:26', NULL),
(133, 430, 46, NULL, '2024-07-08 16:43:49', NULL),
(136, 480, 49, NULL, '2024-07-13 19:38:43', NULL),
(137, 480, 48, NULL, '2024-07-13 19:38:51', NULL),
(138, 482, 40, NULL, '2024-07-17 17:19:18', NULL),
(139, 453, 25, NULL, '2024-07-18 20:10:42', NULL),
(140, 485, 49, NULL, '2024-07-20 00:41:27', NULL),
(142, 464, 37, NULL, '2024-07-20 22:16:53', NULL),
(143, 493, 22, NULL, '2024-07-24 20:37:14', NULL),
(144, 493, 40, NULL, '2024-07-24 20:37:20', NULL),
(148, 437, 24, NULL, '2024-07-27 16:45:59', NULL),
(149, 490, 37, NULL, '2024-08-03 15:13:29', NULL),
(150, 490, 24, NULL, '2024-08-03 17:20:06', NULL),
(151, 490, 52, NULL, '2024-08-04 13:47:09', NULL),
(152, 498, 22, NULL, '2024-08-05 00:31:19', NULL),
(153, 330, 42, NULL, '2024-08-05 18:24:30', NULL);

-- --------------------------------------------------------

--
-- Table structure for table `chef_relations`
--

CREATE TABLE `chef_relations` (
  `chef_id` bigint(20) UNSIGNED NOT NULL,
  `user_id` bigint(20) UNSIGNED NOT NULL,
  `created_at` timestamp NULL DEFAULT NULL,
  `updated_at` timestamp NULL DEFAULT NULL
) ENGINE=InnoDB DEFAULT CHARSET=utf8mb4;

-- --------------------------------------------------------

--
-- Table structure for table `comments_likes`
--

CREATE TABLE `comments_likes` (
  `id` bigint(20) NOT NULL,
  `comment_id` bigint(20) NOT NULL,
  `user_id` bigint(20) NOT NULL,
  `created_at` datetime NOT NULL
) ENGINE=InnoDB DEFAULT CHARSET=utf8;

--
-- Dumping data for table `comments_likes`
--

INSERT INTO `comments_likes` (`id`, `comment_id`, `user_id`, `created_at`) VALUES
(4, 2, 309, '2024-05-25 21:02:42'),
(5, 69, 445, '2024-06-20 15:19:36'),
(6, 70, 309, '2024-06-20 15:31:14'),
(7, 71, 309, '2024-06-20 15:36:42'),
(8, 63, 309, '2024-06-20 15:38:20'),
(9, 65, 309, '2024-06-20 15:38:54'),
(11, 73, 309, '2024-06-20 16:07:25'),
(12, 88, 435, '2024-06-22 10:16:22'),
(13, 87, 435, '2024-06-22 10:16:28'),
(14, 86, 435, '2024-06-22 10:16:32'),
(17, 89, 435, '2024-06-22 10:31:31'),
(19, 97, 435, '2024-06-22 11:04:33'),
(21, 98, 435, '2024-06-22 11:04:36'),
(26, 111, 435, '2024-06-24 21:32:23'),
(37, 114, 435, '2024-06-25 07:20:50'),
(53, 124, 437, '2024-06-29 12:34:03'),
(55, 131, 472, '2024-07-01 23:01:55'),
(58, 133, 440, '2024-07-07 14:19:33'),
(61, 150, 487, '2024-07-22 09:43:53'),
(62, 144, 487, '2024-07-22 09:43:55'),
(63, 143, 487, '2024-07-22 09:43:56');

-- --------------------------------------------------------

--
-- Table structure for table `contact_us`
--

CREATE TABLE `contact_us` (
  `id` bigint(20) UNSIGNED NOT NULL,
  `name` varchar(255) DEFAULT NULL,
  `phone` varchar(255) DEFAULT NULL,
  `email` varchar(255) DEFAULT NULL,
  `subject` varchar(225) NOT NULL,
  `message` text NOT NULL,
  `is_contacted` tinyint(4) NOT NULL DEFAULT 0,
  `created_at` timestamp NULL DEFAULT NULL,
  `updated_at` timestamp NULL DEFAULT NULL
) ENGINE=InnoDB DEFAULT CHARSET=utf8mb4;

--
-- Dumping data for table `contact_us`
--

INSERT INTO `contact_us` (`id`, `name`, `phone`, `email`, `subject`, `message`, `is_contacted`, `created_at`, `updated_at`) VALUES
(1, 'Yardley Duffy', '+1 (943) 452-1353', 'puguqovon@mailinator.com', '', 'Optio pariatur Quo', 1, '2021-06-10 10:33:46', '2021-06-20 11:11:19'),
(2, 'Clark Moon', '+1 (855) 742-7481', 'gemevu@mailinator.com', '', 'Temporibus in magna', 0, '2021-06-22 16:04:22', '2021-06-22 16:04:22'),
(3, 'wd', 'dwdwd', 'dwdwd@d', '', 'wdwdwd', 0, '2022-07-15 15:13:56', '2022-07-15 15:13:56'),
(4, 'wd', 'dwdwd', 'dwdwd@d', '', 'wdwdwd', 0, '2022-07-15 15:13:56', '2022-07-15 15:13:56'),
(5, 'zzz', 'wdwd', 'waleed_messi9@hotmail.com', '', 'wdwd', 0, '2022-07-15 15:14:25', '2022-07-15 15:14:25'),
(6, 'zzz', 'wdwd', 'waleed_messi9@hotmail.com', '', 'wdwd', 0, '2022-07-15 15:14:25', '2022-07-15 15:14:25'),
(7, 'sss', '1284309000', 'sss@s', '', '2222', 0, '2022-07-15 15:16:39', '2022-07-15 15:16:39'),
(8, 'sss', '1284309000', 'sss@s', '', '2222', 0, '2022-07-15 15:16:39', '2022-07-15 15:16:39'),
(9, 'zzz', 'dwdwd', 'mohamed.zayed@vhorus.com', '', 'wdwdw', 0, '2022-07-15 15:28:09', '2022-07-15 15:28:09'),
(10, 'zzz', '222222222', 'mohamed.zayed@vhorus.com', '', 'dsdsds d', 0, '2022-07-15 15:29:21', '2022-07-15 17:12:21'),
(11, 'dd', 'dd', 'dd@d', '', 'dd', 0, '2024-03-26 16:14:16', '2024-03-26 16:14:16'),
(12, 'Aphrodite Kaufman', '+1 (638) 894-4062', 'somihusu@mailinator.com', '', 'In molestiae autem c', 0, '2024-03-26 16:15:26', '2024-03-26 16:15:26'),
(13, 'Eric Goodman', '+1 (422) 895-2585', 'hari@mailinator.com', '', 'Voluptatem odit bla', 0, '2024-03-28 01:58:00', '2024-03-28 01:58:00'),
(14, 'Scarlett Berry', '+1 (674) 254-7037', 'qofe@mailinator.com', '', 'Qui sit maxime ea pr', 0, '2024-03-31 10:41:04', '2024-03-31 10:41:04'),
(15, 'Scarlett Berry', '+1 (674) 254-7037', 'qofe@mailinator.com', '', 'Qui sit maxime ea pr', 0, '2024-03-31 10:48:04', '2024-03-31 10:48:04'),
(16, 'Cassandra Curry', '+1 (538) 571-5129', 'requnyx@mailinator.com', 'wdwd', 'Qui odit nostrum non', 0, '2024-03-31 11:12:30', '2024-03-31 11:12:30'),
(17, 'my name', 'my phone', 'm@M.com', 'my subject', 'my message', 1, '2024-04-14 00:10:00', '2024-04-19 23:48:19'),
(18, 'my name', 'my phone', 'm@M.com', 'my subject', 'my message', 0, '2024-04-25 17:16:39', '2024-04-25 17:16:39'),
(19, 'my name', NULL, 'm@M.com', 'my subject', 'my message', 0, '2024-04-26 17:46:39', '2024-04-26 17:46:39'),
(20, 'my name', NULL, 'm@M.com', 'my subject', 'my message', 0, '2024-04-26 17:47:00', '2024-05-06 15:57:40'),
(21, 'Ahmad Ibrahim', NULL, 'an2222331000@gmail.com', 'he’d', 'Message', 0, '2024-05-10 15:00:15', '2024-05-10 15:00:15'),
(22, 'Ahmad Ibrahim', NULL, 'an2222331000@gmail.com', 'javsv', 'Message', 0, '2024-05-10 16:00:09', '2024-05-10 16:00:09'),
(23, 'Ahmad Ibrahim', NULL, 'an2222331000@gmail.com', 'javsv', 'Jbcscscw', 0, '2024-05-10 16:01:24', '2024-05-10 16:01:24'),
(24, 'Ahmad Ibrahim', NULL, 'an2222331000@gmail.com', 'javsv', 'Javsv', 0, '2024-05-10 17:40:32', '2024-05-10 17:40:32'),
(29, 'Hussam', NULL, 'hussam.cto@chefshub.net', 'bhjjj', 'Hhhhh', 0, '2024-05-18 12:48:41', '2024-05-18 12:48:41'),
(30, 'Hussam', NULL, 'hussam.cto@chefshub.net', 'bhjjj', 'Hhhhh', 0, '2024-05-18 12:48:41', '2024-05-18 12:48:41'),
(31, 'mmmm', NULL, 'atef7374@gmail.com', 'res', 'rs', 0, '2024-05-25 12:22:00', '2024-05-25 12:22:00'),
(32, 'mmmm', NULL, 'atef7374@gmail.com', 'res', 'rs', 0, '2024-05-25 12:22:14', '2024-05-25 12:22:14'),
(33, 'my name', NULL, 'm@M.com', 'my subject', 'my message', 0, '2024-05-25 12:28:06', '2024-05-25 12:28:06'),
(34, 'moha', 'atef7374@gmail.com', 'atef7374@gmail.com', 'subject', 'test', 0, '2024-05-25 12:33:51', '2024-05-25 12:33:51'),
(35, 'moha', 'atef7374@gmail.com', 'atef7374@gmail.com', 'subject', 'test', 0, '2024-05-25 12:34:04', '2024-05-25 12:34:04'),
(36, 'moha', 'atef7374@gmail.com', 'atef7374@gmail.com', 'subject', 'test', 0, '2024-05-25 12:34:17', '2024-05-25 12:34:17'),
(37, 'mohamed', 'atef7374@tst.com', 'atef7374@tst.com', 'subbb', 'gooo', 0, '2024-05-25 12:35:56', '2024-05-25 12:35:56'),
(38, 'mohamed', 'atef7374@tst.com', 'atef7374@tst.com', 'subbb', 'gooo', 0, '2024-05-25 12:35:58', '2024-05-25 12:35:58'),
(39, 'atef', 'ttt@go.com', 'ttt@go.com', 'subj', 'messag', 0, '2024-05-25 12:36:39', '2024-05-25 12:36:39'),
(40, 'mohamed', 'test@yahoo.com', 'test@yahoo.com', 'subject', 'message', 0, '2024-05-25 12:46:07', '2024-05-25 12:46:07'),
(41, 'Gasem121', '124673883838', 'gasem.khazali@emircom.com', 'gasem', 'Hshshjdjshdh', 0, '2024-06-02 21:21:32', '2024-06-02 21:21:32'),
(42, 'Amin Zeitouni', '0507302363', 'mazetuni@gmail.com', 'meal is delicious', 'Hello the rabbit meall is soo 🙌🏻🙌🏻', 0, '2024-06-07 18:08:45', '2024-06-07 18:08:45'),
(43, 'gasem khazali', '971559531870', 'gasem.khazali85@gmail.com', 'my email is blocked', 'Gasem', 0, '2024-06-08 07:40:22', '2024-06-08 07:40:22'),
(44, 'gas', 'ga', 'ga', 'bns', 'jjjkj', 0, '2024-06-10 11:32:02', '2024-06-11 21:55:38'),
(45, 'gasem khazali', '0559531870', 'gasem121@gmail.com', 'مشاكل', 'الو', 0, '2024-06-22 10:41:18', '2024-06-22 10:41:18'),
(46, 'gasem khazali', NULL, 'gasem121@gmail.com', 'my account is not working', 'My account is not working', 0, '2024-06-22 11:05:23', '2024-06-22 11:05:23'),
(47, 'gasem khazali', NULL, 'gasem121@gmail.com', 'banks', 'Bshdhhzj', 0, '2024-06-29 18:45:49', '2024-06-29 18:45:49'),
(48, 'gasem khazali', NULL, 'gasem.khazali854@gmail.com', 'fhj', 'Ghji', 0, '2024-07-02 21:48:07', '2024-07-02 21:48:45'),
(49, 'gasem', 'bzhjz', 'bzhjz', 'gasem.khazali85@gmail.com', 'bhsjs', 1, '2024-07-22 09:46:53', '2024-07-23 12:15:53'),
(50, 'atef', 'test@yahoo.com', 'test@yahoo.com', 'test', 'da', 0, '2024-07-23 15:40:45', '2024-07-23 15:40:45'),
(51, 'dhdhdh', 'jsjssjjs', 'jsjssjjs', 'shshs', 'shshsh', 0, '2024-07-23 15:40:56', '2024-07-23 15:40:56'),
(52, 'moha', '065652', '065652', 'go', 'message', 0, '2024-07-23 17:16:50', '2024-07-26 14:55:14'),
(53, 'mohamed atef', 'teat@yahoom.com', 'teat@yahoom.com', 'mohamed', 'test', 0, '2024-07-27 16:55:48', '2024-07-27 16:55:48'),
(54, 'mohamed atef', '0464564564', '0464564564', 'subject', 'test', 1, '2024-07-27 16:56:25', '2024-08-06 21:16:28');

-- --------------------------------------------------------

--
-- Table structure for table `failed_jobs`
--

CREATE TABLE `failed_jobs` (
  `id` bigint(20) UNSIGNED NOT NULL,
  `uuid` varchar(190) NOT NULL,
  `connection` text NOT NULL,
  `queue` text NOT NULL,
  `payload` longtext NOT NULL,
  `exception` longtext NOT NULL,
  `failed_at` timestamp NOT NULL DEFAULT current_timestamp()
) ENGINE=InnoDB DEFAULT CHARSET=utf8mb4;

-- --------------------------------------------------------

--
-- Table structure for table `food_systems`
--

CREATE TABLE `food_systems` (
  `id` int(11) NOT NULL,
  `name_en` varchar(25) NOT NULL,
  `name_ar` varchar(25) NOT NULL,
  `active_flag` char(1) NOT NULL,
  `created_at` timestamp NOT NULL DEFAULT current_timestamp(),
  `updated_at` timestamp NULL DEFAULT NULL
) ENGINE=InnoDB DEFAULT CHARSET=utf8mb4;

--
-- Dumping data for table `food_systems`
--

INSERT INTO `food_systems` (`id`, `name_en`, `name_ar`, `active_flag`, `created_at`, `updated_at`) VALUES
(1, 'Low Calorie', 'لو كارب', '1', '2023-11-25 07:04:06', NULL),
(2, 'Keto', 'كيتو', '1', '2023-11-25 07:04:06', NULL),
(3, 'Vegan', 'فيجن', '0', '2023-11-25 07:04:06', NULL),
(4, 'Paleo', 'باليو', '1', '2024-02-14 21:03:45', NULL),
(5, 'Gluten Free', 'خالي من غلوتين', '1', '2023-11-25 07:04:07', NULL),
(6, 'Vegetarian', 'نباتي', '1', '2023-11-25 07:04:07', NULL),
(7, 'High Protein', 'عالي البروتين', '1', '2023-11-25 07:04:07', NULL),
(8, 'General', 'عام', '1', '2024-02-13 14:54:05', '2024-06-26 20:43:54'),
(9, 'Mediterranean Diet', 'النظام الغذائي البحري الم', '1', '2024-06-26 20:45:59', '2024-06-26 20:45:59'),
(10, 'Vegan Diet', 'النظام الغذائي النباتي ال', '1', '2024-06-26 20:46:47', '2024-06-26 20:48:24'),
(11, 'Atkins Diet', 'نظام غذائي قليل الكربوهيد', '1', '2024-06-26 20:48:10', '2024-06-26 20:48:10'),
(15, 'Healthy', 'صحي', '1', '2024-07-21 20:03:42', '2024-07-21 20:03:42');

-- --------------------------------------------------------

--
-- Table structure for table `food_system_user`
--

CREATE TABLE `food_system_user` (
  `id` bigint(20) NOT NULL,
  `food_sys_id` int(11) NOT NULL,
  `user_id` bigint(20) NOT NULL,
  `active_flag` char(1) NOT NULL DEFAULT '1',
  `created_at` timestamp NULL DEFAULT NULL,
  `updated_at` timestamp NULL DEFAULT NULL
) ENGINE=InnoDB DEFAULT CHARSET=utf8mb4;

--
-- Dumping data for table `food_system_user`
--

INSERT INTO `food_system_user` (`id`, `food_sys_id`, `user_id`, `active_flag`, `created_at`, `updated_at`) VALUES
(5, 1, 252, '1', '2024-01-10 16:22:48', '2024-01-10 16:22:48'),
(6, 1, 294, '1', '2024-03-11 21:57:17', '2024-03-11 21:57:17'),
(7, 2, 294, '1', '2024-03-11 21:57:17', '2024-03-11 21:57:17'),
(8, 3, 294, '1', '2024-03-11 21:57:36', '2024-03-11 21:57:36'),
(9, 4, 294, '1', '2024-03-11 21:57:36', '2024-03-11 21:57:36'),
(11, 8, 303, '1', '2024-05-01 08:54:08', '2024-05-01 08:54:08'),
(12, 2, 303, '1', '2024-05-01 08:59:30', '2024-05-01 08:59:30'),
(13, 6, 303, '1', '2024-05-01 08:59:30', '2024-05-01 08:59:30'),
(14, 2, 342, '1', '2024-05-12 05:57:52', '2024-05-12 05:57:52'),
(15, 1, 253, '1', '2024-05-12 19:49:16', '2024-05-12 19:49:16'),
(16, 2, 253, '1', '2024-05-12 19:49:16', '2024-05-12 19:49:16'),
(17, 3, 253, '1', '2024-05-12 19:49:16', '2024-05-12 19:49:16'),
(18, 4, 253, '1', '2024-05-12 19:49:16', '2024-05-12 19:49:16'),
(19, 5, 253, '1', '2024-05-12 19:49:16', '2024-05-12 19:49:16'),
(20, 6, 253, '1', '2024-05-12 19:49:16', '2024-05-12 19:49:16'),
(22, 2, 345, '1', '2024-05-12 22:15:40', '2024-05-12 22:15:40'),
(23, 5, 345, '1', '2024-05-12 22:15:40', '2024-05-12 22:15:40'),
(24, 2, 359, '1', '2024-05-14 17:49:28', '2024-05-14 17:49:28'),
(26, 4, 359, '1', '2024-05-14 17:49:28', '2024-05-14 17:49:28'),
(27, 5, 359, '1', '2024-05-14 17:49:28', '2024-05-14 17:49:28'),
(28, 1, 366, '1', '2024-05-15 19:10:07', '2024-05-15 19:10:07'),
(29, 2, 366, '1', '2024-05-15 19:10:07', '2024-05-15 19:10:07'),
(30, 4, 366, '1', '2024-05-15 19:10:07', '2024-05-15 19:10:07'),
(31, 6, 366, '1', '2024-05-15 19:10:07', '2024-05-15 19:10:07'),
(32, 6, 330, '1', '2024-05-15 19:23:41', '2024-05-15 19:23:41'),
(33, 1, 317, '1', '2024-05-16 17:23:56', '2024-05-16 17:23:56'),
(34, 2, 317, '1', '2024-05-16 17:23:56', '2024-05-16 17:23:56'),
(35, 1, 369, '1', '2024-05-18 12:47:17', '2024-05-18 12:47:17'),
(36, 2, 369, '1', '2024-05-18 12:47:17', '2024-05-18 12:47:17'),
(37, 4, 369, '1', '2024-05-18 12:47:17', '2024-05-18 12:47:17'),
(38, 1, 377, '1', '2024-06-01 05:15:32', '2024-06-01 05:15:32'),
(39, 2, 377, '1', '2024-06-01 05:15:32', '2024-06-01 05:15:32'),
(40, 4, 377, '1', '2024-06-01 05:15:32', '2024-06-01 05:15:32'),
(41, 4, 309, '1', '2024-06-01 06:45:44', '2024-06-01 06:45:44'),
(42, 5, 330, '1', '2024-06-01 12:33:03', '2024-06-01 12:33:03'),
(43, 1, 383, '1', '2024-06-02 20:37:17', '2024-06-02 20:37:17'),
(44, 2, 383, '1', '2024-06-02 20:37:17', '2024-06-02 20:37:17'),
(45, 4, 383, '1', '2024-06-02 20:37:17', '2024-06-02 20:37:17'),
(46, 1, 384, '1', '2024-06-02 20:57:35', '2024-06-02 20:57:35'),
(47, 2, 384, '1', '2024-06-02 20:57:35', '2024-06-02 20:57:35'),
(48, 1, 309, '1', '2024-06-07 13:47:14', '2024-06-07 13:47:14'),
(49, 2, 309, '1', '2024-06-07 13:47:42', '2024-06-07 13:47:42'),
(50, 6, 309, '1', '2024-06-07 14:08:14', '2024-06-07 14:08:14'),
(51, 2, 391, '1', '2024-06-07 14:15:31', '2024-06-07 14:15:31'),
(52, 5, 383, '1', '2024-06-07 17:25:17', '2024-06-07 17:25:17'),
(53, 1, 344, '1', '2024-06-07 18:10:37', '2024-06-07 18:10:37'),
(54, 1, 400, '1', '2024-06-08 07:45:19', '2024-06-08 07:45:19'),
(55, 2, 400, '1', '2024-06-08 07:45:19', '2024-06-08 07:45:19'),
(56, 4, 400, '1', '2024-06-08 07:45:19', '2024-06-08 07:45:19'),
(57, 1, 426, '1', '2024-06-09 14:10:01', '2024-06-09 14:10:01'),
(58, 2, 426, '1', '2024-06-09 14:10:01', '2024-06-09 14:10:01'),
(59, 4, 426, '1', '2024-06-09 14:10:01', '2024-06-09 14:10:01'),
(60, 6, 397, '1', '2024-06-12 10:42:03', '2024-06-12 10:42:03'),
(61, 1, 430, '1', '2024-06-18 15:56:54', '2024-06-18 15:56:54'),
(62, 2, 430, '1', '2024-06-18 15:56:54', '2024-06-18 15:56:54'),
(63, 4, 430, '1', '2024-06-18 15:56:54', '2024-06-18 15:56:54'),
(64, 6, 430, '1', '2024-06-18 22:14:32', '2024-06-18 22:14:32'),
(65, 8, 442, '1', '2024-06-18 22:50:33', '2024-06-18 22:50:33'),
(66, 1, 435, '1', '2024-06-19 20:49:28', '2024-06-19 20:49:28'),
(67, 2, 435, '1', '2024-06-19 20:49:28', '2024-06-19 20:49:28'),
(68, 2, 449, '1', '2024-06-21 03:00:11', '2024-06-21 03:00:11'),
(69, 6, 449, '1', '2024-06-21 03:00:11', '2024-06-21 03:00:11'),
(70, 6, 435, '1', '2024-06-22 10:40:43', '2024-06-22 10:40:43'),
(71, 8, 453, '1', '2024-06-22 11:42:02', '2024-06-22 11:42:02'),
(72, 1, 454, '1', '2024-06-22 11:43:16', '2024-06-22 11:43:16'),
(73, 2, 454, '1', '2024-06-22 11:43:16', '2024-06-22 11:43:16'),
(74, 7, 454, '1', '2024-06-22 11:43:16', '2024-06-22 11:43:16'),
(75, 8, 454, '1', '2024-06-22 11:43:16', '2024-06-22 11:43:16'),
(107, 6, 437, '1', '2024-06-24 18:56:18', '2024-06-24 18:56:18'),
(108, 7, 437, '1', '2024-06-24 18:56:18', '2024-06-24 18:56:18'),
(109, 4, 437, '1', '2024-06-24 20:16:33', '2024-06-24 20:16:33'),
(110, 8, 437, '1', '2024-06-24 20:16:33', '2024-06-24 20:16:33'),
(111, 2, 463, '1', '2024-06-26 12:33:37', '2024-06-26 12:33:37'),
(112, 5, 463, '1', '2024-06-26 12:33:37', '2024-06-26 12:33:37'),
(113, 6, 463, '1', '2024-06-26 12:33:37', '2024-06-26 12:33:37'),
(114, 1, 464, '1', '2024-06-27 08:57:19', '2024-06-27 08:57:19'),
(115, 2, 464, '1', '2024-06-27 08:57:19', '2024-06-27 08:57:19'),
(116, 4, 464, '1', '2024-06-27 08:57:19', '2024-06-27 08:57:19'),
(117, 1, 472, '1', '2024-07-11 14:21:53', '2024-07-11 14:21:53'),
(118, 2, 472, '1', '2024-07-11 14:21:53', '2024-07-11 14:21:53'),
(119, 4, 472, '1', '2024-07-11 14:21:53', '2024-07-11 14:21:53'),
(120, 1, 487, '1', '2024-07-22 09:43:08', '2024-07-22 09:43:08'),
(121, 4, 487, '1', '2024-07-22 09:43:08', '2024-07-22 09:43:08'),
(122, 6, 487, '1', '2024-07-22 09:43:08', '2024-07-22 09:43:08'),
(123, 1, 490, '1', '2024-07-24 11:38:55', '2024-07-24 11:38:55'),
(124, 2, 490, '1', '2024-07-24 11:38:55', '2024-07-24 11:38:55'),
(125, 4, 490, '1', '2024-07-24 11:38:55', '2024-07-24 11:38:55'),
(126, 5, 490, '1', '2024-07-24 11:38:55', '2024-07-24 11:38:55'),
(127, 6, 490, '1', '2024-07-24 11:38:55', '2024-07-24 11:38:55'),
(128, 7, 490, '1', '2024-07-24 11:38:55', '2024-07-24 11:38:55'),
(129, 1, 493, '1', '2024-07-24 20:40:13', '2024-07-24 20:40:13'),
(130, 2, 493, '1', '2024-07-24 20:40:13', '2024-07-24 20:40:13'),
(131, 4, 493, '1', '2024-07-24 20:40:13', '2024-07-24 20:40:13');

-- --------------------------------------------------------

--
-- Table structure for table `food_sysytem_chef`
--

CREATE TABLE `food_sysytem_chef` (
  `id` bigint(20) NOT NULL,
  `food_system_id` int(11) NOT NULL,
  `chef_id` bigint(20) NOT NULL,
  `active_flag` char(1) NOT NULL DEFAULT '1',
  `created_date` timestamp NULL DEFAULT NULL,
  `update_date` timestamp NULL DEFAULT NULL
) ENGINE=InnoDB DEFAULT CHARSET=utf8mb4;

--
-- Dumping data for table `food_sysytem_chef`
--

INSERT INTO `food_sysytem_chef` (`id`, `food_system_id`, `chef_id`, `active_flag`, `created_date`, `update_date`) VALUES
(7, 3, 1, '1', NULL, NULL),
(8, 1, 1, '1', NULL, NULL),
(12, 4, 16, '1', NULL, NULL),
(13, 8, 16, '1', NULL, NULL),
(14, 2, 16, '1', NULL, NULL),
(15, 1, 14, '1', NULL, NULL),
(16, 5, 14, '1', NULL, NULL),
(18, 2, 17, '1', NULL, NULL),
(19, 8, 17, '1', NULL, NULL),
(20, 4, 17, '1', NULL, NULL),
(21, 5, 17, '1', NULL, NULL),
(22, 1, 15, '1', NULL, NULL),
(23, 2, 15, '1', NULL, NULL),
(24, 8, 15, '1', NULL, NULL),
(27, 4, 15, '1', NULL, NULL),
(28, 7, 16, '1', NULL, NULL),
(29, 5, 16, '1', NULL, NULL),
(30, 6, 16, '1', NULL, NULL),
(31, 2, 18, '1', NULL, NULL),
(32, 4, 14, '1', NULL, NULL),
(33, 2, 14, '1', NULL, NULL),
(34, 4, 18, '1', NULL, NULL),
(35, 8, 18, '1', NULL, NULL),
(36, 1, 16, '1', NULL, NULL),
(38, 4, 19, '1', NULL, NULL),
(39, 6, 19, '1', NULL, NULL),
(40, 8, 19, '1', NULL, NULL),
(41, 2, 19, '1', NULL, NULL),
(46, 2, 12, '1', NULL, NULL),
(47, 6, 12, '1', NULL, NULL),
(49, 4, 12, '1', NULL, NULL),
(51, 8, 12, '1', NULL, NULL),
(52, 1, 21, '1', NULL, NULL),
(53, 6, 21, '1', NULL, NULL),
(54, 7, 22, '1', NULL, NULL),
(55, 8, 22, '1', NULL, NULL),
(56, 2, 22, '1', NULL, NULL),
(57, 2, 23, '1', NULL, NULL),
(58, 8, 23, '1', NULL, NULL),
(59, 7, 14, '1', NULL, NULL),
(60, 2, 24, '1', NULL, NULL),
(61, 6, 24, '1', NULL, NULL),
(62, 8, 24, '1', NULL, NULL),
(63, 2, 21, '1', NULL, NULL),
(64, 8, 26, '1', NULL, NULL),
(65, 1, 25, '1', NULL, NULL),
(66, 4, 22, '1', NULL, NULL),
(67, 2, 27, '1', NULL, NULL),
(68, 7, 27, '1', NULL, NULL),
(69, 8, 27, '1', NULL, NULL),
(70, 8, 31, '1', NULL, NULL),
(71, 7, 31, '1', NULL, NULL),
(72, 6, 32, '1', NULL, NULL),
(73, 7, 32, '1', NULL, NULL),
(74, 1, 22, '1', NULL, NULL),
(75, 4, 32, '1', NULL, NULL),
(76, 8, 33, '1', NULL, NULL),
(77, 7, 34, '1', NULL, NULL),
(78, 8, 35, '1', NULL, NULL),
(79, 8, 36, '1', NULL, NULL),
(80, 7, 37, '1', NULL, NULL),
(81, 1, 38, '1', NULL, NULL),
(82, 8, 32, '1', NULL, NULL),
(83, 1, 39, '1', NULL, NULL),
(84, 2, 39, '1', NULL, NULL),
(85, 8, 39, '1', NULL, NULL),
(86, 8, 40, '1', NULL, NULL),
(87, 8, 41, '1', NULL, NULL),
(88, 7, 41, '1', NULL, NULL),
(89, 8, 42, '1', NULL, NULL),
(90, 7, 42, '1', NULL, NULL),
(91, 7, 24, '1', NULL, NULL),
(93, 5, 22, '1', NULL, NULL),
(94, 1, 43, '1', NULL, NULL),
(95, 7, 44, '1', NULL, NULL),
(96, 6, 25, '1', NULL, NULL),
(97, 10, 25, '1', NULL, NULL),
(98, 7, 25, '1', NULL, NULL),
(99, 8, 46, '1', NULL, NULL),
(100, 8, 49, '1', NULL, NULL),
(101, 7, 50, '1', NULL, NULL),
(102, 4, 21, '1', NULL, NULL),
(103, 8, 21, '1', NULL, NULL),
(104, 4, 49, '1', NULL, NULL),
(105, 6, 49, '1', NULL, NULL),
(106, 7, 49, '1', NULL, NULL),
(107, 15, 52, '1', NULL, NULL),
(108, 7, 52, '1', NULL, NULL);

-- --------------------------------------------------------

--
-- Table structure for table `ingredients`
--

CREATE TABLE `ingredients` (
  `id` bigint(20) NOT NULL,
  `name_en` varchar(25) DEFAULT NULL,
  `name_ar` varchar(25) DEFAULT NULL,
  `uom_ref_id` int(11) NOT NULL,
  `group_ref_id` int(11) NOT NULL,
  `is_accepted` tinyint(4) NOT NULL DEFAULT 0,
  `active_flag` char(1) NOT NULL,
  `calories` int(11) DEFAULT NULL,
  `fat` int(11) DEFAULT NULL,
  `protein` int(11) DEFAULT NULL,
  `carb` int(11) DEFAULT NULL,
  `created_at` timestamp NULL DEFAULT NULL,
  `updated_at` timestamp NULL DEFAULT NULL
) ENGINE=InnoDB DEFAULT CHARSET=utf8mb4;

--
-- Dumping data for table `ingredients`
--

INSERT INTO `ingredients` (`id`, `name_en`, `name_ar`, `uom_ref_id`, `group_ref_id`, `is_accepted`, `active_flag`, `calories`, `fat`, `protein`, `carb`, `created_at`, `updated_at`) VALUES
(1, 'Rice', 'آرز', 7, 41, 1, '1', 5, 5, 5, 5, NULL, '2024-08-03 13:19:08'),
(2, 'Olive oil', 'زيت زيتون', 67, 41, 1, '1', 0, 0, 0, 0, NULL, '2024-08-17 07:28:56'),
(3, 'Oil', 'زيت', 67, 41, 1, '1', 0, 0, 0, 0, NULL, '2024-08-03 13:19:20'),
(4, 'Onion', 'بصل', 8, 41, 1, '1', 0, 0, 0, 0, NULL, '2024-08-17 07:28:56'),
(5, 'Salt', 'ملح', 54, 41, 1, '1', 0, 0, 0, 0, NULL, '2024-08-03 13:19:29'),
(6, 'Chicken', 'دجاج', 64, 41, 1, '1', 0, 0, 0, 0, NULL, '2024-05-16 19:43:57'),
(7, 'cardamon', 'هيل', 66, 41, 1, '1', 0, 0, 0, 0, NULL, '2024-06-13 10:04:31'),
(8, 'Flour', 'طحين', 11, 41, 1, '1', 0, 0, 0, 0, NULL, '2024-07-17 15:50:14'),
(9, 'Sugar', 'سكر', 11, 41, 1, '1', 0, 0, 0, 0, NULL, '2024-07-17 15:50:14'),
(10, 'Dates', 'تمر', 11, 41, 1, '1', 0, 0, 0, 0, NULL, '2024-08-03 13:22:19'),
(11, 'Celery', 'كرفس', 64, 41, 1, '1', 0, 0, 0, 0, NULL, '2024-05-16 19:43:26'),
(12, 'Corn', 'ذرة', 11, 41, 1, '1', 0, 0, 0, 0, NULL, '2024-08-03 13:23:52'),
(13, 'Cucumber', 'خيار', 64, 41, 1, '1', 0, 0, 0, 0, NULL, '2024-05-17 15:11:30'),
(14, 'Horseradish', 'فجل حار', 64, 41, 1, '1', 0, 0, 0, 0, NULL, '2024-05-18 09:54:53'),
(15, 'Vegetable', 'الخضروات', 40, 41, 1, '1', NULL, NULL, NULL, NULL, NULL, NULL),
(16, 'Potato', 'البطاطس', 64, 41, 1, '1', 0, 0, 0, 0, NULL, '2024-05-17 15:11:17'),
(17, 'Tomato', 'طماطم', 8, 41, 1, '1', 0, 0, 0, 0, NULL, '2024-06-30 12:08:22'),
(18, 'Caraway', 'كراوية', 11, 41, 1, '1', 0, 0, 0, 0, NULL, '2024-05-17 15:11:03'),
(19, 'Clove', 'القرنفل', 66, 41, 1, '1', 0, 0, 0, 0, NULL, '2024-06-22 11:01:22'),
(22, 'Sage', 'المريمية', 11, 41, 1, '1', 0, 0, 0, 0, NULL, '2024-08-03 13:29:34'),
(23, 'Butter', 'زبده', 11, 41, 1, '1', 0, 0, 0, 0, NULL, '2024-05-18 13:16:11'),
(24, 'Cheese', 'جبنه', 64, 41, 1, '1', 0, 0, 0, 0, NULL, '2024-05-18 10:05:27'),
(49, 'Caramel', 'كراميل', 65, 41, 1, '1', 0, 0, 0, 0, NULL, '2024-08-03 13:29:54'),
(50, 'Chocolate', 'شوكولاتة', 11, 41, 1, '1', 0, 0, 0, 0, NULL, '2024-05-18 10:05:42'),
(51, 'Cinnamon', 'قرفة', 66, 41, 1, '1', 0, 0, 0, 0, NULL, '2024-07-17 15:50:14'),
(52, 'Honey', 'عسل', 67, 41, 1, '1', 0, 0, 0, 0, NULL, '2024-05-16 19:42:29'),
(55, 'Vanilla', 'فانيلا', 66, 41, 1, '1', 0, 0, 0, 0, NULL, '2024-07-17 15:50:14'),
(56, 'Lemon', 'ليمون', 64, 41, 1, '1', 0, 0, 0, 0, NULL, '2024-05-16 19:42:11'),
(58, 'Melon', 'شمام', 64, 41, 1, '1', 0, 0, 0, 0, NULL, '2024-05-16 19:41:42'),
(59, 'Orange', 'البرتقال', 64, 41, 1, '1', 0, 0, 0, 0, NULL, '2024-05-16 19:41:38'),
(66, 'Beef', 'لحم بقري', 64, 41, 1, '1', 0, 0, 0, 0, NULL, '2024-07-25 20:28:32'),
(76, 'Mushroom', 'فطر', 11, 41, 1, '1', 0, 0, 0, 0, NULL, '2024-05-16 19:41:06'),
(79, 'Apple', 'تفاح', 8, 41, 1, '1', 0, 0, 0, 0, NULL, '2024-07-17 15:50:14'),
(80, 'Apricot', 'مشمش', 64, 41, 1, '1', 0, 0, 0, 0, NULL, '2024-05-16 19:40:47'),
(81, 'Banana', 'موز', 64, 41, 1, '1', 0, 0, 0, 0, NULL, '2024-05-16 19:40:42'),
(82, 'Berry', 'بيري', 64, 41, 1, '1', 0, 0, 0, 0, NULL, '2024-05-16 19:40:35'),
(83, 'Cantaloupe', 'الشمام', 64, 41, 1, '1', 0, 0, 0, 0, NULL, '2024-05-16 19:40:29'),
(84, 'Cherry', 'الكرز', 64, 41, 1, '1', 0, 0, 0, 0, NULL, '2024-05-16 19:40:23'),
(85, 'Coconut', 'جوزة الهند', 64, 41, 1, '1', 0, 0, 0, 0, NULL, '2024-05-16 19:40:18'),
(86, 'Cranberry', 'توت بري', 64, 41, 1, '1', 0, 0, 0, 0, NULL, '2024-05-16 19:40:13'),
(87, 'Grape', 'عنب', 64, 41, 1, '1', 0, 0, 0, 0, NULL, '2024-05-17 15:07:27'),
(88, 'Grapefruit', 'جريب فروت', 64, 41, 1, '1', 0, 0, 0, 0, NULL, '2024-05-17 15:07:20'),
(90, 'Mango', 'مانجو', 64, 41, 1, '1', 0, 0, 0, 0, NULL, '2024-05-17 15:06:46'),
(92, 'Papaya', 'بابايا', 64, 41, 1, '1', 0, 0, 0, 0, NULL, '2024-05-18 09:56:08'),
(93, 'Peach', 'خَوخ', 64, 41, 1, '1', 0, 0, 0, 0, NULL, '2024-05-16 19:40:06'),
(94, 'Pear', 'كمثري', 64, 41, 1, '1', 0, 0, 0, 0, NULL, '2024-08-03 13:33:01'),
(95, 'Pineapple', 'أناناس', 64, 41, 1, '1', 0, 0, 0, 0, NULL, '2024-05-16 19:39:56'),
(97, 'Quince', 'سفرجل', 64, 41, 1, '1', 0, 0, 0, 0, NULL, '2024-05-16 19:39:33'),
(98, 'Raspberry', 'توت العليق', 64, 41, 1, '1', 0, 0, 0, 0, NULL, '2024-08-03 13:34:55'),
(99, 'Strawberry', 'فراولة', 64, 41, 1, '1', 0, 0, 0, 0, NULL, '2024-08-03 13:35:05'),
(102, 'Watermelon', 'بطيخ', 64, 41, 1, '1', 0, 0, 0, 0, NULL, '2024-05-16 19:39:15'),
(106, 'Almond', 'لوز', 11, 41, 1, '1', 0, 0, 0, 0, NULL, '2024-05-16 19:39:05'),
(107, 'Hazelnut', 'بندق', 11, 41, 1, '1', 0, 0, 0, 0, NULL, '2024-05-16 19:39:02'),
(109, 'Peanut', 'الفول السوداني', 11, 41, 1, '1', 0, 0, 0, 0, NULL, '2024-05-17 15:06:35'),
(110, 'Walnut', 'جوز', 11, 41, 1, '1', 0, 0, 0, 0, NULL, '2024-05-17 15:06:23'),
(114, 'Pepper', 'فلفل', 11, 41, 1, '1', 0, 0, 0, 0, NULL, '2024-06-28 07:12:33'),
(130, 'Basil', 'ريحان', 8, 41, 1, '1', 0, 0, 0, 0, NULL, '2024-08-03 13:36:19'),
(131, 'Beet', 'الشمندر', 64, 41, 1, '1', 0, 0, 0, 0, NULL, '2024-05-16 19:38:24'),
(132, 'Biscuit', 'بسكويت', 11, 41, 1, '1', 0, 0, 0, 0, NULL, '2024-05-16 19:38:18'),
(138, 'Bread', 'خبز', 8, 41, 1, '1', 0, 0, 0, 0, NULL, '2024-05-18 09:56:29'),
(139, 'Broccoli', 'بروكلي', 64, 41, 1, '1', 0, 0, 0, 0, NULL, '2024-05-18 09:56:38'),
(140, 'Brown sugar', 'سكر بني', 11, 41, 1, '1', 0, 0, 0, 0, NULL, '2024-05-18 09:56:50'),
(143, 'Cabbage', 'ملفوف', 64, 41, 1, '1', 0, 0, 0, 0, NULL, '2024-05-18 09:57:17'),
(144, 'Camomile', 'البابونج', 11, 41, 1, '1', 0, 0, 0, 0, NULL, '2024-05-18 09:57:25'),
(147, 'Carrot', 'جزر', 64, 41, 1, '1', 0, 0, 0, 0, NULL, '2024-06-13 10:04:31'),
(150, 'Cocoa', 'كاكاو', 11, 41, 1, '1', 0, 0, 0, 0, NULL, '2024-05-16 19:37:29'),
(161, 'Curry', 'كاري', 54, 41, 1, '1', 0, 0, 0, 0, NULL, '2024-05-16 19:36:59'),
(169, 'Fish', 'سمك', 64, 41, 1, '1', 0, 0, 0, 0, NULL, '2024-05-17 15:05:29'),
(175, 'Garlic', 'ثوم', 67, 41, 1, '1', 0, 0, 0, 0, NULL, '2024-06-28 07:12:33'),
(178, 'Green bean', 'فاصوليا خضراء', 64, 41, 1, '1', 0, 0, 0, 0, NULL, '2024-05-16 19:36:35'),
(180, 'Green pepper', 'فلفل أخضر', 8, 41, 1, '1', 0, 0, 0, 0, NULL, '2024-08-17 07:28:56'),
(187, 'Lettuce', 'خَسّ', 64, 41, 1, '1', 0, 0, 0, 0, NULL, '2024-05-16 19:36:01'),
(188, 'Licorice', 'عرق السوس', 8, 41, 1, '1', 0, 0, 0, 0, NULL, '2024-05-16 19:35:57'),
(193, 'Marshmallow', 'مرشملو', 8, 41, 1, '1', 0, 0, 0, 0, NULL, '2024-05-18 09:58:26'),
(194, 'Meat', 'لحمة', 11, 41, 1, '1', 0, 0, 0, 0, NULL, '2024-05-18 11:54:50'),
(200, 'Mint', 'نعناع', 54, 41, 1, '1', 0, 0, 0, 0, NULL, '2024-05-17 15:04:46'),
(208, 'Nutmeg', 'جوزة الطيب', 66, 41, 1, '1', 0, 0, 0, 0, NULL, '2024-07-17 15:50:14'),
(215, 'Pea', 'البازلاء', 64, 41, 1, '1', 0, 0, 0, 0, NULL, '2024-05-16 19:35:20'),
(216, 'Peanut butter', 'زبدة الفول السوداني', 11, 41, 1, '1', 0, 0, 0, 0, NULL, '2024-05-16 19:35:15'),
(237, 'Soy', 'الصويا', 11, 41, 1, '1', 0, 0, 0, 0, NULL, '2024-05-16 19:35:02'),
(249, 'Thyme', 'زعتر', 11, 41, 1, '1', 0, 0, 0, 0, NULL, '2024-05-16 19:34:40'),
(251, 'Truffle', 'الكمأة', 64, 41, 1, '1', 0, 0, 0, 0, NULL, '2024-05-18 09:59:00'),
(261, 'Yeast', 'خميرة', 11, 41, 1, '1', 0, 0, 0, 0, NULL, '2024-05-17 15:04:02'),
(306, 'Artichoke', 'خرشوف', 8, 41, 1, '1', 0, 0, 0, 0, NULL, '2024-05-16 19:34:04'),
(316, 'Beans', 'فاصوليا', 64, 41, 1, '1', 0, 0, 0, 0, NULL, '2024-05-17 15:03:39'),
(336, 'Blue cheese', 'جبنة زرقاء', 64, 41, 1, '1', 0, 0, 0, 0, NULL, '2024-05-16 19:33:08'),
(338, 'Blueberry', 'توت', 64, 41, 1, '1', 0, 0, 0, 0, NULL, '2024-05-16 19:33:01'),
(363, 'Cacao', 'الكاكاو', 11, 41, 1, '1', 0, 0, 0, 0, NULL, '2024-05-16 19:31:45'),
(374, 'Cardamom', 'حب الهال', 11, 41, 1, '1', 0, 0, 0, 0, NULL, '2024-05-17 15:03:03'),
(376, 'Cashew', 'كاجو', 11, 41, 1, '1', 0, 0, 0, 0, NULL, '2024-05-16 20:04:42'),
(384, 'Cauliflower', 'قرنبيط', 1, 41, 1, '1', 0, 0, 0, 0, NULL, '2024-06-04 21:06:03'),
(391, 'Chees', 'جبنة', 64, 41, 1, '1', 0, 0, 0, 0, NULL, '2024-05-16 19:31:19'),
(418, 'Clover', 'زهرة', 64, 41, 1, '1', 0, 0, 0, 0, NULL, '2024-05-16 19:30:45'),
(419, 'Concord grape', 'عنب كونكورد', 64, 41, 1, '1', 0, 0, 0, 0, NULL, '2024-05-16 19:30:36'),
(429, 'Crab', 'سلطعون', 64, 41, 1, '1', 0, 0, 0, 0, NULL, '2024-05-16 19:30:11'),
(436, 'Cumin', 'كمون', 54, 41, 1, '1', 0, 0, 0, 0, NULL, '2024-05-16 20:02:11'),
(460, 'Dried berry', 'التوت المجفف', 64, 41, 1, '1', 0, 0, 0, 0, NULL, '2024-05-16 19:29:24'),
(461, 'Dried fruit', 'فاكهة مجففة', 64, 41, 1, '1', 0, 0, 0, 0, NULL, '2024-05-16 20:01:50'),
(466, 'Egg', 'بيضة', 8, 41, 1, '1', 0, 0, 0, 0, NULL, '2024-05-16 20:01:28'),
(484, 'Feta cheese', 'جبنة فيتا', 64, 41, 1, '1', 0, 0, 0, 0, NULL, '2024-05-16 19:28:32'),
(485, 'Fig', 'تين', 64, 41, 1, '1', 0, 0, 0, 0, NULL, '2024-05-16 19:28:26'),
(514, 'Ginger', 'زنجبيل', 66, 41, 1, '1', 0, 0, 0, 0, NULL, '2024-06-28 07:12:33'),
(518, 'Grain', 'قمح', 11, 41, 1, '1', 0, 0, 0, 0, NULL, '2024-05-16 19:27:43'),
(525, 'Green onions', 'بصل أخضر', 8, 41, 1, '1', 0, 0, 0, 0, NULL, '2024-05-16 20:01:01'),
(568, 'Kiwi', 'كيوي', 64, 41, 1, '1', 0, 0, 0, 0, NULL, '2024-05-17 15:01:41'),
(571, 'Lamb meat', 'لحم حمل', 11, 41, 1, '1', 0, 0, 0, 0, NULL, '2024-08-03 13:44:56'),
(579, 'Leek', 'كراث', 64, 41, 1, '1', 0, 0, 0, 0, NULL, '2024-05-16 19:25:43'),
(597, 'Lychee', 'ليتشي', 11, 41, 1, '1', 0, 0, 0, 0, NULL, '2024-05-16 20:00:09'),
(601, 'Dry mallow', 'ملوخية', 64, 41, 1, '1', 0, 0, 0, 0, NULL, '2024-05-17 15:01:30'),
(605, 'Maple syrup', 'شراب القيقب', 12, 41, 1, '1', 0, 0, 0, 0, NULL, '2024-05-16 19:25:02'),
(622, 'Milk', 'حليب', 65, 41, 1, '1', 0, 0, 0, 0, NULL, '2024-07-17 15:50:14'),
(633, 'Mutton', 'لحم الضأن', 64, 41, 0, '1', 0, 0, 0, 0, NULL, '2024-08-03 13:49:05'),
(660, 'Orange juice', 'عصير البرتقال', 65, 41, 1, '1', 0, 0, 0, 0, NULL, '2024-07-17 15:50:14'),
(669, 'Parmesan', 'بارميزان', 11, 41, 1, '1', 0, 0, 0, 0, NULL, '2024-05-16 19:22:42'),
(670, 'Parsley', 'بَقدونس', 11, 41, 1, '1', 0, 0, 0, 0, NULL, '2024-05-18 10:04:45'),
(671, 'Passion fruit', 'باشون فروت', 64, 41, 1, '1', 0, 0, 0, 0, NULL, '2024-05-16 19:22:28'),
(687, 'Pistachio', 'فستق', 69, 41, 1, '1', 0, 0, 0, 0, NULL, '2024-06-13 10:04:31'),
(701, 'Pumpkin', 'يقطين', 64, 41, 1, '1', 0, 0, 0, 0, NULL, '2024-05-16 19:20:58'),
(705, 'Radish', 'الفجل', 64, 41, 1, '1', 0, 0, 0, 0, NULL, '2024-05-16 19:20:47'),
(706, 'Raisin', 'زبيب', 11, 41, 1, '1', 0, 0, 0, 0, NULL, '2024-05-16 19:20:42'),
(724, 'Nuts', 'مكسرات', 11, 41, 1, '1', 0, 0, 0, 0, NULL, '2024-08-03 13:59:06'),
(725, 'Roasted peanut', 'فول سوداني محمص', 11, 41, 1, '1', 0, 0, 0, 0, NULL, '2024-05-16 19:18:59'),
(740, 'Rosemary', 'اكليل الجبل', 54, 41, 1, '1', 0, 0, 0, 0, NULL, '2024-08-03 13:59:31'),
(749, 'Saffron', 'زعفران', 54, 41, 1, '1', 0, 0, 0, 0, NULL, '2024-05-16 19:17:49'),
(751, 'Salmon', 'سالمون', 64, 41, 1, '1', 0, 0, 0, 0, NULL, '2024-08-03 14:00:00'),
(760, 'Sausage', 'سجق', 64, 41, 1, '1', 0, 0, 0, 0, NULL, '2024-05-16 19:16:32'),
(772, 'Shellfish', 'المحار', 64, 41, 1, '1', 0, 0, 0, 0, NULL, '2024-05-16 19:47:00'),
(773, 'Shrimp', 'جمبري', 64, 41, 1, '1', 0, 0, 0, 0, NULL, '2024-05-16 19:46:55'),
(790, 'Soybean', 'فول الصويا', 64, 41, 1, '1', 0, 0, 0, 0, NULL, '2024-05-16 19:15:49'),
(802, 'Sweet corn', 'ذرة حلوه', 11, 41, 1, '1', 0, 0, 0, 0, NULL, '2024-05-16 19:53:13'),
(804, 'Taco', 'تاكو', 8, 41, 1, '1', 0, 0, 0, 0, NULL, '2024-05-16 19:15:12'),
(806, 'Tangerine', 'يوسفي', 64, 41, 1, '1', 0, 0, 0, 0, NULL, '2024-05-16 19:15:04'),
(819, 'Toffee', 'توفي', 11, 41, 1, '1', 0, 0, 0, 0, NULL, '2024-05-16 19:13:14'),
(825, 'Tropical fruit', 'فاكهة استوائية', 64, 41, 1, '1', 0, 0, 0, 0, NULL, '2024-05-16 19:12:31'),
(827, 'Turnup', 'دُر', 64, 41, 0, '1', 0, 0, 0, 0, NULL, '2024-08-03 14:01:22'),
(852, 'Vinegar', 'خل', 66, 41, 1, '1', 0, 0, 0, 0, NULL, '2024-05-16 19:07:54'),
(870, 'Roasted meat', 'لحم مشوي', 64, 41, 1, '1', 0, 0, 0, 0, NULL, '2024-08-03 14:03:29'),
(890, 'Red apple', 'تفاح أحمر', 64, 41, 1, '1', 0, 0, 0, 0, NULL, '2024-08-03 14:08:17'),
(893, 'Almondshell', 'اللوز', 54, 41, 1, '1', 0, 0, 0, 0, NULL, '2024-05-16 19:02:57'),
(894, 'Spaghetti', 'معكرونه', 11, 2, 1, '1', 5, 5, 5, 5, NULL, '2024-05-16 19:02:41'),
(914, 'Ghee', 'سمنه', 67, 41, 1, '1', 0, 0, 0, 0, '2024-02-20 19:39:25', '2024-05-17 14:58:15'),
(924, 'Beef cubes', 'مكعبات لحم البقر', 64, 41, 1, '1', 0, 0, 0, 0, '2024-02-23 22:46:54', '2024-07-25 20:27:28'),
(925, 'Red onion', 'بصل أحمر', 64, 41, 1, '1', 0, 0, 0, 0, '2024-02-23 22:47:08', '2024-08-03 14:10:02'),
(926, 'Minced garlic cloves', 'فصوص ثوم مفروم', 69, 41, 1, '1', 0, 0, 0, 0, '2024-02-23 22:47:34', '2024-08-17 07:28:56'),
(927, 'Tomato paste', 'معجون الطماطم', 7, 41, 1, '1', 0, 0, 0, 0, '2024-02-23 22:48:17', '2024-08-17 07:28:56'),
(928, 'Red bell pepper', 'فلفل أحمر حلو', 11, 41, 1, '1', 0, 0, 0, 0, '2024-02-23 22:50:15', '2024-08-03 14:12:16'),
(930, 'Okras', 'بامية', 64, 41, 1, '1', 0, 0, 0, 0, '2024-02-23 22:50:59', '2024-08-03 14:12:34'),
(931, 'Seven spices', 'السبع بهارات', 11, 41, 1, '1', 0, 0, 0, 0, '2024-02-23 22:51:11', '2024-08-03 14:14:05'),
(933, 'Spicy chilli', 'فلفل حار', 67, 41, 1, '1', 0, 0, 0, 0, '2024-02-23 23:00:25', '2024-08-03 14:14:56'),
(945, 'Eggplant', 'باذنجان', 1, 41, 1, '1', 0, 0, 0, 0, '2024-05-12 20:58:39', '2024-06-04 21:06:03'),
(949, 'Chicken Breast', 'صدور دجاج', 11, 41, 1, '1', NULL, NULL, NULL, NULL, '2024-05-26 08:16:33', '2024-06-05 16:38:48'),
(950, 'Turmeric', 'كركم', 66, 41, 1, '1', 0, 0, 0, 0, '2024-05-26 08:19:37', '2024-07-31 11:46:30'),
(951, 'Coriander Powder', 'بودرة الكركم', 66, 41, 0, '1', NULL, NULL, NULL, NULL, '2024-05-26 08:21:17', '2024-05-26 08:21:17'),
(952, 'Garam masala', 'غارام ماسالا', 67, 41, 0, '1', NULL, NULL, NULL, NULL, '2024-05-26 08:23:13', '2024-05-26 08:23:13'),
(953, 'Kashmiri red chilli', 'فلفل كشميري حار', 66, 41, 1, '1', 0, 0, 0, 0, '2024-05-26 08:24:40', '2024-07-31 13:38:39'),
(954, 'Yogurt', 'لبن', 67, 41, 1, '1', NULL, NULL, NULL, NULL, '2024-05-26 08:25:56', '2024-06-05 16:39:06'),
(955, 'Cooking Cream', 'كريمة طهي', 65, 41, 1, '1', 0, 0, 0, 0, '2024-05-26 08:38:41', '2024-07-31 13:32:21'),
(956, 'Semolina', 'سميد', 67, 41, 1, '1', 0, 0, 0, 0, '2024-05-27 14:49:16', '2024-07-31 13:33:05'),
(957, 'Sweetened Condensed Milk', 'حليب محلى مكثف', 65, 41, 1, '1', NULL, NULL, NULL, NULL, '2024-05-27 14:50:41', '2024-07-19 18:18:52'),
(958, 'Coconut powder', 'مسحوق جوز الهند', 67, 41, 1, '1', 0, 0, 0, 0, '2024-05-27 14:51:30', '2024-07-31 13:39:19'),
(959, 'Pecan', 'بقان', 11, 41, 1, '1', 0, 0, 0, 0, '2024-05-27 14:54:44', '2024-07-31 11:39:30'),
(960, 'Basmati rice', 'رز بسمتي', 1, 41, 1, '1', NULL, NULL, NULL, NULL, '2024-05-28 07:01:00', '2024-06-30 11:57:23'),
(961, 'Indomie', 'إندومي', 8, 41, 1, '1', 0, 0, 0, 0, '2024-05-29 19:28:13', '2024-07-31 11:40:23'),
(962, 'Ajwa', 'عجوة', 8, 41, 1, '1', 0, 0, 0, 0, '2024-06-09 20:30:57', '2024-07-31 11:41:07'),
(963, 'Beef tenderloin', 'لحم بقر تندرلوين', 64, 41, 1, '1', NULL, NULL, NULL, NULL, '2024-06-09 21:27:15', '2024-07-25 20:27:19'),
(964, 'paper', 'فلفل اسود', 54, 41, 0, '1', NULL, NULL, NULL, NULL, '2024-06-09 21:28:08', '2024-08-03 14:16:12'),
(965, 'Balsamic Vinegar', 'خل بلسمي', 54, 41, 1, '1', 0, 0, 0, 0, '2024-06-09 21:35:07', '2024-07-31 13:40:17'),
(966, 'Pomegranate', 'رمان', 11, 41, 1, '1', 0, 0, 0, 0, '2024-06-09 21:42:38', '2024-07-31 13:33:58'),
(968, 'Lasagna', 'لازانيا', 68, 41, 1, '1', 0, 0, 0, 0, '2024-06-09 23:08:36', '2024-07-31 13:40:43'),
(970, 'Parmesan cheese', 'جبنة البارميزان', 7, 41, 1, '1', 0, 0, 0, 0, '2024-06-09 23:12:47', '2024-07-31 13:35:01'),
(971, 'White paper', 'فلفل ابيض', 54, 41, 0, '1', 0, 0, 0, 0, '2024-06-09 23:13:15', '2024-08-03 14:16:44'),
(972, 'Baking powder', 'بيكنج بودر', 66, 41, 1, '1', NULL, NULL, NULL, NULL, '2024-06-09 23:52:44', '2024-07-17 15:50:14'),
(973, 'rise', 'ارز', 11, 41, 0, '1', NULL, NULL, NULL, NULL, '2024-06-11 20:42:35', '2024-06-30 12:08:22'),
(974, 'Water', 'مياه', 7, 41, 1, '1', 0, 0, 0, 0, '2024-06-11 20:44:28', '2024-07-31 11:22:31'),
(975, 'Liver', 'كبدة', 64, 41, 1, '1', 0, 0, 0, 0, '2024-06-11 21:04:40', '2024-07-31 11:27:48'),
(976, 'Diet Sugar', 'سكر دايت', 66, 41, 1, '1', 0, 0, 0, 0, '2024-06-12 16:41:51', '2024-07-31 11:43:06'),
(977, 'Mastic', 'مستكة', 66, 41, 1, '1', 0, 0, 0, 0, '2024-06-12 16:42:59', '2024-07-31 11:44:02'),
(978, 'Corn Starch', 'نشا الذره', 66, 41, 1, '1', 0, 0, 0, 0, '2024-06-12 16:44:48', '2024-07-31 11:21:59'),
(979, 'Whipping cream', 'كريمة خفق', 7, 41, 1, '1', 0, 0, 0, 0, '2024-06-12 17:14:26', '2024-07-31 11:27:22'),
(980, 'Mango Juice', 'عصير مانجو', 7, 41, 1, '1', 0, 0, 0, 0, '2024-06-12 17:15:52', '2024-07-31 11:26:58'),
(981, 'Mascarpone cheese', 'جبن ماسكربوني', 11, 41, 1, '1', 0, 0, 0, 0, '2024-06-12 17:16:41', '2024-07-31 13:41:30'),
(982, 'Cream cheese', 'جبنة كريمية', 11, 41, 1, '1', NULL, NULL, NULL, NULL, '2024-06-12 17:17:30', '2024-07-09 11:35:49'),
(983, 'Milk powder', 'حليب بودرة', 7, 41, 1, '1', 0, 0, 0, 0, '2024-06-12 18:04:40', '2024-08-03 14:18:23'),
(984, 'Olive', 'زيتون', 8, 41, 1, '1', 0, 0, 0, 0, '2024-06-12 18:07:40', '2024-07-31 11:25:54'),
(985, 'Hummus', 'حمص', 64, 41, 1, '1', 0, 0, 0, 0, '2024-06-12 18:45:53', '2024-07-31 13:42:14'),
(986, 'Coriander', 'كزبرة مطحونة', 67, 41, 0, '1', 0, 0, 0, 0, '2024-06-12 18:48:22', '2024-08-03 14:19:04'),
(987, 'Roasted pine nuts', 'صنوبر محمص', 69, 41, 0, '1', NULL, NULL, NULL, NULL, '2024-06-12 19:23:51', '2024-06-12 19:23:51'),
(988, 'Minced meat', 'لحمة ناعمة', 64, 41, 1, '1', 0, 0, 0, 0, '2024-06-12 19:24:23', '2024-07-25 20:27:12'),
(989, 'Meat broth', 'مرق لحم', 7, 41, 1, '1', 0, 0, 0, 0, '2024-06-12 19:26:58', '2024-08-03 14:20:14'),
(990, 'Phyllo dough', 'عجينة فيلو', 8, 41, 1, '1', 0, 0, 0, 0, '2024-06-12 19:36:59', '2024-07-31 11:38:39'),
(991, 'laimon', 'لمون', 66, 41, 0, '1', NULL, NULL, NULL, NULL, '2024-06-12 19:52:46', '2024-08-03 14:19:25'),
(992, 'Cream', 'قشطة', 7, 41, 1, '1', 0, 0, 0, 0, '2024-06-12 21:40:06', '2024-07-31 11:36:26'),
(993, 'Vermicelli', 'شعيرية', 11, 41, 1, '1', 0, 0, 0, 0, '2024-06-12 21:42:43', '2024-07-27 18:05:51'),
(994, 'Chocolate Chip', 'حبيبات الشكولاتة', 7, 41, 1, '1', 0, 0, 0, 0, '2024-06-12 21:55:23', '2024-08-03 14:22:53'),
(995, 'Black pepper', 'فلفل أسود', 66, 41, 1, '1', 0, 0, 0, 0, '2024-06-18 18:51:59', '2024-08-02 13:58:40'),
(996, 'Ground cardamom', 'هال مطحون', 11, 41, 1, '1', 0, 0, 0, 0, '2024-06-18 18:56:12', '2024-07-01 11:29:42'),
(997, 'Jaman', 'تشمن', 67, 41, 0, '1', 0, 0, 0, 0, '2024-06-18 18:57:52', '2024-08-03 14:24:55'),
(998, 'Cherry tomato', 'طماطم شيري', 8, 41, 1, '1', 0, 0, 0, 0, '2024-06-27 14:49:34', '2024-06-29 18:48:09'),
(999, 'Almond powder', 'بودرة اللوز', 11, 41, 1, '1', 0, 0, 0, 0, '2024-06-29 21:39:51', '2024-08-03 14:25:54'),
(1000, 'sugar icing', 'سكر بودرة', 7, 41, 0, '1', NULL, NULL, NULL, NULL, '2024-06-29 21:42:13', '2024-08-03 14:28:29'),
(1001, 'Egg whites', 'بياض بيض', 8, 41, 1, '1', 0, 0, 0, 0, '2024-06-29 21:46:53', '2024-08-02 14:02:44'),
(1002, 'Blossom water', 'ماء زهر', 66, 41, 1, '1', 0, 0, 0, 0, '2024-06-29 21:55:56', '2024-08-03 14:28:39'),
(1003, 'Pistachios powder', 'فستق مطحون', 7, 41, 1, '1', 0, 0, 0, 0, '2024-06-29 22:00:19', '2024-08-03 14:36:04'),
(1004, 'almond spirit', 'روح اللوز', 66, 41, 0, '1', NULL, NULL, NULL, NULL, '2024-06-29 22:02:35', '2024-08-03 14:34:51'),
(1006, 'Black Shea seeds', 'بذور الشيا السوداء', 7, 41, 1, '1', 0, 0, 0, 0, '2024-06-30 11:50:03', '2024-07-01 11:28:26'),
(1007, 'Shea seeds', 'بذور الشيا', 9, 41, 1, '1', 0, 0, 0, 0, '2024-06-30 11:51:36', '2024-07-01 11:24:42'),
(1008, 'Mozzarella', 'موزاريلا', 7, 41, 1, '1', NULL, NULL, NULL, NULL, '2024-07-01 00:42:40', '2024-07-01 11:24:18'),
(1009, 'Sweet potato', 'بطاطا حلوه', 69, 41, 1, '1', 0, 0, 0, 0, '2024-07-01 15:27:03', '2024-07-08 16:42:35'),
(1010, 'Sour cream', 'القشدة الحامضة', 11, 41, 1, '1', 0, 0, 0, 0, '2024-07-04 22:37:57', '2024-08-03 14:33:35'),
(1011, 'Lemon juice', 'عصير ليمون', 67, 41, 1, '1', 0, 0, 0, 0, '2024-07-04 22:39:26', '2024-07-08 16:41:53'),
(1012, 'Frozen berries', 'توت مجمد', 11, 41, 1, '1', 0, 0, 0, 0, '2024-07-04 22:42:49', '2024-07-08 16:42:04'),
(1013, 'Sugar powder', 'سكر مطحون', 11, 41, 1, '1', 0, 0, 0, 0, '2024-07-04 22:46:07', '2024-07-08 16:42:12'),
(1014, 'Dough flour', 'طحين العجين', 7, 41, 1, '1', 0, 0, 0, 0, '2024-07-04 23:18:16', '2024-08-03 14:32:28'),
(1015, 'Fine bulgur', 'برغل ناعم', 7, 41, 1, '1', 0, 0, 0, 0, '2024-07-05 22:49:44', '2024-07-08 16:42:23'),
(1016, 'Digestive biscuits', 'بسكويت دايجستف', 11, 41, 1, '1', NULL, NULL, NULL, NULL, '2024-07-07 11:33:39', '2024-07-08 16:40:10'),
(1017, 'Melted butter', 'زبدة مذابة', 11, 41, 1, '1', NULL, NULL, NULL, NULL, '2024-07-07 11:37:29', '2024-07-08 16:40:06'),
(1018, 'Berry jam', 'مربى التوت', 11, 41, 1, '1', 0, 0, 0, 0, '2024-07-07 11:38:24', '2024-08-03 14:29:50'),
(1019, 'Liquid vanilla', 'فانيليا سائلة', 66, 41, 1, '1', 0, 0, 0, 0, '2024-07-07 11:47:01', '2024-08-03 14:44:41'),
(1020, 'Liquid cream', 'كريمة سائلة', 11, 41, 1, '1', 0, 0, 0, 0, '2024-07-07 11:48:47', '2024-08-03 14:43:53'),
(1021, 'Canderel sweetener', 'سكر محلي كاندريل', 7, 41, 1, '1', 0, 0, 0, 0, '2024-07-07 11:52:39', '2024-08-03 14:43:10'),
(1022, 'Lemon zest', 'قشر الليمون', 66, 41, 1, '1', 0, 0, 0, 0, '2024-07-07 11:54:54', '2024-08-03 14:42:33'),
(1023, 'ٍRed paprika', 'فليفلة حمراء', 8, 41, 0, '1', 0, 0, 0, 0, '2024-07-08 23:17:57', '2024-08-03 14:45:17'),
(1024, 'Ketchup', 'كاتشب', 67, 41, 1, '1', 0, 0, 0, 0, '2024-07-08 23:19:19', '2024-07-09 11:27:00'),
(1026, 'Ground clovves', 'كبش قرنفل', 66, 41, 0, '1', NULL, NULL, NULL, NULL, '2024-07-17 13:37:28', '2024-08-03 14:41:42'),
(1027, 'Orange Zest', 'قشر البرتقال', 54, 41, 1, '1', 0, 0, 0, 0, '2024-07-17 13:41:03', '2024-08-03 14:42:45'),
(1029, 'Sesame', 'سمسم', 7, 41, 1, '1', 0, 0, 0, 0, '2024-07-17 23:05:59', '2024-07-19 12:37:54'),
(1030, 'Cream caramel', 'كريم كراميل', 11, 41, 1, '1', 0, 0, 0, 0, '2024-07-18 22:45:14', '2024-07-19 12:37:44'),
(1031, 'Dream whip cream', 'كريمة خفق دريم', 11, 41, 1, '1', 0, 0, 0, 0, '2024-07-18 22:54:47', '2024-08-03 14:39:15'),
(1032, 'Cocoa biscuits', 'بسكويت كاكاو', 11, 41, 1, '1', 0, 0, 0, 0, '2024-07-18 23:02:26', '2024-08-03 14:37:25'),
(1034, 'Oreo', 'اوريو', 11, 41, 1, '1', 0, 0, 0, 0, '2024-07-18 23:09:38', '2024-07-19 12:35:21'),
(1035, 'Lotus', 'اللوتس', 11, 41, 1, '1', 0, 0, 0, 0, '2024-07-18 23:10:38', '2024-07-19 12:35:13'),
(1036, 'Noodles', 'نودلز', 11, 41, 1, '1', 0, 0, 0, 0, '2024-07-24 20:02:06', '2024-08-03 14:37:04'),
(1037, 'Burger Buns', 'خبز برجر', 8, 41, 1, '1', NULL, NULL, NULL, NULL, '2024-07-28 13:30:49', '2024-07-30 19:53:54'),
(1039, 'Apricot jam', 'مربي مشمش', 7, 41, 1, '1', NULL, NULL, NULL, NULL, '2024-07-30 13:12:56', '2024-07-30 19:52:57'),
(1040, 'Zucchini', 'الكوسا', 69, 41, 1, '1', NULL, NULL, NULL, NULL, '2024-07-30 13:52:58', '2024-07-30 19:52:52'),
(1041, 'Oyster sauce', 'صلصة المحار', 7, 41, 1, '1', 0, 0, 0, 0, '2024-07-30 13:56:36', '2024-07-30 19:52:45'),
(1042, 'Soy sauce', 'صويا صوص', 7, 41, 1, '1', 0, 0, 0, 0, '2024-07-30 13:58:54', '2024-08-03 14:49:01'),
(1043, 'Spicy sauce', 'صلصة حارة', 67, 41, 1, '1', 0, 0, 0, 0, '2024-07-30 14:00:57', '2024-07-30 19:52:37'),
(1044, 'Sesame oil', 'زيت سمسم', 67, 41, 1, '1', 0, 0, 0, 0, '2024-07-30 14:01:51', '2024-07-30 19:52:29'),
(1045, 'Rice vinegar', 'خل الارز', 67, 41, 1, '1', 0, 0, 0, 0, '2024-07-30 14:02:24', '2024-07-31 11:17:02'),
(1046, 'Minced beef', 'لحم بقري مفروم', 11, 41, 1, '1', 0, 0, 0, 0, '2024-07-30 14:40:06', '2024-08-03 14:48:10'),
(1047, 'Dried Thymus', 'زعتر ناشف', 66, 41, 0, '1', 0, 0, 0, 0, '2024-07-30 14:41:20', '2024-08-03 14:49:10'),
(1048, 'Sweet paprika', 'بابريكا حلوة', 66, 41, 1, '1', 0, 0, 0, 0, '2024-07-30 14:41:58', '2024-07-30 19:51:24'),
(1049, 'Hot paprika', 'بابريكا حاره', 66, 41, 1, '1', 0, 0, 0, 0, '2024-07-30 14:42:30', '2024-07-30 19:51:15'),
(1050, 'Tomato juice', 'عصير الطماطم', 7, 41, 1, '1', 0, 0, 0, 0, '2024-07-30 14:43:43', '2024-07-30 19:50:19'),
(1051, 'Spleen', 'طحال', 11, 41, 1, '1', 0, 0, 0, 0, '2024-07-30 20:01:33', '2024-07-31 11:14:41'),
(1052, 'Hot pepper', 'شطة', 7, 41, 0, '1', 0, 0, 0, 0, '2024-07-30 20:07:15', '2024-08-02 13:35:07'),
(1053, 'Monk Fruit suger', 'محلي المونك فروت', 7, 41, 0, '1', NULL, NULL, NULL, NULL, '2024-08-04 10:35:48', '2024-08-04 10:35:48'),
(1054, 'Mandarin peel', 'قشر الماندرين', 67, 41, 0, '1', NULL, NULL, NULL, NULL, '2024-08-04 10:37:21', '2024-08-04 10:37:21'),
(1055, 'Mandarin juice', 'عصير الماندرين', 67, 41, 0, '1', NULL, NULL, NULL, NULL, '2024-08-04 10:39:02', '2024-08-04 10:39:02'),
(1056, 'Asparagus', 'هليون', 54, 41, 0, '1', NULL, NULL, NULL, NULL, '2024-08-04 10:52:31', '2024-08-04 10:52:31'),
(1057, 'Capers', 'حبوب كيبر', 67, 41, 0, '1', NULL, NULL, NULL, NULL, '2024-08-04 10:56:17', '2024-08-04 10:56:17'),
(1058, NULL, 'مندرين', 8, 41, 0, '1', NULL, NULL, NULL, NULL, '2024-08-05 18:37:41', '2024-08-05 18:37:41'),
(1059, NULL, 'بهار حلبي', 54, 41, 0, '1', NULL, NULL, NULL, NULL, '2024-08-05 21:02:28', '2024-08-05 21:02:28');

-- --------------------------------------------------------

--
-- Table structure for table `ingredients_allergy_user`
--

CREATE TABLE `ingredients_allergy_user` (
  `id` bigint(20) NOT NULL,
  `ingredient_id` bigint(20) NOT NULL,
  `user_id` bigint(20) NOT NULL,
  `active_flag` char(1) NOT NULL DEFAULT '1',
  `created_at` timestamp NOT NULL DEFAULT current_timestamp() ON UPDATE current_timestamp(),
  `updated_at` timestamp NULL DEFAULT NULL
) ENGINE=InnoDB DEFAULT CHARSET=utf8mb4;

--
-- Dumping data for table `ingredients_allergy_user`
--

INSERT INTO `ingredients_allergy_user` (`id`, `ingredient_id`, `user_id`, `active_flag`, `created_at`, `updated_at`) VALUES
(1, 2, 301, '1', '2024-04-20 08:58:57', '2024-04-20 08:58:57'),
(2, 8, 301, '1', '2024-04-21 21:54:34', '2024-04-21 21:54:34'),
(3, 7, 301, '1', '2024-04-21 21:56:48', '2024-04-21 21:56:48'),
(4, 2, 303, '1', '2024-05-01 08:53:36', '2024-05-01 08:53:36'),
(5, 5, 303, '1', '2024-05-01 08:53:36', '2024-05-01 08:53:36'),
(6, 1, 303, '1', '2024-05-01 08:54:11', '2024-05-01 08:54:11'),
(7, 3, 303, '1', '2024-05-01 08:59:33', '2024-05-01 08:59:33'),
(8, 2, 342, '1', '2024-05-12 05:57:55', '2024-05-12 05:57:55'),
(9, 1, 253, '1', '2024-05-12 19:49:19', '2024-05-12 19:49:19'),
(10, 2, 253, '1', '2024-05-12 19:49:19', '2024-05-12 19:49:19'),
(11, 3, 253, '1', '2024-05-12 19:49:19', '2024-05-12 19:49:19'),
(12, 4, 253, '1', '2024-05-12 19:49:19', '2024-05-12 19:49:19'),
(13, 5, 253, '1', '2024-05-12 19:49:19', '2024-05-12 19:49:19'),
(14, 8, 253, '1', '2024-05-12 21:42:44', '2024-05-12 21:42:44'),
(15, 6, 253, '1', '2024-05-12 21:43:14', '2024-05-12 21:43:14'),
(16, 7, 253, '1', '2024-05-12 21:43:14', '2024-05-12 21:43:14'),
(17, 9, 253, '1', '2024-05-12 21:43:14', '2024-05-12 21:43:14'),
(18, 10, 253, '1', '2024-05-12 21:43:14', '2024-05-12 21:43:14'),
(19, 11, 253, '1', '2024-05-12 21:43:14', '2024-05-12 21:43:14'),
(20, 12, 253, '1', '2024-05-12 21:43:14', '2024-05-12 21:43:14'),
(21, 13, 253, '1', '2024-05-12 21:43:14', '2024-05-12 21:43:14'),
(22, 14, 253, '1', '2024-05-12 21:43:14', '2024-05-12 21:43:14'),
(23, 15, 253, '1', '2024-05-12 21:43:14', '2024-05-12 21:43:14'),
(24, 2, 345, '1', '2024-05-12 22:15:42', '2024-05-12 22:15:42'),
(25, 5, 345, '1', '2024-05-12 22:15:42', '2024-05-12 22:15:42'),
(26, 5, 359, '1', '2024-05-14 17:49:32', '2024-05-14 17:49:32'),
(27, 7, 359, '1', '2024-05-14 17:49:32', '2024-05-14 17:49:32'),
(28, 8, 359, '1', '2024-05-14 17:49:32', '2024-05-14 17:49:32'),
(29, 5, 366, '1', '2024-05-15 19:10:21', '2024-05-15 19:10:21'),
(30, 6, 366, '1', '2024-05-15 19:10:21', '2024-05-15 19:10:21'),
(31, 8, 366, '1', '2024-05-15 19:22:33', '2024-05-15 19:22:33'),
(32, 11, 366, '1', '2024-05-15 19:22:33', '2024-05-15 19:22:33'),
(33, 12, 330, '1', '2024-05-15 19:23:43', '2024-05-15 19:23:43'),
(34, 1, 317, '1', '2024-05-16 17:24:00', '2024-05-16 17:24:00'),
(35, 2, 317, '1', '2024-05-16 17:24:00', '2024-05-16 17:24:00'),
(36, 1, 369, '1', '2024-05-18 12:47:19', '2024-05-18 12:47:19'),
(37, 2, 369, '1', '2024-05-18 12:47:19', '2024-05-18 12:47:19'),
(38, 3, 369, '1', '2024-05-18 12:47:19', '2024-05-18 12:47:19'),
(39, 194, 359, '1', '2024-05-31 21:42:21', '2024-05-31 21:42:21'),
(40, 200, 359, '1', '2024-05-31 21:42:21', '2024-05-31 21:42:21'),
(41, 208, 359, '1', '2024-05-31 21:42:21', '2024-05-31 21:42:21'),
(42, 2, 338, '1', '2024-06-01 04:05:28', '2024-06-01 04:05:28'),
(43, 925, 377, '1', '2024-06-01 05:15:16', '2024-06-01 05:15:16'),
(44, 927, 377, '1', '2024-06-01 05:15:16', '2024-06-01 05:15:16'),
(45, 931, 377, '1', '2024-06-01 05:15:16', '2024-06-01 05:15:16'),
(46, 933, 377, '1', '2024-06-01 05:15:16', '2024-06-01 05:15:16'),
(47, 10, 330, '1', '2024-06-01 12:33:11', '2024-06-01 12:33:11'),
(49, 2, 383, '1', '2024-06-02 20:35:09', '2024-06-02 20:35:09'),
(54, 1, 383, '1', '2024-06-02 20:39:46', '2024-06-02 20:39:46'),
(55, 3, 383, '1', '2024-06-02 20:39:46', '2024-06-02 20:39:46'),
(68, 1, 384, '1', '2024-06-02 20:57:38', '2024-06-02 20:57:38'),
(69, 2, 384, '1', '2024-06-02 20:57:38', '2024-06-02 20:57:38'),
(70, 3, 384, '1', '2024-06-02 20:57:38', '2024-06-02 20:57:38'),
(71, 2, 381, '1', '2024-06-02 21:01:14', '2024-06-02 21:01:14'),
(72, 5, 381, '1', '2024-06-02 21:01:14', '2024-06-02 21:01:14'),
(73, 1, 381, '1', '2024-06-02 21:03:51', '2024-06-02 21:03:51'),
(74, 6, 381, '1', '2024-06-02 21:04:18', '2024-06-02 21:04:18'),
(75, 3, 309, '1', '2024-06-07 13:47:44', '2024-06-07 13:47:44'),
(76, 5, 309, '1', '2024-06-07 14:08:16', '2024-06-07 14:08:16'),
(77, 3, 391, '1', '2024-06-07 14:15:32', '2024-06-07 14:15:32'),
(78, 5, 383, '1', '2024-06-07 17:24:51', '2024-06-07 17:24:51'),
(79, 7, 383, '1', '2024-06-07 17:25:19', '2024-06-07 17:25:19'),
(80, 5, 344, '1', '2024-06-07 18:10:39', '2024-06-07 18:10:39'),
(81, 1, 400, '1', '2024-06-08 07:45:27', '2024-06-08 07:45:27'),
(82, 2, 400, '1', '2024-06-08 07:45:27', '2024-06-08 07:45:27'),
(83, 3, 400, '1', '2024-06-08 07:45:27', '2024-06-08 07:45:27'),
(84, 1, 426, '1', '2024-06-09 14:10:02', '2024-06-09 14:10:02'),
(85, 2, 426, '1', '2024-06-09 14:10:02', '2024-06-09 14:10:02'),
(86, 3, 426, '1', '2024-06-09 14:10:02', '2024-06-09 14:10:02'),
(87, 5, 397, '1', '2024-06-12 10:42:05', '2024-06-12 10:42:05'),
(92, 1, 309, '1', '2024-06-19 08:17:50', '2024-06-19 08:17:50'),
(93, 2, 309, '1', '2024-06-19 08:17:50', '2024-06-19 08:17:50'),
(94, 4, 309, '1', '2024-06-19 08:17:50', '2024-06-19 08:17:50'),
(95, 6, 309, '1', '2024-06-19 08:17:50', '2024-06-19 08:17:50'),
(96, 7, 309, '1', '2024-06-19 08:17:50', '2024-06-19 08:17:50'),
(97, 8, 309, '1', '2024-06-19 08:17:50', '2024-06-19 08:17:50'),
(98, 9, 309, '1', '2024-06-19 08:17:50', '2024-06-19 08:17:50'),
(99, 931, 430, '1', '2024-06-19 15:20:02', '2024-06-19 15:20:02'),
(103, 2, 454, '1', '2024-06-24 12:17:27', '2024-06-24 12:17:27'),
(130, 4, 437, '1', '2024-06-24 18:56:21', '2024-06-24 18:56:21'),
(131, 5, 437, '1', '2024-06-24 18:56:21', '2024-06-24 18:56:21'),
(132, 13, 437, '1', '2024-06-24 20:16:36', '2024-06-24 20:16:36'),
(133, 14, 437, '1', '2024-06-24 20:16:36', '2024-06-24 20:16:36'),
(134, 16, 437, '1', '2024-06-24 20:16:36', '2024-06-24 20:16:36'),
(135, 17, 437, '1', '2024-06-24 20:16:36', '2024-06-24 20:16:36'),
(137, 10, 430, '1', '2024-06-26 12:21:38', '2024-06-26 12:21:38'),
(138, 16, 430, '1', '2024-06-26 12:21:38', '2024-06-26 12:21:38'),
(139, 19, 430, '1', '2024-06-26 12:21:38', '2024-06-26 12:21:38'),
(140, 22, 430, '1', '2024-06-26 12:21:38', '2024-06-26 12:21:38'),
(141, 4, 463, '1', '2024-06-26 12:33:41', '2024-06-26 12:33:41'),
(142, 13, 463, '1', '2024-06-26 12:33:41', '2024-06-26 12:33:41'),
(143, 14, 463, '1', '2024-06-26 12:33:41', '2024-06-26 12:33:41'),
(144, 1, 464, '1', '2024-06-27 08:57:21', '2024-06-27 08:57:21'),
(145, 2, 464, '1', '2024-06-27 08:57:21', '2024-06-27 08:57:21'),
(146, 3, 464, '1', '2024-06-27 08:57:21', '2024-06-27 08:57:21'),
(147, 3, 435, '1', '2024-06-29 18:27:32', '2024-06-29 18:27:32'),
(148, 7, 435, '1', '2024-06-29 18:27:32', '2024-06-29 18:27:32'),
(149, 1, 430, '1', '2024-07-02 21:39:35', '2024-07-02 21:39:35'),
(150, 8, 472, '1', '2024-07-11 14:21:56', '2024-07-11 14:21:56'),
(151, 2, 487, '1', '2024-07-22 09:43:12', '2024-07-22 09:43:12'),
(152, 4, 487, '1', '2024-07-22 09:43:12', '2024-07-22 09:43:12'),
(153, 6, 487, '1', '2024-07-22 09:43:12', '2024-07-22 09:43:12'),
(154, 8, 487, '1', '2024-07-22 09:45:59', '2024-07-22 09:45:59'),
(155, 11, 487, '1', '2024-07-22 09:46:08', '2024-07-22 09:46:08'),
(156, 3, 430, '1', '2024-07-23 12:19:35', '2024-07-23 12:19:35'),
(157, 6, 430, '1', '2024-07-23 12:19:35', '2024-07-23 12:19:35'),
(158, 1, 490, '1', '2024-07-24 11:38:59', '2024-07-24 11:38:59'),
(159, 2, 490, '1', '2024-07-24 11:38:59', '2024-07-24 11:38:59'),
(160, 3, 490, '1', '2024-07-24 11:38:59', '2024-07-24 11:38:59'),
(161, 4, 490, '1', '2024-07-24 11:38:59', '2024-07-24 11:38:59'),
(162, 5, 490, '1', '2024-07-24 11:38:59', '2024-07-24 11:38:59'),
(163, 6, 490, '1', '2024-07-24 11:38:59', '2024-07-24 11:38:59'),
(164, 1, 493, '1', '2024-07-24 20:40:15', '2024-07-24 20:40:15'),
(165, 2, 493, '1', '2024-07-24 20:40:15', '2024-07-24 20:40:15'),
(166, 3, 493, '1', '2024-07-24 20:40:15', '2024-07-24 20:40:15'),
(167, 7, 490, '1', '2024-08-03 17:21:51', '2024-08-03 17:21:51'),
(168, 8, 490, '1', '2024-08-03 17:21:51', '2024-08-03 17:21:51');

-- --------------------------------------------------------

--
-- Table structure for table `ingredients_dislike_user`
--

CREATE TABLE `ingredients_dislike_user` (
  `id` bigint(20) NOT NULL,
  `ingredient_id` bigint(20) NOT NULL,
  `user_id` bigint(20) NOT NULL,
  `active_flag` char(1) NOT NULL DEFAULT '1',
  `created_at` timestamp NOT NULL DEFAULT current_timestamp() ON UPDATE current_timestamp(),
  `updated_at` timestamp NULL DEFAULT NULL
) ENGINE=InnoDB DEFAULT CHARSET=utf8mb4;

--
-- Dumping data for table `ingredients_dislike_user`
--

INSERT INTO `ingredients_dislike_user` (`id`, `ingredient_id`, `user_id`, `active_flag`, `created_at`, `updated_at`) VALUES
(1, 2, 303, '1', '2024-05-01 08:53:41', '2024-05-01 08:53:41'),
(2, 3, 303, '1', '2024-05-01 08:53:41', '2024-05-01 08:53:41'),
(3, 5, 303, '1', '2024-05-01 08:53:41', '2024-05-01 08:53:41'),
(4, 8, 303, '1', '2024-05-01 08:59:36', '2024-05-01 08:59:36'),
(5, 5, 342, '1', '2024-05-12 05:53:17', '2024-05-12 05:53:17'),
(6, 4, 342, '1', '2024-05-12 06:10:35', '2024-05-12 06:10:35'),
(7, 1, 342, '1', '2024-05-12 06:12:09', '2024-05-12 06:12:09'),
(9, 3, 342, '1', '2024-05-12 06:19:53', '2024-05-12 06:19:53'),
(10, 2, 342, '1', '2024-05-12 06:29:07', '2024-05-12 06:29:07'),
(11, 1, 253, '1', '2024-05-12 19:49:01', '2024-05-12 19:49:01'),
(12, 2, 253, '1', '2024-05-12 19:49:01', '2024-05-12 19:49:01'),
(13, 3, 253, '1', '2024-05-12 19:49:01', '2024-05-12 19:49:01'),
(14, 890, 253, '1', '2024-05-12 19:49:01', '2024-05-12 19:49:01'),
(15, 893, 253, '1', '2024-05-12 19:49:01', '2024-05-12 19:49:01'),
(16, 894, 253, '1', '2024-05-12 19:49:01', '2024-05-12 19:49:01'),
(17, 1011, 253, '1', '2024-05-12 19:49:01', '2024-08-04 09:27:41'),
(18, 4, 253, '1', '2024-05-12 19:50:42', '2024-05-12 19:50:42'),
(19, 7, 253, '1', '2024-05-12 19:50:42', '2024-05-12 19:50:42'),
(20, 6, 253, '1', '2024-05-12 21:42:48', '2024-05-12 21:42:48'),
(21, 1, 345, '1', '2024-05-12 22:15:46', '2024-05-12 22:15:46'),
(22, 4, 345, '1', '2024-05-12 22:15:46', '2024-05-12 22:15:46'),
(23, 7, 345, '1', '2024-05-12 22:15:46', '2024-05-12 22:15:46'),
(24, 2, 350, '1', '2024-05-14 04:35:40', '2024-05-14 04:35:40'),
(25, 2, 357, '1', '2024-05-14 08:40:05', '2024-05-14 08:40:05'),
(26, 3, 359, '1', '2024-05-14 17:49:36', '2024-05-14 17:49:36'),
(27, 4, 359, '1', '2024-05-14 17:49:36', '2024-05-14 17:49:36'),
(28, 5, 359, '1', '2024-05-14 17:49:36', '2024-05-14 17:49:36'),
(29, 5, 366, '1', '2024-05-15 19:10:34', '2024-05-15 19:10:34'),
(30, 8, 366, '1', '2024-05-15 19:22:36', '2024-05-15 19:22:36'),
(31, 11, 366, '1', '2024-05-15 19:22:36', '2024-05-15 19:22:36'),
(32, 12, 330, '1', '2024-05-15 19:25:56', '2024-05-15 19:25:56'),
(34, 1, 317, '1', '2024-05-16 17:24:08', '2024-05-16 17:24:08'),
(35, 2, 317, '1', '2024-05-16 17:24:08', '2024-05-16 17:24:08'),
(36, 1, 369, '1', '2024-05-18 12:47:22', '2024-05-18 12:47:22'),
(37, 2, 369, '1', '2024-05-18 12:47:22', '2024-05-18 12:47:22'),
(38, 3, 369, '1', '2024-05-18 12:47:22', '2024-05-18 12:47:22'),
(39, 1, 359, '1', '2024-05-31 21:42:25', '2024-05-31 21:42:25'),
(40, 2, 359, '1', '2024-05-31 21:42:25', '2024-05-31 21:42:25'),
(41, 6, 359, '1', '2024-05-31 21:42:25', '2024-05-31 21:42:25'),
(42, 1, 338, '1', '2024-06-01 04:05:56', '2024-06-01 04:05:56'),
(43, 2, 338, '1', '2024-06-01 04:05:56', '2024-06-01 04:05:56'),
(44, 931, 377, '1', '2024-06-01 05:15:25', '2024-06-01 05:15:25'),
(45, 1, 377, '1', '2024-06-01 05:16:16', '2024-06-01 05:16:16'),
(46, 2, 377, '1', '2024-06-01 05:16:16', '2024-06-01 05:16:16'),
(47, 3, 377, '1', '2024-06-01 05:16:16', '2024-06-01 05:16:16'),
(48, 4, 377, '1', '2024-06-01 05:16:16', '2024-06-01 05:16:16'),
(49, 5, 377, '1', '2024-06-01 05:16:16', '2024-06-01 05:16:16'),
(50, 1, 379, '1', '2024-06-01 05:40:44', '2024-06-01 05:40:44'),
(51, 2, 379, '1', '2024-06-01 05:40:44', '2024-06-01 05:40:44'),
(52, 3, 379, '1', '2024-06-01 05:40:44', '2024-06-01 05:40:44'),
(53, 1, 383, '1', '2024-06-02 20:28:32', '2024-06-02 20:28:32'),
(54, 2, 383, '1', '2024-06-02 20:28:32', '2024-06-02 20:28:32'),
(55, 3, 383, '1', '2024-06-02 20:28:32', '2024-06-02 20:28:32'),
(56, 4, 383, '1', '2024-06-02 20:37:28', '2024-06-02 20:37:28'),
(57, 5, 383, '1', '2024-06-02 20:37:28', '2024-06-02 20:37:28'),
(58, 6, 383, '1', '2024-06-02 20:37:28', '2024-06-02 20:37:28'),
(59, 7, 383, '1', '2024-06-02 20:42:47', '2024-06-02 20:42:47'),
(60, 8, 383, '1', '2024-06-02 20:42:47', '2024-06-02 20:42:47'),
(61, 9, 383, '1', '2024-06-02 20:42:47', '2024-06-02 20:42:47'),
(62, 10, 383, '1', '2024-06-02 20:43:26', '2024-06-02 20:43:26'),
(63, 11, 383, '1', '2024-06-02 20:43:26', '2024-06-02 20:43:26'),
(64, 1, 384, '1', '2024-06-02 20:57:48', '2024-06-02 20:57:48'),
(65, 2, 384, '1', '2024-06-02 20:57:48', '2024-06-02 20:57:48'),
(66, 3, 384, '1', '2024-06-02 20:57:48', '2024-06-02 20:57:48'),
(67, 5, 309, '1', '2024-06-07 13:47:58', '2024-06-07 13:47:58'),
(68, 4, 309, '1', '2024-06-07 14:08:23', '2024-06-07 14:08:23'),
(69, 15, 344, '1', '2024-06-07 18:10:40', '2024-06-07 18:10:40'),
(70, 1, 400, '1', '2024-06-08 07:45:31', '2024-06-08 07:45:31'),
(71, 3, 400, '1', '2024-06-08 07:45:31', '2024-06-08 07:45:31'),
(72, 5, 400, '1', '2024-06-08 07:45:31', '2024-06-08 07:45:31'),
(73, 1, 426, '1', '2024-06-09 14:10:02', '2024-06-09 14:10:02'),
(74, 2, 426, '1', '2024-06-09 14:10:02', '2024-06-09 14:10:02'),
(75, 3, 426, '1', '2024-06-09 14:10:02', '2024-06-09 14:10:02'),
(76, 2, 397, '1', '2024-06-12 10:42:07', '2024-06-12 10:42:07'),
(77, 1, 430, '1', '2024-06-18 15:57:07', '2024-06-18 15:57:07'),
(78, 2, 430, '1', '2024-06-18 15:57:07', '2024-06-18 15:57:07'),
(79, 8, 430, '1', '2024-06-18 22:14:42', '2024-06-18 22:14:42'),
(80, 1, 309, '1', '2024-06-19 08:18:20', '2024-06-19 08:18:20'),
(81, 2, 309, '1', '2024-06-19 08:18:20', '2024-06-19 08:18:20'),
(82, 3, 309, '1', '2024-06-19 08:18:20', '2024-06-19 08:18:20'),
(83, 6, 309, '1', '2024-06-19 08:18:20', '2024-06-19 08:18:20'),
(84, 4, 430, '1', '2024-06-19 15:20:16', '2024-06-19 15:20:16'),
(85, 7, 430, '1', '2024-06-19 15:20:16', '2024-06-19 15:20:16'),
(86, 9, 430, '1', '2024-06-19 15:20:16', '2024-06-19 15:20:16'),
(87, 7, 435, '1', '2024-06-19 20:49:50', '2024-06-19 20:49:50'),
(88, 4, 435, '1', '2024-06-22 10:40:49', '2024-06-22 10:40:49'),
(89, 2, 454, '1', '2024-06-24 12:18:01', '2024-06-24 12:18:01'),
(122, 8, 437, '1', '2024-06-24 18:56:25', '2024-06-24 18:56:25'),
(123, 9, 437, '1', '2024-06-24 18:56:25', '2024-06-24 18:56:25'),
(124, 13, 437, '1', '2024-06-24 20:16:39', '2024-06-24 20:16:39'),
(125, 14, 437, '1', '2024-06-24 20:16:39', '2024-06-24 20:16:39'),
(126, 17, 437, '1', '2024-06-24 20:16:39', '2024-06-24 20:16:39'),
(127, 19, 437, '1', '2024-06-24 20:16:39', '2024-06-24 20:16:39'),
(128, 622, 435, '1', '2024-06-26 12:01:52', '2024-06-26 12:01:52'),
(129, 1, 463, '1', '2024-06-26 12:33:51', '2024-06-26 12:33:51'),
(130, 10, 463, '1', '2024-06-26 12:33:51', '2024-06-26 12:33:51'),
(131, 11, 463, '1', '2024-06-26 12:33:51', '2024-06-26 12:33:51'),
(132, 1, 381, '1', '2024-06-27 03:10:18', '2024-06-27 03:10:18'),
(133, 2, 381, '1', '2024-06-27 03:10:18', '2024-06-27 03:10:18'),
(134, 5, 381, '1', '2024-06-27 03:10:18', '2024-06-27 03:10:18'),
(135, 1, 464, '1', '2024-06-27 08:57:23', '2024-06-27 08:57:23'),
(136, 2, 464, '1', '2024-06-27 08:57:23', '2024-06-27 08:57:23'),
(137, 3, 464, '1', '2024-06-27 08:57:23', '2024-06-27 08:57:23'),
(138, 3, 430, '1', '2024-07-02 21:39:43', '2024-07-02 21:39:43'),
(139, 8, 472, '1', '2024-07-11 14:21:58', '2024-07-11 14:21:58'),
(140, 1, 487, '1', '2024-07-22 09:43:15', '2024-07-22 09:43:15'),
(141, 3, 487, '1', '2024-07-22 09:43:15', '2024-07-22 09:43:15'),
(142, 5, 487, '1', '2024-07-22 09:43:15', '2024-07-22 09:43:15'),
(143, 6, 430, '1', '2024-07-23 12:19:39', '2024-07-23 12:19:39'),
(144, 1, 490, '1', '2024-07-24 11:39:03', '2024-07-24 11:39:03'),
(145, 2, 490, '1', '2024-07-24 11:39:03', '2024-07-24 11:39:03'),
(146, 3, 490, '1', '2024-07-24 11:39:03', '2024-07-24 11:39:03'),
(147, 4, 490, '1', '2024-07-24 11:39:03', '2024-07-24 11:39:03'),
(148, 5, 490, '1', '2024-07-24 11:39:03', '2024-07-24 11:39:03'),
(149, 6, 490, '1', '2024-07-24 11:39:03', '2024-07-24 11:39:03'),
(150, 1, 493, '1', '2024-07-24 20:40:22', '2024-07-24 20:40:22'),
(151, 2, 493, '1', '2024-07-24 20:40:22', '2024-07-24 20:40:22'),
(152, 3, 493, '1', '2024-07-24 20:40:22', '2024-07-24 20:40:22'),
(153, 982, 437, '1', '2024-07-27 16:51:44', '2024-07-27 16:51:44'),
(154, 8, 490, '1', '2024-08-01 09:59:39', '2024-08-01 09:59:39'),
(155, 17, 330, '1', '2024-08-05 18:25:57', '2024-08-05 18:25:57');

-- --------------------------------------------------------

--
-- Table structure for table `meals_of_month`
--

CREATE TABLE `meals_of_month` (
  `id` int(11) NOT NULL,
  `tutorial_id` int(11) NOT NULL,
  `sort` int(11) NOT NULL,
  `created_at` datetime NOT NULL,
  `update_at` datetime NOT NULL
) ENGINE=InnoDB DEFAULT CHARSET=utf8;

--
-- Dumping data for table `meals_of_month`
--

INSERT INTO `meals_of_month` (`id`, `tutorial_id`, `sort`, `created_at`, `update_at`) VALUES
(1, 8, 0, '2024-03-08 23:05:19', '2024-03-08 23:05:19'),
(2, 4, 2, '2024-05-13 21:27:51', '2024-05-13 21:27:51');

-- --------------------------------------------------------

--
-- Table structure for table `messages_from_admin_to_chefs`
--

CREATE TABLE `messages_from_admin_to_chefs` (
  `id` int(11) NOT NULL,
  `tutorial_id` int(11) NOT NULL,
  `message` tinytext NOT NULL,
  `created_at` datetime NOT NULL
) ENGINE=InnoDB DEFAULT CHARSET=utf8;

--
-- Dumping data for table `messages_from_admin_to_chefs`
--

INSERT INTO `messages_from_admin_to_chefs` (`id`, `tutorial_id`, `message`, `created_at`) VALUES
(15, 24, 'wdwdw wdw d', '2024-06-22 00:39:12'),
(16, 24, 'lets go there \nso test \n\ntest', '2024-06-22 00:40:26'),
(17, 2, 'hi', '2024-06-23 19:10:51'),
(18, 2, 'hi', '2024-06-23 19:12:22'),
(19, 2, 'hi', '2024-06-23 19:13:03'),
(20, 75, 'Hi chef \nthis video missing the steps and ingredient please update it to be accepted', '2024-06-29 22:41:16'),
(21, 42, 'hi', '2024-06-29 22:50:06'),
(22, 42, 'hello you meal missing the', '2024-06-29 23:33:58'),
(23, 42, 'hi', '2024-06-29 23:42:25'),
(24, 93, 'Hi Chef Mariah,\n\nI hope you\'re doing well. We noticed that the ingredients and cooking steps are missing to complete the meal. You should add them, or you can reply to this email with all the data, and our Data Entry team will do it on your behalf.\n\nمر', '2024-07-07 10:55:38'),
(25, 66, 'hi chef', '2024-07-25 20:17:35'),
(26, 42, 'hi', '2024-07-25 20:19:52'),
(27, 105, 'Hi chef Sevo,\nyou meal is not completed please let us know if you need any support ,', '2024-07-30 20:53:52');

-- --------------------------------------------------------

--
-- Table structure for table `migrations`
--

CREATE TABLE `migrations` (
  `id` int(10) UNSIGNED NOT NULL,
  `migration` varchar(190) NOT NULL,
  `batch` int(11) NOT NULL
) ENGINE=InnoDB DEFAULT CHARSET=utf8mb4;

--
-- Dumping data for table `migrations`
--

INSERT INTO `migrations` (`id`, `migration`, `batch`) VALUES
(1, '2014_10_12_000000_create_users_table', 1),
(2, '2014_10_15_081704_create_chefs_table', 1),
(3, '2014_10_17_100000_create_password_resets_table', 1),
(4, '2019_08_19_000000_create_failed_jobs_table', 1),
(5, '2019_12_14_000001_create_personal_access_tokens_table', 1),
(6, '2022_09_19_081338_create_cuisines_table', 1),
(7, '2022_09_19_081851_create_food_systems_table', 1),
(8, '2022_09_19_082100_create_tutorials_table', 1),
(9, '2022_09_19_082204_create_tutorial_videos_table', 1),
(10, '2022_09_19_082350_create_products_table', 1),
(11, '2022_09_19_082353_create_product_variation_types_table', 1),
(12, '2022_09_19_082355_create_product_variations_table', 1),
(13, '2022_09_19_082411_create_carts_table', 1),
(14, '2022_09_19_082509_create_product_tutorial_video_table', 1),
(15, '2022_09_19_082526_create_posts_table', 1),
(16, '2022_09_19_082531_create_comments_table', 1),
(17, '2022_09_19_082842_create_chef_cuisine_table', 1),
(18, '2022_09_19_083508_create_product_images_table', 1),
(19, '2022_09_19_084842_create_chef_relations_table', 1),
(20, '2022_10_15_111745_create_regional_cuisines_table', 1),
(21, '2022_10_15_111848_create_regional_cuisine_user_table', 1),
(22, '2022_10_15_112218_create_cuisine_user_table', 1),
(23, '2022_10_15_112333_create_food_system_user_table', 1),
(24, '2022_11_05_100032_create_post_images_table', 1),
(25, '2022_11_15_233920_create_admins_table', 1),
(26, '2022_11_18_155429_create_ingredients_table', 1),
(27, '2022_11_18_200213_create_chef_regional_cusine_table', 1),
(28, '2022_11_19_212531_create_favourites_table', 1),
(29, '2022_11_19_222643_create_chef_friendships_table', 1),
(30, '2022_11_19_231758_create_ingredient_tutorial_video_table', 1),
(31, '2022_12_23_175848_create_videos_table', 1),
(32, '2022_12_23_205538_create_ingredient_video_table', 1),
(33, '2023_01_14_001815_add_path_to_tutorial_videos_table', 1),
(34, '2023_02_09_145235_add_main_to_videos_table', 1),
(35, '2023_02_24_233928_add_social_media_fields_to_chefs_table', 1),
(36, '2023_03_18_130203_create_tutorial_favourites_table', 2),
(37, '2023_03_18_222047_create_user_bookmark_videos', 2),
(38, '2023_03_28_234432_add_bio_to_chefs_table', 3),
(39, '2023_03_28_235818_add_unit_to_ingredients_table', 4),
(40, '2023_06_18_205003_create_tags_table', 5),
(41, '2023_06_18_205100_create_tagable_table', 5),
(42, '2023_08_19_093155_create_food_sysytem_chef_table', 5),
(50, '2023_09_05_202736_add_otp_to_users', 6),
(51, '2023_09_12_170134_add_first_visit_to_chefs_table', 6),
(52, '2023_09_13_092350_add_is_authorize_to_users_table', 6),
(53, '2023_11_11_110705_modify_tutorials_table', 7),
(54, '2023_11_11_111424_add_status_to_tutorial_videos_table', 7),
(56, '2023_11_11_111424_add_status_to_tutorials_table', 8),
(58, '2023_06_18_205100_create_taggables_table', 9),
(59, '2023_11_11_111847_create_settings_table', 10),
(60, '2022_09_19_081000__create_reference_heads_table', 11);

-- --------------------------------------------------------

--
-- Table structure for table `mobile_banners`
--

CREATE TABLE `mobile_banners` (
  `id` int(11) NOT NULL,
  `banner_descreption` varchar(80) NOT NULL,
  `banner_sort` int(11) NOT NULL,
  `active_flag` char(1) NOT NULL,
  `created_date` timestamp NOT NULL DEFAULT current_timestamp() ON UPDATE current_timestamp(),
  `updated_date` timestamp NULL DEFAULT NULL,
  `show_banner_on_ref_id` int(11) NOT NULL,
  `banner_img_path` varchar(200) DEFAULT NULL
) ENGINE=InnoDB DEFAULT CHARSET=utf8mb4;

--
-- Dumping data for table `mobile_banners`
--

INSERT INTO `mobile_banners` (`id`, `banner_descreption`, `banner_sort`, `active_flag`, `created_date`, `updated_date`, `show_banner_on_ref_id`, `banner_img_path`) VALUES
(1, 'any description', 1, '1', '2024-01-08 20:08:28', NULL, 52, 'image.png');

-- --------------------------------------------------------

--
-- Table structure for table `mobile_chef_of_month`
--

CREATE TABLE `mobile_chef_of_month` (
  `id` int(11) NOT NULL,
  `chef_id` bigint(20) NOT NULL,
  `sort` int(11) NOT NULL,
  `active_flag` char(1) NOT NULL,
  `created_at` timestamp NOT NULL DEFAULT current_timestamp() ON UPDATE current_timestamp(),
  `updated_at` timestamp NULL DEFAULT NULL
) ENGINE=InnoDB DEFAULT CHARSET=utf8mb4;

--
-- Dumping data for table `mobile_chef_of_month`
--

INSERT INTO `mobile_chef_of_month` (`id`, `chef_id`, `sort`, `active_flag`, `created_at`, `updated_at`) VALUES
(1, 26, 1, '1', '2024-05-13 21:25:42', NULL),
(2, 25, 2, '1', '2024-05-13 21:24:41', NULL),
(4, 24, 3, '1', '2024-05-13 21:25:13', NULL),
(5, 22, 4, '1', '2024-05-13 21:26:12', NULL),
(6, 34, 0, '1', '2024-06-14 22:55:35', '2024-06-14 22:55:35'),
(8, 40, 0, '1', '2024-06-15 08:28:57', '2024-06-15 08:28:57'),
(9, 41, 0, '1', '2024-06-15 08:29:11', '2024-06-15 08:29:11'),
(10, 42, 0, '1', '2024-06-15 08:29:40', '2024-06-15 08:29:40');

-- --------------------------------------------------------

--
-- Table structure for table `otp_validate`
--

CREATE TABLE `otp_validate` (
  `id` int(11) NOT NULL,
  `USR_ID` bigint(20) DEFAULT NULL,
  `EMAIL_ID` varchar(200) DEFAULT NULL,
  `MOBILE` int(11) DEFAULT NULL,
  `OTP_key` varchar(200) DEFAULT NULL,
  `OTP_TYPE` varchar(200) DEFAULT NULL,
  `ACTIVE_FLAG` char(1) DEFAULT NULL,
  `Send_Status` varchar(500) DEFAULT NULL,
  `created_at` datetime DEFAULT NULL
) ENGINE=InnoDB DEFAULT CHARSET=utf8mb4;

--
-- Dumping data for table `otp_validate`
--

INSERT INTO `otp_validate` (`id`, `USR_ID`, `EMAIL_ID`, `MOBILE`, `OTP_key`, `OTP_TYPE`, `ACTIVE_FLAG`, `Send_Status`, `created_at`) VALUES
(1, 250, 'Gasem.khazali85@gmail.com', NULL, '670111', 'Regstration', '0', 'success', NULL),
(2, 250, 'Gasem.khazali85@gmail.com', NULL, '5152', 'Regstration', '1', 'success', NULL),
(3, 250, 'h.abdelqader123@gmail.com', NULL, '12010', 'Forget Password', '1', 'Faild', NULL),
(4, 250, 'h.abdelqader123@gmail.com', NULL, '5250', 'Forget Password', '1', 'success', NULL),
(5, 254, 'mo20130123@gmail.com', NULL, '820195', 'Registration', NULL, NULL, '2024-02-28 09:57:43'),
(6, 255, 'mo20130123@gmail.com', NULL, '527095', 'Registration', NULL, NULL, '2024-02-28 17:20:43'),
(7, 256, 'mo20130123@gmail.com', NULL, '357217', 'Registration', NULL, NULL, '2024-02-28 21:00:17'),
(8, 256, 'mo20130123@gmail.com', NULL, '661133', 'Registration', NULL, NULL, '2024-02-28 21:05:02'),
(9, 256, 'mo20130123@gmail.com', NULL, '777029', 'Registration', NULL, NULL, '2024-02-28 21:24:03'),
(10, 256, 'mo20130123@gmail.com', NULL, '120947', 'Registration', NULL, NULL, '2024-02-28 21:24:55'),
(11, 256, 'mo20130123@gmail.com', NULL, '485445', 'Registration', NULL, NULL, '2024-02-28 21:25:04'),
(12, 256, 'mo20130123@gmail.com', NULL, '637790', 'Registration', NULL, NULL, '2024-02-28 21:38:22'),
(13, 256, 'mo20130123@gmail.com', NULL, '734465', 'Registration', NULL, NULL, '2024-02-28 21:48:06'),
(14, 256, 'mo20130123@gmail.com', NULL, '315719', 'Registration', NULL, NULL, '2024-02-28 21:50:55'),
(15, 256, 'mo20130123@gmail.com', NULL, '271131', 'Registration', NULL, NULL, '2024-02-28 21:51:09'),
(16, 256, 'mo20130123@gmail.com', NULL, '667520', 'Registration', NULL, NULL, '2024-02-28 21:54:31'),
(17, 256, 'mo20130123@gmail.com', NULL, '400281', 'Registration', NULL, NULL, '2024-02-28 21:55:15'),
(18, 256, 'mo20130123@gmail.com', NULL, '921412', 'Registration', NULL, NULL, '2024-02-28 21:59:13'),
(19, 256, 'mo20130123@gmail.com', NULL, '142127', 'Registration', NULL, NULL, '2024-02-28 22:14:01'),
(20, 257, 'mo20130123@gmail.com2', NULL, '339347', 'Registration', NULL, NULL, '2024-03-01 13:05:21'),
(21, 258, 'mo20130123@gmail.com3', NULL, '705798', 'Registration', NULL, NULL, '2024-03-01 18:01:25'),
(22, 259, 'mo20130123@gmail.com4', NULL, '796147', 'Registration', NULL, NULL, '2024-03-01 18:02:22'),
(23, 260, 'mo20130123@gmail.com5', NULL, '273317', 'Registration', NULL, NULL, '2024-03-01 18:04:09'),
(24, 261, 'mo20130123@gmail.com6', NULL, '781536', 'Registration', NULL, NULL, '2024-03-01 19:19:19'),
(25, 262, 'mo20130123@gmail.com7', NULL, '782679', 'Registration', NULL, NULL, '2024-03-01 19:19:44'),
(26, 263, 'mo20130123@gmail.com8', NULL, '267016', 'Registration', NULL, NULL, '2024-03-01 19:21:01'),
(27, 264, 'mo20130123@gmail.com9', NULL, '703896', 'Registration', NULL, NULL, '2024-03-01 19:22:31'),
(28, 265, 'mo20130123@gmail.com10', NULL, '339393', 'Registration', NULL, NULL, '2024-03-02 11:08:03'),
(29, 266, 'mo20130123@gmail.com11', NULL, '705910', 'Registration', NULL, NULL, '2024-03-02 11:12:48'),
(30, 267, 'mo20130123@gmail.com12', NULL, '638292', 'Registration', NULL, NULL, '2024-03-02 13:48:32'),
(31, 268, 'mo20130123@gmail.com13', NULL, '747698', 'Registration', NULL, NULL, '2024-03-02 13:53:06'),
(32, 269, 'mo20130123@gmail.com14', NULL, '560965', 'Registration', NULL, NULL, '2024-03-02 13:56:45'),
(33, 270, 'mo20130123@gmail.com15', NULL, '245813', 'Registration', NULL, NULL, '2024-03-02 13:56:54'),
(34, 271, 'mo20130123@gmail.com16', NULL, '272290', 'Registration', NULL, NULL, '2024-03-02 14:01:44'),
(35, 272, 'mo20130123@gmail.com17', NULL, '273975', 'Registration', NULL, NULL, '2024-03-02 14:03:21'),
(36, 273, 'mo20130123@gmail.com18', NULL, '667040', 'Registration', NULL, NULL, '2024-03-02 14:04:08'),
(37, 274, 'mo20130123@gmail.com19', NULL, '706459', 'Registration', NULL, NULL, '2024-03-02 14:06:50'),
(38, 275, 'mo20130123@gmail.com20', NULL, '912269', 'Registration', NULL, NULL, '2024-03-02 14:10:32'),
(39, 276, 'mo20130123@gmail.com21', NULL, '968346', 'Registration', NULL, NULL, '2024-03-02 14:11:19'),
(40, 277, 'mo20130123@gmail.com22', NULL, '814013', 'Registration', NULL, NULL, '2024-03-02 14:17:44'),
(41, 278, 'mo20130123@gmail.com23', NULL, '367079', 'Registration', NULL, NULL, '2024-03-02 14:19:02'),
(42, 279, 'mo20130123@gmail.com24', NULL, '218257', 'Registration', NULL, NULL, '2024-03-02 14:30:25'),
(43, 280, 'mo20130123@gmail.com25', NULL, '991905', 'Registration', NULL, NULL, '2024-03-02 14:31:39'),
(44, 281, 'mo20130123@gmail.com26', NULL, '668368', 'Registration', NULL, NULL, '2024-03-02 14:34:32'),
(45, 282, 'mo20130123@gmail.com27', NULL, '916719', 'Registration', NULL, NULL, '2024-03-02 14:35:08'),
(46, 283, 'mo20130123@gmail.com28', NULL, '267149', 'Registration', NULL, NULL, '2024-03-02 14:43:03'),
(47, 284, 'mo20130123@gmail.com29', NULL, '517715', 'Registration', NULL, NULL, '2024-03-02 14:53:45'),
(48, 285, 'mo20130123@gmail.com30', NULL, '240470', 'Registration', NULL, NULL, '2024-03-03 21:16:09'),
(49, 286, 'mo20130123@gmail.com31', NULL, '413829', 'Registration', NULL, NULL, '2024-03-03 21:17:21'),
(50, 287, 'mo20130123@gmail.com32', NULL, '861102', 'Registration', NULL, NULL, '2024-03-03 21:17:33'),
(51, 288, 'test@gmail.com', NULL, '988488', 'Registration', '1', NULL, '2024-03-10 08:00:44'),
(52, 289, 'ahmed2020@yahoo.com', NULL, '276381', 'Registration', '1', NULL, '2024-03-11 18:35:52'),
(53, 290, 'testalerg@gmail.com', NULL, '117022', 'Registration', '1', NULL, '2024-03-11 21:00:52'),
(54, 291, 'testalerg1@gmail.com', NULL, '433466', 'Registration', '1', NULL, '2024-03-11 21:37:52'),
(55, 292, 'noor@gmail.com', NULL, '602173', 'Registration', '1', NULL, '2024-03-11 21:50:03'),
(56, 293, 'noor@gmail', NULL, '615658', 'Registration', '1', NULL, '2024-03-11 21:50:56'),
(57, 294, 'noor1@gmail.com', NULL, '857804', 'Registration', '1', NULL, '2024-03-11 21:52:37'),
(58, 295, 'mo0123@gmail.com4', NULL, '674294', 'Registration', '1', NULL, '2024-03-11 22:21:47'),
(59, 296, 'noortest@gmail.com4', NULL, '561565', 'Registration', '1', NULL, '2024-03-13 22:35:09'),
(60, 297, 'noortest@gmail', NULL, '586488', 'Registration', '1', NULL, '2024-03-13 22:35:38'),
(61, 298, 'gasemtest@gmail.com', NULL, '132612', 'Registration', '1', NULL, '2024-03-14 21:26:23'),
(62, 256, 'mo20130123@gmail.com', NULL, '114228', 'Registration', '1', NULL, '2024-03-16 10:58:15'),
(63, 256, 'mo20130123@gmail.com', NULL, '574464', 'Registration', '1', NULL, '2024-03-16 11:03:13'),
(64, 256, 'mo20130123@gmail.com', NULL, '572384', 'Registration', '1', NULL, '2024-03-16 11:06:41'),
(65, 299, 'gk@chefshub.net', NULL, '948613', 'Registration', '1', NULL, '2024-03-16 19:49:09'),
(66, 256, 'mo20130123@gmail.com', NULL, '717913', 'Registration', '1', NULL, '2024-03-16 22:39:36'),
(67, 430, 'Gasem.khazali85@gmail.com', NULL, '327994', 'Registration', '1', NULL, '2024-03-16 22:47:30'),
(68, 250, 'Gasem.khazali85@gmail.com', NULL, '952113', 'Registration', '1', NULL, '2024-03-16 22:49:23'),
(69, 250, 'Gasem.khazali85@gmail.com', NULL, '113906', 'Registration', '1', NULL, '2024-03-16 22:50:09'),
(70, 250, 'Gasem.khazali85@gmail.com', NULL, '635048', 'Registration', '1', NULL, '2024-03-16 22:57:07'),
(71, 250, 'Gasem.khazali85@gmail.com', NULL, '496919', 'Registration', '1', NULL, '2024-03-16 22:57:41'),
(72, 250, 'Gasem.khazali85@gmail.com', NULL, '221971', 'Registration', '1', NULL, '2024-03-16 22:58:06'),
(73, 250, 'Gasem.khazali85@gmail.com', NULL, '958023', 'Registration', '1', NULL, '2024-03-16 22:58:53'),
(74, 250, 'Gasem.khazali85@gmail.com', NULL, '135529', 'Registration', '1', NULL, '2024-03-16 22:59:30'),
(75, 250, 'Gasem.khazali85@gmail.com', NULL, '331475', 'Registration', '1', NULL, '2024-03-16 23:01:03'),
(76, 250, 'Gasem.khazali85@gmail.com', NULL, '751576', 'Registration', '1', NULL, '2024-03-16 23:02:03'),
(77, 250, 'Gasem.khazali85@gmail.com', NULL, '903090', 'Registration', '1', NULL, '2024-03-16 23:02:29'),
(78, 250, 'Gasem.khazali85@gmail.com', NULL, '761711', 'Registration', '1', NULL, '2024-03-17 06:36:03'),
(79, 250, 'Gasem.khazali85@gmail.com', NULL, '144401', 'Registration', '1', NULL, '2024-03-17 06:39:14'),
(80, 250, 'Gasem.khazali85@gmail.com', NULL, '290851', 'Registration', '1', NULL, '2024-03-17 07:14:41'),
(81, 250, 'Gasem.khazali85@gmail.com', NULL, '425220', 'Registration', '1', NULL, '2024-03-17 08:03:11'),
(82, 250, 'Gasem.khazali85@gmail.com', NULL, '454163', 'Registration', '1', NULL, '2024-03-17 12:17:00'),
(83, 250, 'Gasem.khazali85@gmail.com', NULL, '829650', 'Registration', '1', NULL, '2024-03-17 13:12:06'),
(84, 250, 'Gasem.khazali85@gmail.com', NULL, '238470', 'Registration', '1', NULL, '2024-03-17 13:14:20'),
(85, 250, 'Gasem.khazali85@gmail.com', NULL, '400881', 'Registration', '1', NULL, '2024-03-17 13:27:24'),
(86, 250, 'Gasem.khazali85@gmail.com', NULL, '869667', 'Registration', '1', NULL, '2024-03-17 20:17:44'),
(87, 250, 'Gasem.khazali85@gmail.com', NULL, '602687', 'Registration', '1', NULL, '2024-03-17 20:57:54'),
(88, 250, 'Gasem.khazali85@gmail.com', NULL, '162483', 'Registration', '1', NULL, '2024-03-17 20:58:47'),
(89, 250, 'Gasem.khazali85@gmail.com', NULL, '977488', 'Registration', '1', NULL, '2024-03-17 21:02:13'),
(90, 250, 'Gasem.khazali85@gmail.com', NULL, '348904', 'Registration', '1', NULL, '2024-03-17 21:18:19'),
(91, 250, 'Gasem.khazali85@gmail.com', NULL, '296856', 'Registration', '1', NULL, '2024-03-17 21:30:21'),
(92, 250, 'Gasem.khazali85@gmail.com', NULL, '486547', 'Registration', '1', NULL, '2024-03-17 21:47:16'),
(93, 250, 'Gasem.khazali85@gmail.com', NULL, '107406', 'Registration', '1', NULL, '2024-03-17 21:50:26'),
(94, 250, 'Gasem.khazali85@gmail.com', NULL, '545377', 'Registration', '1', NULL, '2024-03-17 21:52:06'),
(95, 250, 'Gasem.khazali85@gmail.com', NULL, '342452', 'Registration', '1', NULL, '2024-03-17 21:52:58'),
(96, 250, 'Gasem.khazali85@gmail.com', NULL, '165043', 'Registration', '1', NULL, '2024-03-17 21:55:20'),
(97, 250, 'Gasem.khazali85@gmail.com', NULL, '868263', 'Registration', '1', NULL, '2024-03-17 22:09:27'),
(98, 250, 'Gasem.khazali85@gmail.com', NULL, '474627', 'Registration', '1', NULL, '2024-03-17 22:09:58'),
(99, 250, 'Gasem.khazali85@gmail.com', NULL, '478090', 'Registration', '1', NULL, '2024-03-17 22:11:24'),
(100, 250, 'Gasem.khazali85@gmail.com', NULL, '208047', 'Registration', '1', NULL, '2024-03-17 22:12:50'),
(101, 250, 'Gasem.khazali85@gmail.com', NULL, '395951', 'Registration', '1', NULL, '2024-03-17 22:14:12'),
(102, 300, 'noreply@chefshub.site', NULL, '508941', 'Registration', '1', NULL, '2024-03-17 22:20:16'),
(103, 300, 'noreply@chefshub.site', NULL, '625193', 'Registration', '1', NULL, '2024-03-17 22:21:21'),
(104, 300, 'noreply@chefshub.site', NULL, '961397', 'Registration', '1', NULL, '2024-03-17 22:51:19'),
(105, 300, 'noreply@chefshub.site', NULL, '979443', 'Registration', '1', NULL, '2024-03-17 22:52:51'),
(106, 300, 'noreply@chefshub.site', NULL, '329579', 'Registration', '1', NULL, '2024-03-17 23:02:45'),
(107, 300, 'noreply@chefshub.site', NULL, '768080', 'Registration', '1', NULL, '2024-03-17 23:04:31'),
(108, 300, 'noreply@chefshub.site', NULL, '452538', 'Registration', '1', NULL, '2024-03-17 23:05:41'),
(109, 250, 'noreply@chefhub.net', NULL, '137429', 'Registration', '1', NULL, '2024-03-17 23:05:54'),
(110, 250, 'noreply@chefhub.net', NULL, '389882', 'Registration', '1', NULL, '2024-03-17 23:08:41'),
(111, 300, 'noreply@chefshub.site', NULL, '633629', 'Registration', '1', NULL, '2024-03-17 23:08:54'),
(112, 300, 'noreply@chefshub.site', NULL, '293569', 'Registration', '1', NULL, '2024-03-17 23:16:31'),
(113, 300, 'noreply@chefshub.site', NULL, '484680', 'Registration', '1', NULL, '2024-03-17 23:17:43'),
(114, 300, 'noreply@chefshub.site', NULL, '941862', 'Registration', '1', NULL, '2024-03-17 23:18:06'),
(115, 300, 'noreply@chefshub.site', NULL, '174701', 'Registration', '1', NULL, '2024-03-17 23:22:45'),
(116, 300, 'noreply@chefshub.site', NULL, '804168', 'Registration', '1', NULL, '2024-03-18 05:30:16'),
(117, 250, 'noreply@chefhub.net', NULL, '759536', 'Registration', '1', NULL, '2024-03-18 05:30:28'),
(118, 250, 'noreply@chefhub.net', NULL, '406875', 'Registration', '1', NULL, '2024-03-18 05:36:10'),
(119, 250, 'chefshubapp@gmail.com', NULL, '235287', 'Registration', '1', NULL, '2024-03-18 05:40:07'),
(120, 250, 'chefshubapp@gmail.com', NULL, '283347', 'Registration', '1', NULL, '2024-03-18 05:42:48'),
(121, 300, 'noreply@chefshub.site', NULL, '361365', 'Registration', '1', NULL, '2024-03-18 05:51:13'),
(122, 300, 'noreply@chefshub.site', NULL, '426736', 'Registration', '1', NULL, '2024-03-18 06:03:26'),
(123, 250, 'noreplay@chefshub.net', NULL, '968737', 'Registration', '1', NULL, '2024-03-18 06:04:55'),
(124, 250, 'noreplay@chefshub.net', NULL, '523370', 'Registration', '1', NULL, '2024-03-18 06:05:51'),
(125, 251, 'h.abdelqader123@gmail.com', NULL, '562337', 'Registration', '1', NULL, '2024-03-18 06:08:17'),
(126, 300, 'noreply@chefshub.site', NULL, '617215', 'Registration', '1', NULL, '2024-03-18 06:08:31'),
(127, 253, 'gasem.khazali85@gmail.com', NULL, '560010', 'Registration', '1', NULL, '2024-03-18 06:09:34'),
(128, 253, 'gasem.khazali85@gmail.com', NULL, '805455', 'Registration', '1', NULL, '2024-03-18 06:12:01'),
(129, 250, 'noreplay@chefshub.net', NULL, '137930', 'Registration', '1', NULL, '2024-03-18 06:13:42'),
(130, 250, 'noreplay@chefshub.net', NULL, '283266', 'Registration', '1', NULL, '2024-03-18 06:13:48'),
(131, 253, 'gasem.khazali85@gmail.com', NULL, '284677', 'Registration', '1', NULL, '2024-03-18 06:14:24'),
(132, 253, 'gasem.khazali85@gmail.com', NULL, '343450', 'Registration', '1', NULL, '2024-03-18 06:14:30'),
(133, 253, 'gasem.khazali85@gmail.com', NULL, '529317', 'Registration', '1', NULL, '2024-03-18 06:23:40'),
(137, 253, 'gasem.khazali85@gmail.com', NULL, '818420', 'Registration', '1', NULL, '2024-03-18 06:38:10'),
(138, 253, 'gasem.khazali85@gmail.com', NULL, '915987', 'Registration', '1', NULL, '2024-03-18 06:39:35'),
(139, 253, 'gasem.khazali85@gmail.com', NULL, '254619', 'Registration', '1', NULL, '2024-03-18 06:40:19'),
(140, 253, 'gasem.khazali85@gmail.com', NULL, '460788', 'Registration', '1', NULL, '2024-03-18 06:40:38'),
(141, 253, 'gasem.khazali85@gmail.com', NULL, '581223', 'Registration', '1', NULL, '2024-03-18 06:41:45'),
(142, 253, 'gasem.khazali85@gmail.com', NULL, '515970', 'Registration', '1', NULL, '2024-03-18 06:45:31'),
(143, 253, 'gasem.khazali85@gmail.com', NULL, '603034', 'Registration', '1', NULL, '2024-03-18 06:47:14'),
(144, 250, 'noreplay@chefshub.net', NULL, '629635', 'Registration', '1', NULL, '2024-03-18 06:47:52'),
(145, 250, 'noreplay@chefshub.net', NULL, '184516', 'Registration', '1', NULL, '2024-03-18 06:48:07'),
(146, 253, 'gasem.khazali85@gmail.com', NULL, '108850', 'Registration', '1', NULL, '2024-03-18 06:48:36'),
(149, 253, 'gasem.khazali85@gmail.com', NULL, '855462', 'Registration', '1', NULL, '2024-03-18 06:50:30'),
(150, 250, 'noreplay@chefshub.net', NULL, '944699', 'Registration', '1', NULL, '2024-03-18 06:51:39'),
(151, 250, 'noreplay@chefshub.net', NULL, '814959', 'Registration', '1', NULL, '2024-03-18 08:36:17'),
(152, 253, 'gasem.khazali85@gmail.com', NULL, '497511', 'Registration', '1', NULL, '2024-03-18 08:36:27'),
(153, 253, 'gasem.khazali85@gmail.com', NULL, '704523', 'Registration', '1', NULL, '2024-03-18 10:32:37'),
(154, 250, 'noreplay@chefshub.net', NULL, '561729', 'Registration', '1', NULL, '2024-03-18 10:32:48'),
(155, 253, 'gasem.khazali85@gmail.com', NULL, '565482', 'Registration', '1', NULL, '2024-03-18 10:33:00'),
(156, 253, 'gasem.khazali85@gmail.com', NULL, '776749', 'Registration', '1', NULL, '2024-03-18 10:59:18'),
(157, 253, 'gasem.khazali85@gmail.com', NULL, '614275', 'Registration', '1', NULL, '2024-03-18 11:30:22'),
(158, 253, 'gasem.khazali85@gmail.com', NULL, '736846', 'Registration', '1', NULL, '2024-03-18 11:36:11'),
(159, 253, 'gasem.khazali85@gmail.com', NULL, '897362', 'Registration', '1', NULL, '2024-03-18 11:37:20'),
(160, 253, 'gasem.khazali85@gmail.com', NULL, '133956', 'Registration', '1', NULL, '2024-03-18 11:37:44'),
(161, 253, 'gasem.khazali85@gmail.com', NULL, '722569', 'Registration', '1', NULL, '2024-03-18 11:38:15'),
(162, 253, 'gasem.khazali85@gmail.com', NULL, '224148', 'Registration', '1', NULL, '2024-03-18 11:38:29'),
(163, 250, 'noreplay@chefshub.net', NULL, '828866', 'Registration', '1', NULL, '2024-03-18 11:57:28'),
(164, 253, 'gasem.khazali85@gmail.com', NULL, '535216', 'Registration', '1', NULL, '2024-03-18 11:57:41'),
(165, 253, 'gasem.khazali85@gmail.com', NULL, '657063', 'Registration', '1', NULL, '2024-03-18 12:35:22'),
(166, 253, 'gasem.khazali85@gmail.com', NULL, '943800', 'Registration', '1', NULL, '2024-03-18 12:38:31'),
(167, 253, 'gasem.khazali85@gmail.com', NULL, '443315', 'Registration', '1', NULL, '2024-03-18 12:44:21'),
(168, 300, 'noreply@chefshub.site', NULL, '692701', 'Registration', '1', NULL, '2024-03-18 12:48:19'),
(169, 300, 'noreply@chefshub.site', NULL, '438510', 'Registration', '1', NULL, '2024-03-18 12:50:00'),
(170, 250, 'noreplay@chefshub.net', NULL, '611599', 'Registration', '1', NULL, '2024-03-18 12:50:37'),
(171, 250, 'noreplay@chefshub.net', NULL, '204693', 'Registration', '1', NULL, '2024-03-18 12:54:35'),
(172, 250, 'noreplay@chefshub.net', NULL, '613555', 'Registration', '1', NULL, '2024-03-18 13:04:32'),
(173, 250, 'noreplay@chefshub.net', NULL, '222983', 'Registration', '1', NULL, '2024-03-18 13:04:59'),
(174, 250, 'noreplay@chefshub.net', NULL, '117965', 'Registration', '1', NULL, '2024-03-18 13:05:01'),
(175, 250, 'noreplay@chefshub.net', NULL, '816216', 'Registration', '1', NULL, '2024-03-18 13:05:03'),
(176, 253, 'gasem.khazali85@gmail.com', NULL, '342894', 'Registration', '1', NULL, '2024-03-18 13:06:50'),
(177, 300, 'noreply@chefshub.site', NULL, '568763', 'Registration', '1', NULL, '2024-03-18 13:07:07'),
(178, 300, 'noreply@chefshub.site', NULL, '328250', 'Registration', '1', NULL, '2024-03-18 13:07:58'),
(179, 300, 'noreply@chefshub.site', NULL, '392432', 'Registration', '1', NULL, '2024-03-18 13:10:07'),
(180, 300, 'noreply@chefshub.site', NULL, '259493', 'Registration', '1', NULL, '2024-03-18 13:10:50'),
(181, 300, 'noreply@chefshub.site', NULL, '807682', 'Registration', '1', NULL, '2024-03-18 13:11:57'),
(182, 300, 'noreply@chefshub.site', NULL, '353623', 'Registration', '1', NULL, '2024-03-18 13:13:53'),
(183, 300, 'noreply@chefshub.site', NULL, '757742', 'Registration', '1', NULL, '2024-03-18 13:15:40'),
(184, 250, 'noreplay@chefshub.net', NULL, '114215', 'Registration', '1', NULL, '2024-03-18 13:16:10'),
(185, 250, 'noreplay@chefshub.net', NULL, '294117', 'Registration', '1', NULL, '2024-03-18 13:16:16'),
(186, 250, 'noreplay@chefshub.net', NULL, '751475', 'Registration', '1', NULL, '2024-03-18 13:16:18'),
(187, 250, 'noreplay@chefshub.net', NULL, '852503', 'Registration', '1', NULL, '2024-03-18 13:30:47'),
(188, 250, 'noreplay@chefshub.net', NULL, '399844', 'Registration', '1', NULL, '2024-03-18 13:31:42'),
(189, 250, 'noreplay@chefshub.net', NULL, '894039', 'Registration', '1', NULL, '2024-03-18 13:31:48'),
(190, 253, 'gasem.khazali85@gmail.com', NULL, '931868', 'Registration', '1', NULL, '2024-03-18 13:32:07'),
(191, 300, 'noreply@chefshub.site', NULL, '231666', 'Registration', '1', NULL, '2024-03-18 13:33:02'),
(192, 300, 'noreply@chefshub.site', NULL, '895641', 'Registration', '1', NULL, '2024-03-18 13:33:41'),
(193, 250, 'noreplay@chefshub.net', NULL, '516489', 'Registration', '1', NULL, '2024-03-18 13:34:11'),
(194, 250, 'noreplay@chefshub.net', NULL, '774279', 'Registration', '1', NULL, '2024-03-18 13:36:16'),
(195, 250, 'noreplay@chefshub.net', NULL, '307088', 'Registration', '1', NULL, '2024-03-18 13:36:55'),
(196, 300, 'noreply@chefshub.site', NULL, '526616', 'Registration', '1', NULL, '2024-03-18 13:37:11'),
(197, 300, 'noreply@chefshub.site', NULL, '603813', 'Registration', '1', NULL, '2024-03-18 13:39:50'),
(198, 300, 'noreply@chefshub.site', NULL, '957694', 'Registration', '1', NULL, '2024-03-18 13:40:40'),
(199, 300, 'noreply@chefshub.site', NULL, '447691', 'Registration', '1', NULL, '2024-03-18 13:41:13'),
(200, 300, 'noreply@chefshub.site', NULL, '739085', 'Registration', '1', NULL, '2024-03-18 13:41:52'),
(201, 300, 'noreply@chefshub.site', NULL, '268204', 'Registration', '1', NULL, '2024-03-19 08:30:02'),
(202, 300, 'noreply@chefshub.site', NULL, '987662', 'Registration', '1', NULL, '2024-03-19 08:30:48'),
(203, 300, 'noreply@chefshub.site', NULL, '763462', 'Registration', '1', NULL, '2024-03-19 08:31:14'),
(204, 300, 'noreply@chefshub.site', NULL, '610218', 'Registration', '1', NULL, '2024-03-19 12:00:18'),
(205, 300, 'noreply@chefshub.site', NULL, '310460', 'Registration', '1', NULL, '2024-03-19 12:03:15'),
(206, 250, 'noreplay@chefshub.net', NULL, '836044', 'Registration', '1', NULL, '2024-03-19 12:03:37'),
(207, 250, 'noreplay@chefshub.net', NULL, '974884', 'Registration', '1', NULL, '2024-03-19 12:05:36'),
(208, 250, 'noreplay@chefshub.net', NULL, '683307', 'Registration', '1', NULL, '2024-03-19 12:08:45'),
(209, 250, 'noreplay@chefshub.net', NULL, '688174', 'Registration', '1', NULL, '2024-03-19 12:17:34'),
(210, 250, 'noreplay@chefshub.net', NULL, '348727', 'Registration', '1', NULL, '2024-03-19 20:04:27'),
(211, 250, 'noreplay@chefshub.net', NULL, '464543', 'Registration', '1', NULL, '2024-03-19 20:24:41'),
(212, 250, 'noreplay@chefshub.net', NULL, '641917', 'Registration', '1', NULL, '2024-03-19 20:52:03'),
(213, 301, 'ahmedahmed@gmail.com', NULL, '665683', 'Registration', '1', NULL, '2024-03-19 21:11:31'),
(214, 250, 'noreplay@chefshub.net', NULL, '288642', 'Registration', '1', NULL, '2024-03-19 21:28:41'),
(215, 250, 'noreplay@chefshub.net', NULL, '488606', 'Registration', '1', NULL, '2024-03-19 21:30:35'),
(216, 250, 'noreplay@chefshub.net', NULL, '670898', 'Registration', '1', NULL, '2024-03-19 21:33:14'),
(217, 250, 'noreplay@chefshub.net', NULL, '474354', 'Registration', '1', NULL, '2024-03-19 21:34:04'),
(218, 250, 'noreplay@chefshub.net', NULL, '945968', 'Registration', '1', NULL, '2024-03-19 22:40:27'),
(219, 250, 'noreplay@chefshub.net', NULL, '107342', 'Registration', '1', NULL, '2024-03-20 00:13:16'),
(220, 253, 'gasem.khazali85@gmail.com', NULL, '538955', 'Registration', '1', NULL, '2024-03-20 00:13:25'),
(221, 300, 'noreply@chefshub.site', NULL, '231735', 'Registration', '1', NULL, '2024-03-20 00:13:31'),
(222, 300, 'noreply@chefshub.site', NULL, '577172', 'Registration', '1', NULL, '2024-03-20 00:17:50'),
(223, 300, 'noreply@chefshub.site', NULL, '854674', 'Registration', '1', NULL, '2024-03-20 09:56:48'),
(224, 300, 'noreply@chefshub.site', NULL, '879187', 'Registration', '1', NULL, '2024-03-20 10:15:28'),
(225, 300, 'noreply@chefshub.site', NULL, '528053', 'Registration', '1', NULL, '2024-03-20 10:16:06'),
(226, 250, 'noreplay@chefshub.net', NULL, '856708', 'Registration', '1', NULL, '2024-03-20 10:16:17'),
(227, 250, 'noreplay@chefshub.net', NULL, '620341', 'Registration', '1', NULL, '2024-03-20 20:58:03'),
(228, 250, 'noreplay@chefshub.net', NULL, '163345', 'Registration', '1', NULL, '2024-03-20 21:16:17'),
(229, 250, 'noreplay@chefshub.net', NULL, '649973', 'Registration', '1', NULL, '2024-03-20 21:17:12'),
(230, 250, 'noreplay@chefshub.net', NULL, '419548', 'Registration', '1', NULL, '2024-03-20 21:18:58'),
(231, 250, 'noreplay@chefshub.net', NULL, '596206', 'Registration', '1', NULL, '2024-03-20 21:40:40'),
(232, 250, 'noreplay@chefshub.net', NULL, '835610', 'Registration', '1', NULL, '2024-03-20 22:08:38'),
(233, 250, 'noreplay@chefshub.net', NULL, '585823', 'Registration', '1', NULL, '2024-03-21 20:52:58'),
(234, 250, 'noreplay@chefshub.net', NULL, '495924', 'Registration', '1', NULL, '2024-03-21 22:48:57'),
(235, 300, 'noreply@chefshub.site', NULL, '259638', 'Registration', '1', NULL, '2024-03-21 22:49:09'),
(236, 253, 'gasem.khazali85@gmail.com', NULL, '648617', 'Registration', '1', NULL, '2024-03-21 22:49:18'),
(237, 253, 'gasem.khazali85@gmail.com', NULL, '642347', 'Registration', '1', NULL, '2024-03-21 22:55:23'),
(238, 253, 'gasem.khazali85@gmail.com', NULL, '517492', 'Registration', '1', NULL, '2024-03-21 22:56:46'),
(239, 250, 'noreplay@chefshub.net', NULL, '498270', 'Registration', '1', NULL, '2024-03-21 23:00:22'),
(240, 300, 'noreply@chefshub.site', NULL, '665687', 'Registration', '1', NULL, '2024-03-21 23:00:47'),
(241, 300, 'noreply@chefshub.site', NULL, '188751', 'Registration', '1', NULL, '2024-03-21 23:01:57'),
(242, 250, 'noreplay@chefshub.net', NULL, '820993', 'Registration', '1', NULL, '2024-03-21 23:02:43'),
(243, 250, 'noreplay@chefshub.net', NULL, '428383', 'Registration', '1', NULL, '2024-03-21 23:04:02'),
(244, 302, 'chefshubapp@gmail.com', NULL, '518944', 'Registration', '1', NULL, '2024-03-21 23:07:17'),
(245, 302, 'chefshubapp@gmail.com', NULL, '496932', 'Registration', '1', NULL, '2024-03-21 23:08:33'),
(246, 256, 'mo20130123@gmail.com', NULL, '424810', 'Registration', '1', NULL, '2024-03-21 23:14:17'),
(247, 250, 'noreplay@chefshub.net', NULL, '193767', 'Registration', '1', NULL, '2024-03-21 23:29:44'),
(248, 250, 'noreplay@chefshub.net', NULL, '149000', 'Registration', '1', NULL, '2024-03-21 23:30:49'),
(249, 250, 'noreplay@chefshub.net', NULL, '836132', 'Registration', '1', NULL, '2024-03-21 23:35:00'),
(250, 253, 'gasem.khazali85@gmail.com', NULL, '353508', 'Registration', '1', NULL, '2024-03-21 23:45:41'),
(251, 253, 'gasem.khazali85@gmail.com', NULL, '205727', 'Registration', '1', NULL, '2024-03-21 23:47:00'),
(252, 253, 'gasem.khazali85@gmail.com', NULL, '218013', 'Registration', '1', NULL, '2024-03-22 00:10:11'),
(253, 253, 'gasem.khazali85@gmail.com', NULL, '644913', 'Registration', '1', NULL, '2024-03-22 00:16:49'),
(254, 250, 'noreplay@chefshub.net', NULL, '867202', 'Registration', '1', NULL, '2024-03-22 00:20:06'),
(255, 250, 'noreplay@chefshub.net', NULL, '877776', 'Registration', '1', NULL, '2024-03-22 00:30:36'),
(256, 253, 'gasem.khazali85@gmail.com', NULL, '311387', 'Registration', '1', NULL, '2024-03-22 00:30:43'),
(257, 253, 'gasem.khazali85@gmail.com', NULL, '232936', 'Registration', '1', NULL, '2024-03-22 00:30:47'),
(258, 253, 'gasem.khazali85@gmail.com', NULL, '187920', 'Registration', '1', NULL, '2024-03-22 00:35:21'),
(259, 253, 'gasem.khazali85@gmail.com', NULL, '273228', 'Registration', '1', NULL, '2024-03-22 00:37:12'),
(260, 253, 'gasem.khazali85@gmail.com', NULL, '298636', 'Registration', '1', NULL, '2024-03-22 00:41:23'),
(261, 253, 'gasem.khazali85@gmail.com', NULL, '888361', 'Registration', '1', NULL, '2024-03-22 00:42:42'),
(262, 253, 'gasem.khazali85@gmail.com', NULL, '341957', 'Registration', '1', NULL, '2024-03-22 00:42:43'),
(263, 302, 'chefshubapp@gmail.com', NULL, '853276', 'Registration', '1', NULL, '2024-03-22 00:43:03'),
(264, 302, 'chefshubapp@gmail.com', NULL, '802692', 'Registration', '1', NULL, '2024-03-22 00:46:05'),
(265, 302, 'chefshubapp@gmail.com', NULL, '398138', 'Registration', '1', NULL, '2024-03-22 00:51:45'),
(266, 302, 'chefshubapp@gmail.com', NULL, '508945', 'Registration', '1', NULL, '2024-03-23 10:34:18'),
(267, 250, 'noreplay@chefshub.net', NULL, '508589', 'Registration', '1', NULL, '2024-03-23 11:14:57'),
(268, 253, 'gasem.khazali85@gmail.com', NULL, '648121', 'Registration', '1', NULL, '2024-03-23 11:25:59'),
(269, 302, 'chefshubapp@gmail.com', NULL, '618689', 'Registration', '1', NULL, '2024-03-23 11:29:06'),
(270, 302, 'chefshubapp@gmail.com', NULL, '456163', 'Registration', '1', NULL, '2024-03-23 11:30:50'),
(271, 302, 'chefshubapp@gmail.com', NULL, '553720', 'Registration', '1', NULL, '2024-03-23 11:47:00'),
(272, 302, 'chefshubapp@gmail.com', NULL, '704854', 'Registration', '1', NULL, '2024-03-23 11:51:44'),
(273, 302, 'chefshubapp@gmail.com', NULL, '638916', 'Registration', '1', NULL, '2024-03-23 21:31:59'),
(274, 302, 'chefshubapp@gmail.com', NULL, '439503', 'Registration', '1', NULL, '2024-03-23 22:07:05'),
(275, 302, 'chefshubapp@gmail.com', NULL, '916649', 'Registration', '1', NULL, '2024-03-24 08:35:07'),
(276, 302, 'chefshubapp@gmail.com', NULL, '692571', 'Registration', '1', NULL, '2024-03-25 21:03:40'),
(277, 300, 'noreply@chefshub.site', NULL, '448836', 'Registration', '1', NULL, '2024-03-25 22:01:07'),
(278, 250, 'noreplay@chefshub.net', NULL, '213308', 'Registration', '1', NULL, '2024-03-25 22:01:21'),
(279, 250, 'noreplay@chefshub.net', NULL, '899879', 'Registration', '1', NULL, '2024-03-26 11:32:13'),
(280, 300, 'noreply@chefshub.site', NULL, '377599', 'Registration', '1', NULL, '2024-03-26 11:57:07'),
(281, 302, 'chefshubapp@gmail.com', NULL, '205183', 'Registration', '1', NULL, '2024-03-26 11:57:44'),
(282, 302, 'chefshubapp@gmail.com', NULL, '450397', 'Registration', '1', NULL, '2024-03-27 21:02:47'),
(283, 302, 'chefshubapp@gmail.com', NULL, '414345', 'Registration', '1', NULL, '2024-03-27 21:12:53'),
(284, 302, 'chefshubapp@gmail.com', NULL, '725604', 'Registration', '1', NULL, '2024-03-27 21:16:04'),
(285, 302, 'chefshubapp@gmail.com', NULL, '884555', 'Registration', '1', NULL, '2024-03-27 21:16:13'),
(286, 302, 'chefshubapp@gmail.com', NULL, '280094', 'Registration', '1', NULL, '2024-03-27 21:18:28'),
(287, 302, 'chefshubapp@gmail.com', NULL, '910125', 'Registration', '1', NULL, '2024-03-27 21:19:03'),
(288, 302, 'chefshubapp@gmail.com', NULL, '473984', 'Registration', '1', NULL, '2024-03-27 21:19:23'),
(289, 302, 'chefshubapp@gmail.com', NULL, '566588', 'Registration', '1', NULL, '2024-03-27 21:23:16'),
(290, 302, 'chefshubapp@gmail.com', NULL, '141358', 'Registration', '1', NULL, '2024-03-27 21:32:16'),
(291, 250, 'noreplay@chefshub.net', NULL, '341556', 'Registration', '1', NULL, '2024-03-27 23:21:59'),
(292, 250, 'noreplay@chefshub.net', NULL, '993231', 'Registration', '1', NULL, '2024-03-27 23:25:21'),
(293, 250, 'noreplay@chefshub.net', NULL, '151212', 'Registration', '1', NULL, '2024-03-27 23:28:24'),
(294, 250, 'noreplay@chefshub.net', NULL, '130208', 'Registration', '1', NULL, '2024-03-27 23:30:38'),
(295, 253, 'gasem.khazali85@gmail.com', NULL, '905016', 'Registration', '1', NULL, '2024-03-27 23:30:52'),
(296, 250, 'noreplay@chefshub.net', NULL, '992815', 'Registration', '1', NULL, '2024-04-05 06:57:44'),
(297, 250, 'noreplay@chefshub.net', NULL, '831603', 'Registration', '1', NULL, '2024-04-05 06:58:57'),
(298, 253, 'gasem.khazali85@gmail.com', NULL, '559516', 'Registration', '1', NULL, '2024-04-05 06:59:20'),
(299, 300, 'noreply@chefshub.site', NULL, '987911', 'Registration', '1', NULL, '2024-04-05 07:00:05'),
(300, 303, 'an2222331000@gmail.com', NULL, '555915', 'Registration', '1', NULL, '2024-04-05 07:03:05'),
(301, 302, 'chefshubapp@gmail.com', NULL, '927879', 'Registration', '1', NULL, '2024-04-05 07:03:12'),
(302, 305, 'ahmedahmed2@gmail.com', NULL, '690109', 'Registration', '1', NULL, '2024-04-08 22:55:23'),
(303, 306, 'ahmedahmed3@gmail.com', NULL, '811522', 'Registration', '1', NULL, '2024-04-09 09:56:54'),
(304, 307, 'ahmedahmed4@gmail.com', NULL, '310239', 'Registration', '1', NULL, '2024-04-09 10:02:38'),
(305, 250, 'noreplay@chefshub.net', NULL, '999042', 'Registration', '1', NULL, '2024-04-09 11:35:42'),
(306, 301, 'ahmedahmed@gmail.com', NULL, '784919', 'Forget Password', '1', NULL, '2024-04-09 13:37:18'),
(307, 301, 'ahmedahmed@gmail.com', NULL, '564129', 'Forget Password', '1', NULL, '2024-04-09 13:41:00'),
(308, 308, 'a_n222233@yahoo.com', NULL, '397839', 'Registration', '1', NULL, '2024-04-09 14:37:55'),
(309, 308, 'a_n222233@yahoo.com', NULL, '899783', 'Forget Password', '1', NULL, '2024-04-09 14:44:30'),
(310, 308, 'a_n222233@yahoo.com', NULL, '106482', 'Forget Password', '1', NULL, '2024-04-09 14:55:37'),
(311, 301, 'ahmedahmed@gmail.com', NULL, '512913', 'Forget Password', '1', NULL, '2024-04-11 20:21:13'),
(312, 309, 'ahmedahmed20@yahoo.com', NULL, '570070', 'Registration', '1', NULL, '2024-04-12 09:30:34'),
(313, 310, 'ahmedahmed202@yahoo.com', NULL, '344264', 'Registration', '1', NULL, '2024-04-12 17:36:32'),
(314, 311, 'ahmedahmed2022@yahoo.com', NULL, '402206', 'Registration', '1', NULL, '2024-04-12 20:32:10'),
(315, 312, 'gasem.khazali@e.com', NULL, '475442', 'Registration', '1', NULL, '2024-04-12 21:11:48'),
(316, 313, 'gasem.khazali@2e.com', NULL, '439815', 'Registration', '1', NULL, '2024-04-12 21:12:11'),
(317, 314, 'ahmed20200@yahoo.com', NULL, '924360', 'Registration', '1', NULL, '2024-04-13 06:41:29'),
(318, 315, 'testemail@g.com', NULL, '750067', 'Registration', '1', NULL, '2024-04-13 08:40:52'),
(319, 316, 'testemai1@g.com', NULL, '433486', 'Registration', '1', NULL, '2024-04-13 08:41:26'),
(320, 318, 'test2727@gn.com', NULL, '183881', 'Registration', '1', NULL, '2024-04-13 08:51:14'),
(321, 319, 'ahmedw@g.com', NULL, '160222', 'Registration', '1', NULL, '2024-04-13 08:55:58'),
(322, 320, 'test2@g.com', NULL, '413144', 'Registration', '1', NULL, '2024-04-13 09:17:24'),
(323, 321, 'ahmedmedo@g.com', NULL, '743937', 'Registration', '1', NULL, '2024-04-13 09:34:16'),
(324, 322, 'ahmedu@g.com', NULL, '135368', 'Registration', '1', NULL, '2024-04-13 09:48:50'),
(325, 323, 'hussam.cto@chefshub.ne', NULL, '965155', 'Registration', '1', NULL, '2024-04-13 14:22:41'),
(326, 324, 'g@gasem.bi', NULL, '603882', 'Registration', '1', NULL, '2024-04-13 14:24:35'),
(327, 325, 'gggg@g.com', NULL, '478835', 'Registration', '1', NULL, '2024-04-13 14:45:00'),
(328, 326, 'havsvsv@gmail.com', NULL, '527509', 'Registration', '1', NULL, '2024-04-13 14:47:14'),
(329, 327, 'uavacsv@gma.com', NULL, '454580', 'Registration', '1', NULL, '2024-04-13 14:48:56'),
(330, 328, 'jabavssv@hhh.com', NULL, '947600', 'Registration', '1', NULL, '2024-04-13 14:51:01'),
(331, 329, 'jagsvsv@gma.com', NULL, '516016', 'Registration', '1', NULL, '2024-04-13 14:52:45'),
(332, 250, 'noreplay@chefshub.net', NULL, '884588', 'Registration', '1', NULL, '2024-04-19 10:57:29'),
(333, 253, 'gasem.khazali85@gmail.com', NULL, '937197', 'Registration', '1', NULL, '2024-04-19 10:57:40'),
(334, 253, 'gasem.khazali85@gmail.com', NULL, '539042', 'Registration', '1', NULL, '2024-04-19 11:40:34'),
(335, 253, 'gasem.khazali85@gmail.com', NULL, '274054', 'Registration', '1', NULL, '2024-04-19 11:57:34'),
(336, 253, 'gasem.khazali85@gmail.com', NULL, '622778', 'Registration', '1', NULL, '2024-04-19 12:28:51'),
(337, 253, 'gasem.khazali85@gmail.com', NULL, '247935', 'Registration', '1', NULL, '2024-04-21 09:15:45'),
(338, 253, 'gasem.khazali85@gmail.com', NULL, '464906', 'Registration', '1', NULL, '2024-04-21 09:16:36'),
(339, 253, 'gasem.khazali85@gmail.com', NULL, '247954', 'Registration', '1', NULL, '2024-04-21 09:19:43'),
(340, 253, 'gasem.khazali85@gmail.com', NULL, '724751', 'Registration', '1', NULL, '2024-04-21 09:20:38'),
(341, 253, 'gasem.khazali85@gmail.com', NULL, '305712', 'Registration', '1', NULL, '2024-04-21 10:30:26'),
(342, 253, 'gasem.khazali85@gmail.com', NULL, '703653', 'Registration', '1', NULL, '2024-04-21 10:31:29'),
(343, 253, 'gasem.khazali85@gmail.com', NULL, '787676', 'Registration', '1', NULL, '2024-04-21 10:33:53'),
(344, 253, 'gasem.khazali85@gmail.com', NULL, '657778', 'Registration', '1', NULL, '2024-04-21 10:40:23'),
(345, 253, 'gasem.khazali85@gmail.com', NULL, '406844', 'Registration', '1', NULL, '2024-04-21 10:41:04'),
(346, 253, 'gasem.khazali85@gmail.com', NULL, '741789', 'Registration', '1', NULL, '2024-04-21 10:44:13'),
(347, 253, 'gasem.khazali85@gmail.com', NULL, '474753', 'Registration', '1', NULL, '2024-04-21 10:58:18'),
(348, 253, 'gasem.khazali85@gmail.com', NULL, '794583', 'Registration', '1', NULL, '2024-04-21 11:20:38'),
(349, 253, 'gasem.khazali85@gmail.com', NULL, '422384', 'Registration', '1', NULL, '2024-04-21 11:21:50'),
(350, 253, 'gasem.khazali85@gmail.com', NULL, '932512', 'Registration', '1', NULL, '2024-04-21 11:31:58'),
(351, 253, 'gasem.khazali85@gmail.com', NULL, '810414', 'Registration', '1', NULL, '2024-04-21 12:24:06'),
(352, 253, 'gasem.khazali85@gmail.com', NULL, '923401', 'Registration', '1', NULL, '2024-04-21 12:25:43'),
(353, 253, 'gasem.khazali85@gmail.com', NULL, '628969', 'Registration', '1', NULL, '2024-04-21 12:39:22'),
(354, 253, 'gasem.khazali85@gmail.com', NULL, '544626', 'Registration', '1', NULL, '2024-04-21 12:41:48'),
(355, 253, 'gasem.khazali85@gmail.com', NULL, '333233', 'Registration', '1', NULL, '2024-04-21 12:42:18'),
(356, 253, 'gasem.khazali85@gmail.com', NULL, '118303', 'Registration', '1', NULL, '2024-04-23 18:24:48'),
(357, 250, 'noreplay@chefshub.net', NULL, '346970', 'Registration', '1', NULL, '2024-04-23 18:26:27'),
(358, 300, 'noreply@chefshub.site', NULL, '335581', 'Registration', '1', NULL, '2024-04-23 18:26:43'),
(359, 301, 'ahmedahmed@gmail.com', NULL, '666532', 'Registration', '1', NULL, '2024-04-23 18:26:52'),
(360, 302, 'chefshubapp@gmail.com', NULL, '754780', 'Registration', '1', NULL, '2024-04-23 18:27:01'),
(361, 253, 'gasem.khazali85@gmail.com', NULL, '265400', 'Forget Password', '1', NULL, '2024-04-23 18:51:35'),
(362, 253, 'gasem.khazali85@gmail.com', NULL, '644400', 'Forget Password', '1', NULL, '2024-04-23 19:31:23'),
(363, 303, 'an2222331000@gmail.com', NULL, '819707', 'Registration', '1', NULL, '2024-04-23 20:08:09'),
(364, 253, 'gasem.khazali85@gmail.com', NULL, '868920', 'Registration', '1', NULL, '2024-04-23 20:08:20'),
(365, 301, 'ahmedahmed@gmail.com', NULL, '641229', 'Forget Password', '1', NULL, '2024-04-23 20:37:19'),
(366, 333, 'hussam@gmail.com', NULL, '321385', 'Registration', '1', NULL, '2024-04-23 20:44:29'),
(367, 334, 'g.k@gmail.com', NULL, '950850', 'Registration', '1', NULL, '2024-04-23 20:46:17'),
(368, 338, 'ahmedahmed201@yahoo.com', NULL, '308886', 'Registration', '1', NULL, '2024-05-04 21:04:18'),
(369, 340, 'atef737475@gmail.com', NULL, '553020', 'Registration', '1', NULL, '2024-05-08 11:24:40'),
(370, 342, 'ahmedahmed220@yahoo.com', NULL, '768706', 'Registration', '1', NULL, '2024-05-10 20:47:26'),
(371, 345, 'test321@gmail.com', NULL, '310452', 'Registration', '1', NULL, '2024-05-12 22:12:08'),
(372, 346, 'gasem.kh@hotmail.com', NULL, '227624', 'Registration', '1', NULL, '2024-05-12 22:18:56'),
(373, 253, 'gasem.khazali85@gmail.com', NULL, '554983', 'Forget Password', '1', NULL, '2024-05-13 05:39:17'),
(374, 350, 'ahmedahmed233@gmail.com', NULL, '955300', 'Registration', '1', NULL, '2024-05-14 04:34:55'),
(375, 354, 'ahmedahmed2020@gmail.com', NULL, '236783', 'Registration', '1', NULL, '2024-05-14 05:01:35'),
(376, 355, 'ahmedgg@gm.com', NULL, '572978', 'Registration', '1', NULL, '2024-05-14 06:28:58'),
(377, 356, 'ahmedhhh@gm.com', NULL, '686940', 'Registration', '1', NULL, '2024-05-14 08:22:06'),
(378, 357, 'havcac@gg.com', NULL, '863072', 'Registration', '1', NULL, '2024-05-14 08:26:17'),
(379, 358, 'dghasjdga@yah.com', NULL, '123342', 'Registration', '1', NULL, '2024-05-14 16:33:58'),
(380, 364, 'g.k@chefshub.net', NULL, '771988', 'Registration', '1', NULL, '2024-05-15 18:47:11'),
(382, 366, 'maisaa.awwad@yahoo.com', NULL, '694629', 'Registration', '1', NULL, '2024-05-15 18:59:54'),
(383, 366, 'maisaa.awwad@yahoo.com', NULL, '873799', 'Forget Password', '1', NULL, '2024-05-15 19:11:24'),
(384, 308, 'a_n222233@yahoo.com', NULL, '357450', 'Forget Password', '1', NULL, '2024-05-15 20:34:12'),
(385, 367, 'g@g.com', NULL, '663067', 'Registration', '1', NULL, '2024-05-16 17:29:21'),
(386, 346, 'gasem.kh@hotmail.com', NULL, '946910', 'Forget Password', '1', NULL, '2024-05-17 15:55:40'),
(387, 299, 'gk@chefshub.net', NULL, '885164', 'Forget Password', '1', NULL, '2024-05-17 16:02:44'),
(388, 299, 'gk@chefshub.net', NULL, '467022', 'Forget Password', '1', NULL, '2024-05-17 16:26:18'),
(389, 365, 'gasem.khazali@emircom.com', NULL, '452461', 'Forget Password', '1', NULL, '2024-05-18 07:52:58'),
(390, 359, 'gasem.khazali85@gmail.com', NULL, '175958', 'Forget Password', '1', NULL, '2024-05-18 08:09:50'),
(391, 346, 'gasem.kh@hotmail.com', NULL, '633127', 'Forget Password', '1', NULL, '2024-05-18 08:11:34'),
(392, 346, 'gasem.kh@hotmail.com', NULL, '743293', 'Forget Password', '1', NULL, '2024-05-18 08:11:34'),
(393, 299, 'gk@chefshub.net', NULL, '442992', 'Forget Password', '1', NULL, '2024-05-18 08:12:42'),
(394, 366, 'maisaa.awwad@yahoo.com', NULL, '566024', 'Forget Password', '1', NULL, '2024-05-18 08:13:55'),
(395, 366, 'maisaa.awwad@yahoo.com', NULL, '259894', 'Forget Password', '1', NULL, '2024-05-18 08:13:56'),
(396, 299, 'gk@chefshub.net', NULL, '709643', 'Forget Password', '1', NULL, '2024-05-18 08:18:57'),
(397, 299, 'gk@chefshub.net', NULL, '971740', 'Forget Password', '1', NULL, '2024-05-18 08:18:58'),
(398, 346, 'gasem.kh@hotmail.com', NULL, '839183', 'Forget Password', '1', NULL, '2024-05-18 12:06:07'),
(399, 346, 'gasem.kh@hotmail.com', NULL, '492982', 'Forget Password', '1', NULL, '2024-05-18 12:33:03'),
(400, 346, 'gasem.kh@hotmail.com', NULL, '390843', 'Forget Password', '1', NULL, '2024-05-18 12:35:12'),
(401, 346, 'gasem.kh@hotmail.com', NULL, '239115', 'Forget Password', '1', NULL, '2024-05-18 12:39:04'),
(402, 346, 'gasem.kh@hotmail.com', NULL, '903343', 'Forget Password', '1', NULL, '2024-05-18 12:39:05'),
(403, 346, 'gasem.kh@hotmail.com', NULL, '599469', 'Forget Password', '1', NULL, '2024-05-18 12:40:52'),
(404, 369, 'hussam.cto@chefshub.net', NULL, '979684', 'Registration', '1', NULL, '2024-05-18 12:46:31'),
(405, 299, 'gk@chefshub.net', NULL, '965665', 'Forget Password', '1', NULL, '2024-05-22 14:27:07'),
(406, 378, 'gasem.kh@hotmail.com', NULL, '670284', 'Registration', '1', NULL, '2024-06-01 05:25:19'),
(408, 434, 'gasem.khazali@emircom.com', NULL, '110470', 'Registration', '1', NULL, '2024-06-02 20:46:17'),
(409, 386, 'a@b.com', NULL, '658547', 'Registration', '1', NULL, '2024-06-04 15:21:40'),
(410, 390, 'ahmedahmed40@g.com', NULL, '983902', 'Registration', '1', NULL, '2024-06-07 14:09:13'),
(411, 391, 'ahmedahmed40@yahoo.com', NULL, '884862', 'Registration', '1', NULL, '2024-06-07 14:10:53'),
(412, 392, 'ahmedahmed2011@yahoo.com', NULL, '915313', 'Registration', '1', NULL, '2024-06-07 14:37:41'),
(413, 393, 'ahmedahmed40@g.com', NULL, '784681', 'Registration', '1', NULL, '2024-06-07 14:38:21'),
(414, 394, 'ahmedahmed40@gmail.com', NULL, '344888', 'Registration', '1', NULL, '2024-06-07 14:38:50'),
(415, 395, 'ahmedahmed401@gmail.com', NULL, '937831', 'Registration', '1', NULL, '2024-06-07 14:41:17'),
(416, 396, 'ahmedahmed4011@g.com', NULL, '447718', 'Registration', '1', NULL, '2024-06-07 14:41:30'),
(417, 397, 'ahmed50@yahoo.com', NULL, '191931', 'Registration', '1', NULL, '2024-06-07 15:32:19'),
(418, 344, 'mazetuni@gmail.com', NULL, '326114', 'Forget Password', '1', NULL, '2024-06-07 18:06:29'),
(419, 400, 'noreplay@chefshub.net', NULL, '885477', 'Registration', '1', NULL, '2024-06-08 07:44:47'),
(420, 302, 'chefshubapp@gmail.com', NULL, '752133', 'Forget Password', '1', NULL, '2024-06-08 07:49:49'),
(421, 401, 'atef7374@gmail.com', NULL, '555684', 'Registration', '1', NULL, '2024-06-08 20:12:23'),
(422, 402, 'dd@fff.dxx', NULL, '548254', 'Registration', '1', NULL, '2024-06-08 20:49:10'),
(423, 403, 'g@h.com', NULL, '322286', 'Registration', '1', NULL, '2024-06-08 21:01:37'),
(424, 404, 'fff@ddd.fddd', NULL, '404071', 'Registration', '1', NULL, '2024-06-08 21:02:04'),
(425, 405, 'gggg@fdd.tf', NULL, '344559', 'Registration', '1', NULL, '2024-06-08 21:48:17'),
(426, 406, 'atef73741@gmail.com', NULL, '383098', 'Registration', '1', NULL, '2024-06-08 21:53:01'),
(427, 407, 'atef7374@gmail.comdddd', NULL, '129934', 'Registration', '1', NULL, '2024-06-08 21:54:30'),
(428, 408, 'atef7374@gmail.comddd', NULL, '769945', 'Registration', '1', NULL, '2024-06-08 21:57:43'),
(429, 409, 'atef7374@gmail.comfffd', NULL, '752111', 'Registration', '1', NULL, '2024-06-08 21:59:39'),
(430, 410, 'fff@ddd.fdd', NULL, '366882', 'Registration', '1', NULL, '2024-06-08 22:01:07'),
(431, 411, 'atef7374@rrrgmail.comdddd', NULL, '548230', 'Registration', '1', NULL, '2024-06-08 22:02:45'),
(432, 412, 'hhh@lshodmxokd.xo', NULL, '576642', 'Registration', '1', NULL, '2024-06-08 22:08:54'),
(433, 413, 'atef7374@gmail.comhjkh', NULL, '630622', 'Registration', '1', NULL, '2024-06-08 22:11:55'),
(434, 414, 'atef7374@gmail.comdddllk', NULL, '399517', 'Registration', '1', NULL, '2024-06-08 22:14:12'),
(435, 415, 'atef7374@gmail.comjvjcc', NULL, '766002', 'Registration', '1', NULL, '2024-06-08 22:15:40'),
(436, 416, 'rrrr@ffg.edszx', NULL, '129711', 'Registration', '1', NULL, '2024-06-08 22:23:26'),
(437, 417, 'xsax@ssd.ssx', NULL, '262667', 'Registration', '1', NULL, '2024-06-08 22:26:10'),
(438, 418, 'yyy@dddd.conkglg', NULL, '810909', 'Registration', '1', NULL, '2024-06-08 22:35:12'),
(439, 419, 'gggjgj@hhjh.hkj', NULL, '880928', 'Registration', '1', NULL, '2024-06-08 22:36:52'),
(440, 420, 'atef747576@gmail.com', NULL, '698620', 'Registration', '1', NULL, '2024-06-08 22:40:24'),
(441, 421, 'ihkgu@jhfy.gigu', NULL, '985002', 'Registration', '1', NULL, '2024-06-08 22:44:00'),
(442, 422, 'mohamed_atef250@yahoo.com', NULL, '207254', 'Registration', '1', NULL, '2024-06-08 22:47:31'),
(443, 423, '2grand.net@gmail.com', NULL, '503415', 'Registration', '1', NULL, '2024-06-08 22:49:34'),
(444, 424, 'msarat2425@gmail.com', NULL, '428279', 'Registration', '1', NULL, '2024-06-08 22:57:47'),
(445, 401, 'atef7374@gmail.com', NULL, '742442', 'Forget Password', '1', NULL, '2024-06-08 23:25:54'),
(446, 401, 'atef7374@gmail.com', NULL, '432602', 'Forget Password', '1', NULL, '2024-06-08 23:38:56'),
(447, 401, 'atef7374@gmail.com', NULL, '921105', 'Forget Password', '1', NULL, '2024-06-08 23:39:09'),
(448, 401, 'atef7374@gmail.com', NULL, '820685', 'Forget Password', '1', NULL, '2024-06-08 23:40:14'),
(449, 401, 'atef7374@gmail.com', NULL, '692317', 'Forget Password', '1', NULL, '2024-06-08 23:42:19'),
(450, 401, 'atef7374@gmail.com', NULL, '488025', 'Forget Password', '1', NULL, '2024-06-09 00:04:45'),
(451, 401, 'atef7374@gmail.com', NULL, '933431', 'Forget Password', '1', NULL, '2024-06-09 00:06:52'),
(452, 401, 'atef7374@gmail.com', NULL, '822979', 'Forget Password', '1', NULL, '2024-06-09 00:10:36'),
(453, 401, 'atef7374@gmail.com', NULL, '905387', 'Forget Password', '1', NULL, '2024-06-09 13:54:36'),
(454, 427, 'gasem.khazali85@gmail.com', NULL, '465315', 'Registration', '1', NULL, '2024-06-09 14:05:19'),
(455, 428, 'ghdushsh@gmail.com', NULL, '102202', 'Registration', '1', NULL, '2024-06-09 14:31:43'),
(456, 429, 'gasem121@gmail.com', NULL, '962037', 'Registration', '1', NULL, '2024-06-09 14:32:52'),
(457, 430, 'gasem.khazali85@gmail.com', NULL, '398274', 'Registration', '1', NULL, '2024-06-10 11:15:41'),
(458, 431, 'atef7374@gmail.com', NULL, '905776', 'Registration', '1', NULL, '2024-06-10 16:17:43'),
(459, 432, 'atef747576@gmail.com', NULL, '440641', 'Registration', '1', NULL, '2024-06-10 16:20:08'),
(460, 433, 'atef737475@gmail.com', NULL, '192574', 'Registration', '1', NULL, '2024-06-10 17:39:12'),
(461, 434, 'gasem.khazali@emircom.com', NULL, '381098', 'Registration', '1', NULL, '2024-06-10 18:36:38'),
(462, 434, 'gasem.khazali@emircom.com', NULL, '421552', 'Forget Password', '1', NULL, '2024-06-10 21:02:59'),
(463, 437, 'atef7374@gmail.com', NULL, '149134', 'Registration', '1', NULL, '2024-06-11 19:43:25'),
(464, 440, 'ayham.shaar@hotmail.com', NULL, '845112', 'Registration', '1', NULL, '2024-06-16 11:05:15'),
(465, 444, 'hashem101910@gmail.com', NULL, '514661', 'Registration', '1', NULL, '2024-06-20 09:28:06'),
(466, 446, 'locasahmed@gmail.com', NULL, '112003', 'Registration', '1', NULL, '2024-06-20 22:31:39'),
(467, 448, 'sa@g.com', NULL, '398088', 'Registration', '1', NULL, '2024-06-20 23:24:10'),
(468, 450, 'devahmedattalla@gmail.com', NULL, '971710', 'Registration', '1', NULL, '2024-06-21 03:14:40'),
(469, 451, 'khazaliasem@gmail.com', NULL, '983875', 'Registration', '1', NULL, '2024-06-21 12:20:32'),
(470, 453, 'Rashakhazali@yahoo.com', NULL, '135783', 'Registration', '1', NULL, '2024-06-22 11:40:15'),
(471, 454, 'maisaa.awwad@yahoo.com', NULL, '703654', 'Registration', '1', NULL, '2024-06-22 11:41:57'),
(472, 455, 'khazally.h@gmail.com', NULL, '871619', 'Registration', '1', NULL, '2024-06-22 11:42:51'),
(473, 459, 'tareqawwad0@gmail.com', NULL, '978421', 'Registration', '1', NULL, '2024-06-25 15:05:03'),
(474, 430, 'gasem.khazali85@gmail.com', NULL, '882102', 'Forget Password', '1', NULL, '2024-06-26 11:39:37'),
(475, 460, 'gasem.kh@hotmqil.com', NULL, '101350', 'Registration', '1', NULL, '2024-06-26 12:27:46'),
(476, 461, 'gasem.kh@hotmail.com', NULL, '464143', 'Registration', '1', NULL, '2024-06-26 12:27:56'),
(477, 462, 'info@chefshub.net', NULL, '509657', 'Registration', '1', NULL, '2024-06-26 12:28:53'),
(478, 463, 'gasem.khazali85@gmail.com', NULL, '682862', 'Registration', '1', NULL, '2024-06-26 12:32:25'),
(479, 464, 'testchefshubapp@gmail.com', NULL, '933403', 'Registration', '1', NULL, '2024-06-27 08:56:38'),
(480, 437, 'atef7374@gmail.com', NULL, '210666', 'Forget Password', '1', NULL, '2024-06-29 13:43:49'),
(481, 471, 'hhhh@j.vhh', NULL, '405681', 'Registration', '1', NULL, '2024-07-01 19:40:09'),
(482, 472, 'ghhj@hjj.com', NULL, '662208', 'Registration', '1', NULL, '2024-07-01 23:00:33'),
(483, 437, 'atef7374@gmail.com', NULL, '620837', 'Forget Password', '1', NULL, '2024-07-18 00:18:03'),
(484, 487, 'gasem.khazali85@gmail.com', NULL, '473166', 'Registration', '1', NULL, '2024-07-22 09:41:58'),
(485, 437, 'atef7374@gmail.com', NULL, '678895', 'Forget Password', '1', NULL, '2024-07-23 15:08:24'),
(486, 488, 'hshsh@hs.com', NULL, '744762', 'Registration', '1', NULL, '2024-07-24 08:57:35'),
(487, 489, 'hsyhsh@hs.com', NULL, '780508', 'Registration', '1', NULL, '2024-07-24 08:57:48'),
(488, 490, 'gasem.khazali85@gmail.com', NULL, '859516', 'Registration', '1', NULL, '2024-07-24 11:37:46'),
(489, 491, 'ghdhshj@hdjsjsjj.com', NULL, '150620', 'Registration', '1', NULL, '2024-07-24 20:28:39'),
(490, 492, 'ghdhsghj@hdjsjsjj.com', NULL, '891206', 'Registration', '1', NULL, '2024-07-24 20:31:13'),
(491, 493, 'fghh@ghh.com', NULL, '622737', 'Registration', '1', NULL, '2024-07-24 20:36:11'),
(492, 495, 'test@ggg.xom', NULL, '421182', 'Registration', '1', NULL, '2024-07-27 16:36:58'),
(493, 437, 'atef7374@gmail.com', NULL, '899904', 'Forget Password', '1', NULL, '2024-07-27 16:38:58');

-- --------------------------------------------------------

--
-- Table structure for table `posts`
--

CREATE TABLE `posts` (
  `id` bigint(20) UNSIGNED NOT NULL,
  `content` text NOT NULL,
  `posted_by_id` bigint(20) UNSIGNED NOT NULL,
  `posted_by_type` varchar(190) NOT NULL,
  `created_at` timestamp NULL DEFAULT NULL,
  `updated_at` timestamp NULL DEFAULT NULL
) ENGINE=InnoDB DEFAULT CHARSET=utf8mb4;

-- --------------------------------------------------------

--
-- Table structure for table `post_images`
--

CREATE TABLE `post_images` (
  `id` bigint(20) UNSIGNED NOT NULL,
  `image_path` text DEFAULT NULL,
  `post_id` bigint(20) UNSIGNED NOT NULL,
  `created_at` timestamp NULL DEFAULT NULL,
  `updated_at` timestamp NULL DEFAULT NULL
) ENGINE=InnoDB DEFAULT CHARSET=utf8mb4;

-- --------------------------------------------------------

--
-- Table structure for table `products`
--

CREATE TABLE `products` (
  `id` smallint(5) UNSIGNED NOT NULL,
  `name` varchar(190) NOT NULL,
  `slug` varchar(190) NOT NULL,
  `description` text DEFAULT NULL,
  `price` int(10) UNSIGNED NOT NULL,
  `created_at` timestamp NULL DEFAULT NULL,
  `updated_at` timestamp NULL DEFAULT NULL
) ENGINE=InnoDB DEFAULT CHARSET=utf8mb4;

-- --------------------------------------------------------

--
-- Table structure for table `product_images`
--

CREATE TABLE `product_images` (
  `id` bigint(20) UNSIGNED NOT NULL,
  `product_id` smallint(5) UNSIGNED NOT NULL,
  `image_path` varchar(190) NOT NULL,
  `main` tinyint(1) NOT NULL DEFAULT 0,
  `created_at` timestamp NULL DEFAULT NULL,
  `updated_at` timestamp NULL DEFAULT NULL
) ENGINE=InnoDB DEFAULT CHARSET=utf8mb4;

-- --------------------------------------------------------

--
-- Table structure for table `product_tutorial_video`
--

CREATE TABLE `product_tutorial_video` (
  `id` bigint(20) UNSIGNED NOT NULL,
  `created_at` timestamp NULL DEFAULT NULL,
  `updated_at` timestamp NULL DEFAULT NULL
) ENGINE=InnoDB DEFAULT CHARSET=utf8mb4;

-- --------------------------------------------------------

--
-- Table structure for table `product_variations`
--

CREATE TABLE `product_variations` (
  `id` bigint(20) UNSIGNED NOT NULL,
  `name` varchar(190) NOT NULL,
  `price` int(11) DEFAULT NULL,
  `order` tinyint(3) UNSIGNED DEFAULT NULL,
  `product_id` smallint(5) UNSIGNED NOT NULL,
  `product_variation_type_id` smallint(5) UNSIGNED NOT NULL,
  `created_at` timestamp NULL DEFAULT NULL,
  `updated_at` timestamp NULL DEFAULT NULL
) ENGINE=InnoDB DEFAULT CHARSET=utf8mb4;

-- --------------------------------------------------------

--
-- Table structure for table `product_variation_types`
--

CREATE TABLE `product_variation_types` (
  `id` smallint(5) UNSIGNED NOT NULL,
  `name` varchar(55) NOT NULL,
  `created_at` timestamp NULL DEFAULT NULL,
  `updated_at` timestamp NULL DEFAULT NULL
) ENGINE=InnoDB DEFAULT CHARSET=utf8mb4;

-- --------------------------------------------------------

--
-- Table structure for table `reference_details`
--

CREATE TABLE `reference_details` (
  `id` int(11) NOT NULL,
  `ref_H_ID` int(11) DEFAULT NULL,
  `e_description` varchar(80) DEFAULT NULL,
  `a_description` varchar(80) DEFAULT NULL,
  `active_flag` char(1) DEFAULT NULL
) ENGINE=InnoDB DEFAULT CHARSET=utf8mb4;

--
-- Dumping data for table `reference_details`
--

INSERT INTO `reference_details` (`id`, `ref_H_ID`, `e_description`, `a_description`, `active_flag`) VALUES
(1, 1, 'General', 'General', '1'),
(2, 1, 'Chef Portal', 'Chef Portal', '1'),
(3, 1, 'Admin Panel', 'Admin Panel', '1'),
(4, 1, 'Mobile App', 'Mobile App', '1'),
(5, 1, 'IOS', 'IOS', '1'),
(6, 1, 'Android', 'Android', '1'),
(7, 2, 'Cup', 'كوب', '1'),
(8, 2, 'Psc.', 'قطعة', '1'),
(9, 2, 'Pound', 'باوند', '1'),
(10, 1, 'english desc', 'arabic desc', '0'),
(11, 2, 'Grams (g)\n', 'جرام (g)', '1'),
(12, 2, 'Liters (L)', ' (L)لتر', '1'),
(13, 3, 'animal', 'animal', '1'),
(14, 3, 'balsamic', 'balsamic', '1'),
(15, 3, 'camphoraceous', 'camphoraceous', '1'),
(16, 3, 'chemical', 'chemical', '1'),
(17, 3, 'citrus', 'citrus', '1'),
(18, 3, 'earthy', 'earthy', '1'),
(19, 3, 'fatty', 'fatty', '1'),
(20, 3, 'fishy', 'fishy', '1'),
(21, 3, 'floral', 'floral', '1'),
(22, 3, 'fruity', 'fruity', '1'),
(23, 3, 'green', 'green', '1'),
(24, 3, 'herbaceous', 'herbaceous', '1'),
(25, 3, 'meaty', 'meaty', '1'),
(26, 3, 'medicinal', 'medicinal', '1'),
(27, 3, 'minty', 'minty', '1'),
(28, 3, 'mossy', 'mossy', '1'),
(29, 3, 'musky', 'musky', '1'),
(30, 3, 'nutty', 'nutty', '1'),
(31, 3, 'pepper', 'pepper', '1'),
(32, 3, 'seedy', 'seedy', '1'),
(33, 3, 'smoky', 'smoky', '1'),
(34, 3, 'soapy', 'soapy', '1'),
(35, 3, 'spicy', 'spicy', '1'),
(36, 3, 'tobacco', 'tobacco', '1'),
(37, 3, 'vegetable', 'vegetable', '1'),
(38, 3, 'wine_like', 'wine_like', '1'),
(39, 3, 'woody', 'woody', '1'),
(40, 2, 'General', 'General', '0'),
(41, 3, 'General', 'General', '1'),
(42, 4, 'Waiting Review', 'انتظار الموافقه', '1'),
(43, 4, 'Live', 'لايف', '1'),
(44, 5, 'Breakfast', 'فطور', '1'),
(45, 5, 'Lunch', 'غداء', '1'),
(46, 5, 'Dinner', 'عشاء', '1'),
(47, 6, 'Video', 'فيديو', '1'),
(48, 6, 'Image', 'صوره', '1'),
(49, 6, 'Text Only', 'وصف فقط', '1'),
(50, 5, 'Snacks', 'وجبات خفيفه', '1'),
(51, 5, 'Dessert', 'حلويات', '1'),
(52, 7, 'Mobile', 'موبايل', '1'),
(53, 7, 'Chef Portal', 'Chef Portal', '1'),
(54, 2, 'Pinch', 'رشه', '1'),
(55, 8, 'Chef Panel', 'Chef Panel', '1'),
(56, 8, 'Mobile App', 'Mobile App', '1'),
(57, 9, 'Arabic', 'العربيه', '1'),
(58, 9, 'English', 'الانجليزية', '1'),
(59, 9, 'Italin', 'الايطاليه', '1'),
(60, 4, 'Draft', 'غير مكتمل', '1'),
(61, 5, 'Beverage', 'مشروبات', '1'),
(62, 5, 'Pastries', 'معجنات', '1'),
(63, 5, 'Salad', 'سلطة', '1'),
(64, 2, 'Kilograms (kg)', 'كيلوغرام (kg)\n', '1'),
(65, 2, 'Milliliters (mL)', 'ملليلتر (mL)\n', '1'),
(66, 2, 'Teaspoons (tsp)', 'ملعقة صغيره (م. ص)\r\n', '1'),
(67, 2, 'Tablespoons (tbsp)', 'ملعقة كبيرة (م. ك)\r\n', '1'),
(68, 2, 'Slices', 'شرائح', '1'),
(69, 2, 'Cloves', 'فصوص', '1');

-- --------------------------------------------------------

--
-- Table structure for table `reference_head`
--

CREATE TABLE `reference_head` (
  `id` int(11) NOT NULL,
  `e_description` varchar(80) DEFAULT NULL,
  `a_description` varchar(80) DEFAULT NULL,
  `active_flag` char(1) DEFAULT NULL
) ENGINE=InnoDB DEFAULT CHARSET=utf8mb4;

--
-- Dumping data for table `reference_head`
--

INSERT INTO `reference_head` (`id`, `e_description`, `a_description`, `active_flag`) VALUES
(1, 'System Parametr Type', 'نوع المعامل', '1'),
(2, 'ingredients UOM', 'وحدة القياس', '1'),
(3, 'ingredients Group', 'تصنيف المكونات', '1'),
(4, 'Tutorials Post Status', 'حالة الفيديو', '1'),
(5, 'Meal Type', 'نوع الوجبة', '1'),
(6, 'Tutorials Step Type', 'نوع الخطوة', '1'),
(7, 'Show Banner On', 'الاعلانات', '1'),
(8, 'System', 'التطبيق', '1'),
(9, 'LANGUAGE', 'اللغه', '1'),
(10, 'extra_data', 'extra_data', '1');

-- --------------------------------------------------------

--
-- Table structure for table `reference_heads`
--

CREATE TABLE `reference_heads` (
  `id` bigint(20) UNSIGNED NOT NULL,
  `description_ar` varchar(190) DEFAULT NULL,
  `description_en` varchar(190) DEFAULT NULL,
  `active_flag` tinyint(1) NOT NULL DEFAULT 1
) ENGINE=InnoDB DEFAULT CHARSET=utf8mb4;

-- --------------------------------------------------------

--
-- Table structure for table `regional_cuisines`
--

CREATE TABLE `regional_cuisines` (
  `id` int(11) NOT NULL,
  `name_en` varchar(25) NOT NULL,
  `name_ar` varchar(25) NOT NULL,
  `active_flag` char(1) NOT NULL,
  `created_at` timestamp NOT NULL DEFAULT current_timestamp(),
  `updated_at` timestamp NULL DEFAULT NULL
) ENGINE=InnoDB DEFAULT CHARSET=utf8mb4;

--
-- Dumping data for table `regional_cuisines`
--

INSERT INTO `regional_cuisines` (`id`, `name_en`, `name_ar`, `active_flag`, `created_at`, `updated_at`) VALUES
(1, 'International', 'عالمي', '1', '2023-11-25 07:04:06', NULL),
(2, 'Italian', 'ايطالي', '1', '2023-11-25 07:04:06', NULL),
(3, 'Asian', 'آسيوي', '1', '2023-11-25 07:04:06', NULL),
(4, 'Moroccan ', 'مغربي', '1', '2024-03-14 20:18:05', NULL),
(5, 'Egyptian', 'مصري', '1', '2024-03-14 20:08:36', NULL),
(6, 'American ', 'أمريكي', '1', '2024-03-14 20:13:23', NULL),
(7, 'Indian', 'هندي', '1', '2024-03-14 20:13:55', NULL),
(8, 'Mexican', 'مكسيكي', '1', '2024-03-14 20:14:43', NULL),
(9, 'Iraqi', 'عراقي', '1', '2024-03-14 20:15:14', NULL),
(10, 'Jordanian', 'أردني ', '1', '2024-03-14 20:16:06', NULL),
(11, 'Syrian', 'سوري', '1', '2024-03-14 20:16:33', NULL),
(12, 'Lebanese ', 'لبناني', '1', '2024-03-14 20:17:00', NULL),
(13, 'Palestinian ', 'فلسطيني', '1', '2024-03-14 20:17:26', NULL),
(14, 'Gulf', 'خليجي', '1', '2024-03-14 20:24:08', '2024-06-26 20:57:35'),
(16, 'Chines', 'صيني', '1', '2024-06-26 20:52:18', '2024-06-26 20:52:18'),
(17, 'Saudi', 'سعودي', '1', '2024-06-26 20:53:30', '2024-06-26 20:53:30'),
(18, 'Others', 'آخرى', '1', '2024-06-26 20:53:53', '2024-06-26 20:56:41'),
(19, 'French', 'فرنسي', '1', '2024-07-21 20:16:23', '2024-07-21 20:16:23'),
(20, 'Emirati', 'اماراتي', '1', '2024-07-21 20:17:45', '2024-07-21 20:17:45'),
(21, 'kuwaiti', 'كويتي', '1', '2024-07-21 20:18:24', '2024-07-21 20:18:24');

-- --------------------------------------------------------

--
-- Table structure for table `regional_cuisines_chef`
--

CREATE TABLE `regional_cuisines_chef` (
  `id` bigint(20) NOT NULL,
  `cuisine_id` int(11) NOT NULL,
  `chef_id` bigint(20) NOT NULL,
  `active_flag` char(1) NOT NULL DEFAULT '1',
  `created_at` timestamp NULL DEFAULT NULL,
  `updated_at` timestamp NULL DEFAULT NULL
) ENGINE=InnoDB DEFAULT CHARSET=utf8mb4;

--
-- Dumping data for table `regional_cuisines_chef`
--

INSERT INTO `regional_cuisines_chef` (`id`, `cuisine_id`, `chef_id`, `active_flag`, `created_at`, `updated_at`) VALUES
(10, 2, 1, '0', NULL, NULL),
(14, 3, 1, '1', NULL, NULL),
(20, 1, 12, '1', NULL, NULL),
(21, 3, 12, '1', NULL, NULL),
(26, 2, 14, '1', NULL, NULL),
(27, 2, 16, '1', NULL, NULL),
(28, 1, 16, '1', NULL, NULL),
(29, 3, 16, '1', NULL, NULL),
(30, 6, 22, '1', NULL, NULL),
(31, 1, 24, '1', NULL, NULL),
(32, 11, 24, '1', NULL, NULL),
(33, 12, 24, '1', NULL, NULL),
(34, 8, 24, '1', NULL, NULL),
(35, 2, 24, '1', NULL, NULL),
(36, 3, 24, '1', NULL, NULL),
(37, 4, 24, '1', NULL, NULL),
(38, 1, 25, '1', NULL, NULL),
(39, 5, 25, '1', NULL, NULL),
(40, 1, 26, '1', NULL, NULL),
(41, 9, 27, '1', NULL, NULL),
(42, 10, 42, '1', NULL, NULL),
(43, 1, 50, '1', NULL, NULL);

-- --------------------------------------------------------

--
-- Table structure for table `regional_cuisines_user`
--

CREATE TABLE `regional_cuisines_user` (
  `id` bigint(20) NOT NULL,
  `cuisine_id` int(11) NOT NULL,
  `user_id` bigint(20) NOT NULL,
  `active_flag` char(1) NOT NULL DEFAULT '1',
  `created_at` timestamp NULL DEFAULT NULL,
  `updated_at` timestamp NULL DEFAULT NULL
) ENGINE=InnoDB DEFAULT CHARSET=utf8mb4;

--
-- Dumping data for table `regional_cuisines_user`
--

INSERT INTO `regional_cuisines_user` (`id`, `cuisine_id`, `user_id`, `active_flag`, `created_at`, `updated_at`) VALUES
(1, 1, 1, '0', '2023-11-25 07:04:07', '2024-01-06 22:08:00'),
(2, 2, 1, '1', '2023-11-25 07:04:07', NULL),
(10, 2, 252, '1', '2024-01-20 14:11:26', '2024-01-20 14:11:26'),
(11, 1, 294, '1', '2024-03-11 22:03:08', '2024-03-11 22:03:08'),
(12, 2, 294, '1', '2024-03-11 22:03:08', '2024-03-11 22:03:08'),
(14, 3, 294, '1', '2024-03-11 22:03:24', '2024-03-11 22:03:24'),
(16, 1, 306, '1', '2024-04-20 22:15:54', '2024-04-20 22:15:54'),
(17, 2, 306, '1', '2024-04-20 22:15:54', '2024-04-20 22:15:54'),
(18, 2, 301, '1', '2024-04-21 21:41:58', '2024-04-21 21:41:58'),
(19, 1, 301, '1', '2024-04-21 21:46:50', '2024-04-21 21:46:50'),
(20, 5, 301, '1', '2024-04-21 21:50:40', '2024-04-21 21:50:40'),
(21, 8, 301, '1', '2024-04-21 21:51:01', '2024-04-21 21:51:01'),
(22, 3, 301, '1', '2024-04-21 21:52:49', '2024-04-21 21:52:49'),
(23, 4, 301, '1', '2024-04-21 21:54:09', '2024-04-21 21:54:09'),
(24, 1, 256, '1', '2024-04-28 10:37:52', '2024-04-28 10:37:52'),
(25, 2, 256, '1', '2024-04-28 10:37:52', '2024-04-28 10:37:52'),
(26, 8, 303, '1', '2024-05-01 08:53:31', '2024-05-01 08:53:31'),
(27, 2, 303, '1', '2024-05-01 08:54:02', '2024-05-01 08:54:02'),
(28, 4, 303, '1', '2024-05-01 08:59:25', '2024-05-01 08:59:25'),
(29, 5, 342, '1', '2024-05-12 05:57:48', '2024-05-12 05:57:48'),
(30, 1, 253, '1', '2024-05-12 19:49:12', '2024-05-12 19:49:12'),
(31, 2, 253, '1', '2024-05-12 19:49:12', '2024-05-12 19:49:12'),
(32, 3, 253, '1', '2024-05-12 19:49:12', '2024-05-12 19:49:12'),
(33, 4, 253, '1', '2024-05-12 19:49:12', '2024-05-12 19:49:12'),
(34, 5, 253, '1', '2024-05-12 19:49:12', '2024-05-12 19:49:12'),
(35, 6, 253, '1', '2024-05-12 19:49:12', '2024-05-12 19:49:12'),
(36, 7, 253, '1', '2024-05-12 21:43:26', '2024-05-12 21:43:26'),
(37, 8, 253, '1', '2024-05-12 21:43:26', '2024-05-12 21:43:26'),
(38, 9, 253, '1', '2024-05-12 21:43:26', '2024-05-12 21:43:26'),
(39, 10, 253, '1', '2024-05-12 21:43:26', '2024-05-12 21:43:26'),
(40, 11, 253, '1', '2024-05-12 21:43:26', '2024-05-12 21:43:26'),
(41, 12, 253, '1', '2024-05-12 21:43:26', '2024-05-12 21:43:26'),
(42, 13, 253, '1', '2024-05-12 21:43:26', '2024-05-12 21:43:26'),
(43, 14, 253, '1', '2024-05-12 21:43:26', '2024-05-12 21:43:26'),
(44, 1, 345, '1', '2024-05-12 22:15:37', '2024-05-12 22:15:37'),
(45, 2, 345, '1', '2024-05-12 22:15:37', '2024-05-12 22:15:37'),
(46, 5, 345, '1', '2024-05-12 22:15:37', '2024-05-12 22:15:37'),
(47, 2, 359, '1', '2024-05-14 17:45:37', '2024-05-14 17:45:37'),
(48, 3, 359, '1', '2024-05-14 17:45:37', '2024-05-14 17:45:37'),
(49, 1, 366, '1', '2024-05-15 19:10:02', '2024-05-15 19:10:02'),
(50, 2, 366, '1', '2024-05-15 19:10:02', '2024-05-15 19:10:02'),
(51, 3, 366, '1', '2024-05-15 19:10:02', '2024-05-15 19:10:02'),
(52, 5, 366, '1', '2024-05-15 19:22:23', '2024-05-15 19:22:23'),
(53, 8, 366, '1', '2024-05-15 19:22:23', '2024-05-15 19:22:23'),
(54, 5, 330, '1', '2024-05-15 19:22:50', '2024-05-15 19:22:50'),
(55, 6, 330, '1', '2024-05-15 19:22:50', '2024-05-15 19:22:50'),
(56, 14, 330, '1', '2024-05-15 19:22:50', '2024-05-15 19:22:50'),
(57, 5, 317, '1', '2024-05-16 17:23:47', '2024-05-16 17:23:47'),
(58, 8, 317, '1', '2024-05-16 17:23:47', '2024-05-16 17:23:47'),
(59, 1, 369, '1', '2024-05-18 12:47:13', '2024-05-18 12:47:13'),
(60, 2, 369, '1', '2024-05-18 12:47:13', '2024-05-18 12:47:13'),
(61, 3, 369, '1', '2024-05-18 12:47:13', '2024-05-18 12:47:13'),
(62, 1, 377, '1', '2024-06-01 05:14:23', '2024-06-01 05:14:23'),
(63, 2, 377, '1', '2024-06-01 05:14:23', '2024-06-01 05:14:23'),
(64, 4, 377, '1', '2024-06-01 05:14:23', '2024-06-01 05:14:23'),
(65, 2, 309, '1', '2024-06-01 06:43:46', '2024-06-01 06:43:46'),
(66, 2, 330, '1', '2024-06-01 12:33:01', '2024-06-01 12:33:01'),
(67, 1, 383, '1', '2024-06-02 20:34:57', '2024-06-02 20:34:57'),
(68, 2, 383, '1', '2024-06-02 20:34:57', '2024-06-02 20:34:57'),
(69, 3, 383, '1', '2024-06-02 20:34:57', '2024-06-02 20:34:57'),
(70, 4, 383, '1', '2024-06-02 20:37:12', '2024-06-02 20:37:12'),
(71, 5, 383, '1', '2024-06-02 20:37:12', '2024-06-02 20:37:12'),
(72, 6, 383, '1', '2024-06-02 20:37:12', '2024-06-02 20:37:12'),
(73, 1, 384, '1', '2024-06-02 20:57:33', '2024-06-02 20:57:33'),
(74, 2, 384, '1', '2024-06-02 20:57:33', '2024-06-02 20:57:33'),
(75, 3, 384, '1', '2024-06-02 20:57:33', '2024-06-02 20:57:33'),
(76, 1, 309, '1', '2024-06-07 13:47:26', '2024-06-07 13:47:26'),
(77, 3, 309, '1', '2024-06-07 14:08:13', '2024-06-07 14:08:13'),
(78, 2, 391, '1', '2024-06-07 14:15:30', '2024-06-07 14:15:30'),
(79, 8, 383, '1', '2024-06-07 17:25:17', '2024-06-07 17:25:17'),
(80, 1, 344, '1', '2024-06-07 18:10:35', '2024-06-07 18:10:35'),
(81, 1, 400, '1', '2024-06-08 07:45:16', '2024-06-08 07:45:16'),
(82, 2, 400, '1', '2024-06-08 07:45:16', '2024-06-08 07:45:16'),
(83, 3, 400, '1', '2024-06-08 07:45:16', '2024-06-08 07:45:16'),
(84, 1, 426, '1', '2024-06-09 14:00:10', '2024-06-09 14:00:10'),
(85, 2, 426, '1', '2024-06-09 14:00:10', '2024-06-09 14:00:10'),
(86, 3, 426, '1', '2024-06-09 14:00:10', '2024-06-09 14:00:10'),
(87, 5, 426, '1', '2024-06-09 14:09:54', '2024-06-09 14:09:54'),
(88, 9, 426, '1', '2024-06-09 14:09:54', '2024-06-09 14:09:54'),
(89, 4, 426, '1', '2024-06-09 14:13:07', '2024-06-09 14:13:07'),
(90, 8, 426, '1', '2024-06-09 14:13:07', '2024-06-09 14:13:07'),
(91, 2, 397, '1', '2024-06-12 10:42:00', '2024-06-12 10:42:00'),
(92, 1, 430, '1', '2024-06-18 15:56:48', '2024-06-18 15:56:48'),
(93, 2, 430, '1', '2024-06-18 15:56:48', '2024-06-18 15:56:48'),
(94, 3, 430, '1', '2024-06-18 15:56:48', '2024-06-18 15:56:48'),
(95, 4, 430, '1', '2024-06-18 15:56:48', '2024-06-18 15:56:48'),
(96, 5, 430, '1', '2024-06-18 22:14:25', '2024-06-18 22:14:25'),
(97, 1, 435, '1', '2024-06-19 20:49:25', '2024-06-19 20:49:25'),
(98, 2, 453, '1', '2024-06-22 11:41:55', '2024-06-22 11:41:55'),
(99, 6, 453, '1', '2024-06-22 11:41:55', '2024-06-22 11:41:55'),
(100, 9, 453, '1', '2024-06-22 11:41:55', '2024-06-22 11:41:55'),
(101, 10, 453, '1', '2024-06-22 11:41:55', '2024-06-22 11:41:55'),
(102, 11, 453, '1', '2024-06-22 11:41:55', '2024-06-22 11:41:55'),
(103, 12, 453, '1', '2024-06-22 11:41:55', '2024-06-22 11:41:55'),
(104, 13, 453, '1', '2024-06-22 11:41:55', '2024-06-22 11:41:55'),
(105, 1, 454, '1', '2024-06-22 11:43:07', '2024-06-22 11:43:07'),
(106, 4, 454, '1', '2024-06-22 11:43:07', '2024-06-22 11:43:07'),
(108, 11, 454, '1', '2024-06-22 11:43:07', '2024-06-22 11:43:07'),
(109, 12, 454, '1', '2024-06-22 11:43:07', '2024-06-22 11:43:07'),
(110, 2, 455, '1', '2024-06-22 11:43:36', '2024-06-22 11:43:36'),
(111, 3, 455, '1', '2024-06-22 11:43:36', '2024-06-22 11:43:36'),
(112, 8, 455, '1', '2024-06-22 11:43:36', '2024-06-22 11:43:36'),
(113, 11, 455, '1', '2024-06-22 11:43:36', '2024-06-22 11:43:36'),
(114, 12, 455, '1', '2024-06-22 11:43:36', '2024-06-22 11:43:36'),
(115, 13, 455, '1', '2024-06-22 11:43:36', '2024-06-22 11:43:36'),
(116, 1, 456, '1', '2024-06-22 13:55:14', '2024-06-22 13:55:14'),
(117, 2, 456, '1', '2024-06-22 13:55:14', '2024-06-22 13:55:14'),
(118, 3, 456, '1', '2024-06-22 13:55:14', '2024-06-22 13:55:14'),
(119, 4, 456, '1', '2024-06-22 13:55:14', '2024-06-22 13:55:14'),
(120, 5, 456, '1', '2024-06-22 13:55:14', '2024-06-22 13:55:14'),
(121, 6, 456, '1', '2024-06-22 13:55:14', '2024-06-22 13:55:14'),
(122, 7, 456, '1', '2024-06-22 13:55:14', '2024-06-22 13:55:14'),
(123, 8, 456, '1', '2024-06-22 13:55:14', '2024-06-22 13:55:14'),
(124, 9, 456, '1', '2024-06-22 13:55:14', '2024-06-22 13:55:14'),
(125, 10, 456, '1', '2024-06-22 13:55:14', '2024-06-22 13:55:14'),
(126, 11, 456, '1', '2024-06-22 13:55:14', '2024-06-22 13:55:14'),
(127, 12, 456, '1', '2024-06-22 13:55:14', '2024-06-22 13:55:14'),
(128, 13, 456, '1', '2024-06-22 13:55:14', '2024-06-22 13:55:14'),
(163, 13, 437, '1', '2024-06-24 18:56:14', '2024-06-24 18:56:14'),
(164, 14, 437, '1', '2024-06-24 18:56:14', '2024-06-24 18:56:14'),
(165, 5, 437, '1', '2024-06-24 20:16:31', '2024-06-24 20:16:31'),
(166, 6, 437, '1', '2024-06-24 20:16:31', '2024-06-24 20:16:31'),
(167, 1, 463, '1', '2024-06-26 12:33:35', '2024-06-26 12:33:35'),
(168, 5, 463, '1', '2024-06-26 12:33:35', '2024-06-26 12:33:35'),
(169, 11, 463, '1', '2024-06-26 12:33:35', '2024-06-26 12:33:35'),
(170, 1, 464, '1', '2024-06-27 08:57:15', '2024-06-27 08:57:15'),
(171, 2, 464, '1', '2024-06-27 08:57:15', '2024-06-27 08:57:15'),
(172, 3, 464, '1', '2024-06-27 08:57:15', '2024-06-27 08:57:15'),
(173, 2, 435, '1', '2024-06-29 18:27:11', '2024-06-29 18:27:11'),
(174, 3, 435, '1', '2024-06-29 18:27:11', '2024-06-29 18:27:11'),
(175, 1, 472, '1', '2024-07-11 14:21:51', '2024-07-11 14:21:51'),
(176, 2, 472, '1', '2024-07-11 14:21:51', '2024-07-11 14:21:51'),
(177, 3, 472, '1', '2024-07-11 14:21:51', '2024-07-11 14:21:51'),
(178, 1, 487, '1', '2024-07-22 09:43:03', '2024-07-22 09:43:03'),
(179, 2, 487, '1', '2024-07-22 09:43:03', '2024-07-22 09:43:03'),
(180, 3, 487, '1', '2024-07-22 09:43:03', '2024-07-22 09:43:03'),
(181, 1, 490, '1', '2024-07-24 11:38:48', '2024-07-24 11:38:48'),
(182, 2, 490, '1', '2024-07-24 11:38:48', '2024-07-24 11:38:48'),
(183, 3, 490, '1', '2024-07-24 11:38:48', '2024-07-24 11:38:48'),
(184, 4, 490, '1', '2024-07-24 11:38:48', '2024-07-24 11:38:48'),
(185, 5, 490, '1', '2024-07-24 11:38:48', '2024-07-24 11:38:48'),
(186, 6, 490, '1', '2024-07-24 11:38:48', '2024-07-24 11:38:48'),
(187, 7, 490, '1', '2024-07-24 11:38:48', '2024-07-24 11:38:48'),
(188, 1, 493, '1', '2024-07-24 20:40:09', '2024-07-24 20:40:09'),
(189, 3, 493, '1', '2024-07-24 20:40:09', '2024-07-24 20:40:09'),
(190, 5, 493, '1', '2024-07-24 20:40:09', '2024-07-24 20:40:09'),
(191, 11, 437, '1', '2024-07-27 16:50:52', '2024-07-27 16:50:52'),
(192, 11, 490, '1', '2024-07-28 07:31:52', '2024-07-28 07:31:52'),
(193, 9, 490, '1', '2024-08-03 17:21:26', '2024-08-03 17:21:26'),
(194, 10, 490, '1', '2024-08-03 17:21:26', '2024-08-03 17:21:26');

-- --------------------------------------------------------

--
-- Table structure for table `reports`
--

CREATE TABLE `reports` (
  `id` int(11) NOT NULL,
  `user_id` int(11) NOT NULL,
  `entity` enum('tutorial','chef','comment') NOT NULL,
  `entity_id` int(11) NOT NULL,
  `description` text DEFAULT NULL,
  `is_contacted` tinyint(4) NOT NULL DEFAULT 0,
  `created_at` datetime NOT NULL,
  `updated_at` datetime NOT NULL
) ENGINE=InnoDB DEFAULT CHARSET=utf8;

--
-- Dumping data for table `reports`
--

INSERT INTO `reports` (`id`, `user_id`, `entity`, `entity_id`, `description`, `is_contacted`, `created_at`, `updated_at`) VALUES
(4, 251, 'chef', 65, 'go hear', 0, '2024-07-01 23:54:28', '2024-07-01 23:54:28'),
(5, 251, 'tutorial', 12, 'go hear', 0, '2024-07-02 00:05:00', '2024-07-02 00:05:00'),
(9, 309, 'comment', 89, 'comment comment comment comment comment comment comment comment comment comment comment comment comment comment comment comment comment comment comment comment', 0, '2024-07-20 12:36:55', '2024-07-20 12:36:55'),
(10, 309, 'comment', 90, 'test', 0, '2024-07-20 12:44:33', '2024-07-20 12:44:33'),
(11, 309, 'comment', 125, 'test', 0, '2024-07-20 12:53:39', '2024-07-20 12:53:39'),
(12, 309, 'tutorial', 65, 'sdfd', 0, '2024-07-20 13:03:48', '2024-07-20 13:03:48'),
(13, 309, 'tutorial', 76, '123', 0, '2024-07-20 13:04:34', '2024-07-20 13:04:34'),
(14, 309, 'tutorial', 62, NULL, 0, '2024-07-20 15:02:00', '2024-07-20 15:02:00'),
(15, 309, 'tutorial', 39, 'ttt', 0, '2024-07-20 15:05:01', '2024-07-20 15:05:30'),
(16, 309, 'comment', 80, NULL, 0, '2024-07-20 15:13:08', '2024-07-20 15:13:08'),
(17, 309, 'chef', 52, 'go hear', 0, '2024-08-03 08:42:19', '2024-08-03 08:42:19'),
(18, 309, 'chef', 41, 'fvbhjkvbjkdfbjkf', 0, '2024-08-03 13:54:48', '2024-08-03 13:54:48'),
(19, 309, 'chef', 49, 'dfsgdfs', 0, '2024-08-03 14:43:13', '2024-08-03 14:43:13'),
(20, 309, 'chef', 40, 'dsfdsfgdgdf', 0, '2024-08-03 14:46:30', '2024-08-03 14:46:30'),
(21, 490, 'comment', 149, 'hhhh', 1, '2024-08-03 16:07:04', '2024-08-07 01:45:59');

-- --------------------------------------------------------

--
-- Table structure for table `search_banners`
--

CREATE TABLE `search_banners` (
  `id` int(11) NOT NULL,
  `image` varchar(225) NOT NULL,
  `type` enum('only_banner','external_link','chef_id','meal_id') NOT NULL,
  `target_id` int(11) DEFAULT NULL,
  `target_string` text DEFAULT NULL,
  `title_en` varchar(225) DEFAULT NULL,
  `sub_title_en` varchar(225) DEFAULT NULL,
  `title_ar` varchar(225) DEFAULT NULL,
  `sub_title_ar` varchar(225) DEFAULT NULL,
  `position` int(11) DEFAULT NULL,
  `created_at` datetime NOT NULL,
  `updated_at` datetime NOT NULL
) ENGINE=InnoDB DEFAULT CHARSET=utf8;

--
-- Dumping data for table `search_banners`
--

INSERT INTO `search_banners` (`id`, `image`, `type`, `target_id`, `target_string`, `title_en`, `sub_title_en`, `title_ar`, `sub_title_ar`, `position`, `created_at`, `updated_at`) VALUES
(5, 'SearchBanners_15532.jpg', 'chef_id', 24, NULL, 'Chef of the month', 'Aleppo cuisine ambassador', 'شيف الشهر', 'سفيره المطبخ الحلبي', NULL, '2024-07-27 09:21:26', '2024-07-28 09:20:14'),
(6, 'SearchBanners_14080.png', 'external_link', NULL, 'https://chefshub.net/', NULL, NULL, NULL, NULL, NULL, '2024-07-28 09:32:17', '2024-07-28 09:32:17');

-- --------------------------------------------------------

--
-- Table structure for table `settings`
--

CREATE TABLE `settings` (
  `id` bigint(20) UNSIGNED NOT NULL,
  `chef_id` int(10) UNSIGNED NOT NULL,
  `contact_us_en` text DEFAULT NULL,
  `contact_us_ar` text DEFAULT NULL,
  `logo` text DEFAULT NULL,
  `description_en` text DEFAULT NULL,
  `description_ar` text DEFAULT NULL,
  `type` varchar(190) NOT NULL,
  `created_at` timestamp NULL DEFAULT NULL,
  `updated_at` timestamp NULL DEFAULT NULL
) ENGINE=MyISAM DEFAULT CHARSET=utf8mb4;

-- --------------------------------------------------------

--
-- Table structure for table `system_dictionary`
--

CREATE TABLE `system_dictionary` (
  `ID` bigint(20) NOT NULL,
  `LANGUAGE_REF_ID` int(11) NOT NULL,
  `SYSTE_REF_ID` int(11) NOT NULL,
  `LABLE_ID` varchar(100) NOT NULL,
  `DESCRIPTION` varchar(100) NOT NULL
) ENGINE=InnoDB DEFAULT CHARSET=utf8mb4;

-- --------------------------------------------------------

--
-- Table structure for table `system_parameters`
--

CREATE TABLE `system_parameters` (
  `id` int(11) NOT NULL,
  `Parameters_TYPE_REF_ID` int(11) DEFAULT NULL,
  `Description` varchar(250) DEFAULT NULL,
  `value` text DEFAULT NULL,
  `inp_type` enum('text','image') NOT NULL DEFAULT 'text'
) ENGINE=InnoDB DEFAULT CHARSET=utf8mb4;

--
-- Dumping data for table `system_parameters`
--

INSERT INTO `system_parameters` (`id`, `Parameters_TYPE_REF_ID`, `Description`, `value`, `inp_type`) VALUES
(1, 2, 'About Us', 'Chef Portal Only', 'text'),
(2, 1, 'whats_app', '+971559531870', 'text'),
(3, 1, 'contact_us_email', 'info@chefshub.net', 'text'),
(5, 5, 'IOS Vestion', '1.0.0', 'text'),
(6, 5, 'IOS Force Update', '0', 'text'),
(7, 6, 'Andriod Version', '1.0.0', 'text'),
(8, 6, 'Android Force Update', '0', 'text'),
(9, 5, 'IOS Fetch Vedio', '5', 'text'),
(10, 6, 'Andriod Fetch Vedio', '5', 'text'),
(11, 1, 'days_to_ask_for_verify_email', '5', 'text'),
(12, 1, 'days_to_ask_for_app_rating', '10', 'text'),
(13, 1, 'congratulations_waiting_seconds', '2', 'text'),
(14, 1, 'chefsAdmin_dashboard_image', '74758.mp4', 'image'),
(15, 1, 'terms_and_conditions_en', 'TERMS AND CONDITIONS OF USE\r\nWelcome to our meal kit application. These terms and conditions (\"Terms\") govern your use of our application and the services we provide through it. By using our application, you agree to be bound by these Terms. If you do not agree with these Terms, you may not use our application.\r\n1.	Service Description\r\nOur meal kit application provides you with the ability to order meal kits that are delivered to your door. We offer a variety of meal plans, dietary options, and delivery schedules to choose from. Our service is provided on a subscription basis, and you will be charged on a recurring basis for your selected meal plan.\r\n2.	Account Registration\r\nTo use our application, you must register for an account with us. You must provide accurate and complete information during the registration process, including your name, email address. You are responsible for maintaining the confidentiality of your account login information and for any activity that occurs under your account.\r\n3.	Intellectual Property\r\nOur meal kit application and all content and materials contained within it are owned or licensed by us and are protected by copyright and other intellectual property laws. You may not use our content or materials for any purpose without our prior written consent.\r\n4.	User Conduct\r\nYou may not use our meal kit application for any illegal or unauthorized purpose. You must comply with all applicable laws and regulations. You may not use our application to harass, defame, or discriminate against any other user.\r\n5.	Disclaimer of Warranties\r\nOur meal kit application is provided on an \"as is\" and \"as available\" basis. We do not make any representations or warranties of any kind, express or implied, regarding the use or the results of our application in terms of its correctness, accuracy, reliability, or otherwise.\r\n6.	Limitation of Liability\r\nIn no event shall we be liable for any indirect, incidental, special, punitive, consequential damages or any damages whatsoever arising out of or in connection with your use of our meal kit application.\r\n7.	Changes to Terms and Conditions\r\nWe reserve the right to modify these Terms at any time. We will provide notice of any material changes to these Terms on our application. Your continued use of our application after such notice constitutes your agreement to the modified Terms.', 'text'),
(16, 1, 'terms_and_conditions_ar', 'الشروط والأحكام\r\n\r\nأهلاً بك في تطبيق شيفزهب، هذه الشروط الأحكام تحدد استخدامك للتطيق والخدمات التي نقدمها لك من خلاله، باستخدامك لتطبيقنا، أنت توافق على الإلتزام بهذه الشروط والأحكام، في حال عدم موافقتك لا يمكنك استخدام التطبيق.\r\n\r\n1. الخدمة\r\nتطبيقنا يسمح لك بطلب مكونات لتحضير الوجبات، نحن نقدم مجموعة متعددة من الوجبات، الأنظمة الغذائية ومواعيد التوصيل لتختار منها. \r\n\r\n2. إنشاء الحساب\r\nلتستخدم برنامجا يجب أن تقوم بإنشاء حساب معنا. يجب عليك أن تدخل بيانات صحيحة وكاملة عند تشكيل الحساب، هذه البيانات تتضمن: الاسم الكامل، البريد الالكتروني، عنوانك. أنت مسؤول على الحفاظ على سرية حسابك ومعلومات تسجيل الدخول وأي نشاط يتم ضمن حسابك الشخصي.\r\n\r\n3. الملكية الفكرية\r\nتطبيقنا وجميع المواد التي عليه هي ممتلكة أو مرخصة من قبلنا ومحمية بحقوق النشر و قوانين حقوق ملكية أخرى. لا يمكنك استخدام موادنا لأي سبب بدون موفقتنا الخطية المسبقة.\r\n\r\n4. سلوك المستخدم\r\nلا يمكنك استخدام برنامجنا لأي سبب غير قانوني أو غير مصرح به. يجب عليك التصرف ضمن القوانين والأنظمة المتبعة. لا يمكنك استخدام برنامجنا للمضايقة أو التشهير أو التمييز ضد أي مستخدم آخر.\r\n\r\n5. إخلاء المسؤولية والضمان\r\nتطبيقنا موجود على أساس \"كما هو\" أو \"كما هو متاح\". نحن لا نقدم أي عروض أو ضمانات من أي نوع، مذكورة أو مضمنة، بخصوص استخدام أو نتائج تطبيقنا في ما يتعلق بصحة المعلومات، الدقة، الموثوقية، أو ما عدا ذلك.\r\n\r\n6. حدود المسؤولية \r\nفي جميع الحالات نحن لن نكون مسؤولين عن أي اضرار غير مباشرة أو عرضية أو خاصة أو عقابية أو تبعية أو أي ضرر غير ذلك ناتج عن أو يتعلق باستخدامك لتطبيقنا.\r\n\r\n7. تغيير الحقوق والأحكام\r\nنحن نمتلك حق تغيير هذه الشروط في أي وقت. سوف نقدم ملاحظة لأي مواد يتم تغييرها ضمن هذه الشروط والأحكام. استمرارية استخدامك لتطبيقنا بعد هذه الملاحظه يعني موافقتك على الشروط والأحكام المعدلة.', 'text'),
(17, 1, 'chefsAdmin_dashboard_media_link', '95667.mp4', 'image'),
(18, 1, 'chefsAdmin_dashboard_media_type', 'video', 'text');

-- --------------------------------------------------------

--
-- Table structure for table `tutorials`
--

CREATE TABLE `tutorials` (
  `id` bigint(20) NOT NULL,
  `chef_id` bigint(20) NOT NULL,
  `meal_type_ref_id` int(11) NOT NULL,
  `title_en` varchar(25) DEFAULT NULL,
  `title_ar` varchar(25) DEFAULT NULL,
  `description_en` varchar(150) DEFAULT NULL,
  `description_ar` varchar(150) DEFAULT NULL,
  `main_img_path` varchar(255) DEFAULT NULL,
  `main_video_path` varchar(255) DEFAULT NULL,
  `main_video_screenshot_path` varchar(255) DEFAULT NULL,
  `duration_hour` varchar(20) NOT NULL,
  `duration_minutes` varchar(20) NOT NULL,
  `active_flag` char(1) NOT NULL DEFAULT '0',
  `post_status_ref_id` int(11) DEFAULT NULL,
  `created_at` timestamp NULL DEFAULT NULL,
  `updated_at` timestamp NULL DEFAULT NULL,
  `portion_count` int(11) DEFAULT NULL,
  `avater_vedio_screenshot_path` varchar(250) DEFAULT NULL,
  `views` bigint(20) NOT NULL DEFAULT 0,
  `calories` int(11) DEFAULT NULL,
  `fat` int(11) DEFAULT NULL,
  `protein` int(11) DEFAULT NULL,
  `carb` int(11) DEFAULT NULL,
  `like_count` int(11) NOT NULL DEFAULT 0,
  `share_count` int(11) NOT NULL DEFAULT 0,
  `comments_count` int(11) NOT NULL DEFAULT 0
) ENGINE=InnoDB DEFAULT CHARSET=utf8mb4;

--
-- Dumping data for table `tutorials`
--

INSERT INTO `tutorials` (`id`, `chef_id`, `meal_type_ref_id`, `title_en`, `title_ar`, `description_en`, `description_ar`, `main_img_path`, `main_video_path`, `main_video_screenshot_path`, `duration_hour`, `duration_minutes`, `active_flag`, `post_status_ref_id`, `created_at`, `updated_at`, `portion_count`, `avater_vedio_screenshot_path`, `views`, `calories`, `fat`, `protein`, `carb`, `like_count`, `share_count`, `comments_count`) VALUES
(1, 21, 45, 'meal 1', 'عربي', 'desc', 'يبلات', 'main_img_path_66196caa512db.jpg', 'main_video_path_667fe1c7cba24.MP4', 'main_video_path_667fe1c7cba24-Thumbnail.jpg', '1', '2', '1', 43, '2024-04-12 17:16:06', '2024-08-05 17:23:51', 2, NULL, 146, NULL, NULL, NULL, NULL, 1, 1, 38),
(2, 21, 45, 'meal 2', NULL, 'desc 2', NULL, 'main_img_path_66196caa512db.jpg', 'main_video_path_667fe5a7611c4.MP4', 'main_video_path_667fe5a7611c4-Thumbnail.jpg', '0', '1', '1', 43, '2024-04-12 17:16:06', '2024-08-04 13:20:54', 1, NULL, 162, NULL, NULL, NULL, NULL, 4, 1, 2),
(3, 21, 45, 'meal 3', NULL, 'desc 3', NULL, 'main_img_path_66196caa512db.jpg', 'main_video_path_66a4d9b574112.MOV', 'main_video_path_66a4d9b574112-Thumbnail.jpg', '0', '1', '1', 43, '2024-04-12 17:16:06', '2024-08-05 10:51:44', 1, NULL, 152, NULL, NULL, NULL, NULL, 3, 0, 0),
(4, 22, 45, 'wagyu buger', 'واجيو برجر', 'preparing wagyu burger most expensive burger', NULL, 'main_img_path_661a917779f3e.PNG', 'main_video_path_661a9174eeea7.MP4', 'main_video_path_661a9174eeea7-Thumbnail.jpg', '0', '15', '0', 43, '2024-04-13 14:05:57', '2024-04-14 19:30:04', 1, NULL, 0, NULL, NULL, NULL, NULL, 0, 0, 0),
(5, 22, 45, 'Burger', NULL, 'Vegetarian Burger', NULL, NULL, NULL, NULL, '0', '30', '0', 60, '2024-04-14 10:01:13', '2024-04-14 19:29:51', 2, NULL, 0, NULL, NULL, NULL, NULL, 0, 0, 0),
(7, 22, 45, 'wagyu buger', NULL, 'wagyu burger', NULL, NULL, NULL, NULL, '0', '15', '0', 60, '2024-04-14 19:34:48', '2024-04-14 19:35:15', 1, NULL, 0, NULL, NULL, NULL, NULL, 0, 0, 0),
(8, 22, 45, 'wagyu buger', NULL, 'wagyu burger', NULL, 'main_img_path_661c305abe719.PNG', 'main_video_path_661c305813f6d.MP4', 'main_video_path_661c305813f6d-Thumbnail.jpg', '0', '15', '0', 43, '2024-04-14 19:36:28', '2024-05-14 17:56:53', 1, NULL, 0, NULL, NULL, NULL, NULL, 0, 0, 0),
(9, 22, 46, 'Msglobeh', 'واجيو برجرر', 'sas', NULL, 'main_img_path_66225102bb094.PNG', 'main_video_path_6622510041284.MP4', 'main_video_path_6622510041284-Thumbnail.jpg', '0', '1', '0', 43, '2024-04-19 11:09:14', '2024-05-14 17:56:41', 1, NULL, 0, NULL, NULL, NULL, NULL, 0, 0, 0),
(10, 22, 45, 'wagyu buger', 'واجيو برجر', 'asas', NULL, 'main_img_path_6622f666db284.PNG', 'main_video_path_6622f6642b90f.MP4', 'main_video_path_6622f6642b90f-Thumbnail.jpg', '0', '1', '0', 60, '2024-04-19 22:35:06', '2024-05-23 03:43:11', 1, NULL, 0, NULL, NULL, NULL, NULL, 0, 0, 0),
(11, 22, 45, 'Kosa mehshii', 'كوسا محشي', 'Kosa stuffed with meat and rice', 'كوسا محشي بالارز واللحمة', 'main_img_path_662ffa01c9850.jpeg', 'main_video_path_662ff9fed6f9c.mov', 'main_video_path_662ff9fed6f9c.mov-Thumbnail.jpg', '1', '30', '0', 43, '2024-04-29 19:47:53', '2024-05-08 15:16:59', 4, NULL, 0, NULL, NULL, NULL, NULL, 0, 0, 0),
(12, 22, 46, 'meal test', '11222تعديل', 'test desc', 'وصف', 'main_img_path_6637ee549b3c4.png', 'main_video_path_6637ee523e32d.mp4', 'main_video_path_6637ee523e32d-Thumbnail.jpg', '1', '0', '0', 43, '2024-05-05 20:37:05', '2024-05-08 15:15:37', 3, NULL, 0, NULL, NULL, NULL, NULL, 0, 0, 0),
(13, 22, 45, 'meal test', NULL, 'sss', NULL, NULL, NULL, NULL, '1', '0', '0', 60, '2024-05-05 21:01:21', '2024-05-08 15:15:32', 1, NULL, 0, NULL, NULL, NULL, NULL, 0, 0, 0),
(14, 23, 45, 'Burgar', NULL, 'Burgar', NULL, 'main_img_path_6637f902da673.jpeg', 'main_video_path_6637f9cfbdef4.mov', 'main_video_path_6637f9cfbdef4.mov-Thumbnail.jpg', '5', '0', '0', 43, '2024-05-05 21:22:50', '2024-05-05 21:33:17', 7, NULL, 0, NULL, NULL, NULL, NULL, 0, 0, 0),
(16, 23, 45, 'wagyu buger', NULL, 'aa', NULL, 'main_img_path_6637fd05d3e7f.png', 'main_video_path_6637fd0442327.MP4', 'main_video_path_6637fd0442327-Thumbnail.jpg', '1', '0', '0', 43, '2024-05-05 21:41:08', '2024-05-05 21:45:04', 1, NULL, 0, NULL, NULL, NULL, NULL, 0, 0, 0),
(20, 14, 45, 'dddd', 'يييي', 'dicadnadn', 'يستنلىيتنبلى', 'main_img_path_663b9b57e4a98.png', 'main_video_path_663b9b56204c0.mp4', 'main_video_path_663b9b56204c0-Thumbnail.jpg', '0', '2', '0', 43, '2024-05-08 15:33:29', '2024-05-08 15:35:57', 1, NULL, 0, NULL, NULL, NULL, NULL, 0, 0, 0),
(21, 24, 46, 'test', NULL, 'gg', NULL, 'main_img_path_6640b38de8e12.JPG', 'main_video_path_6640b38aef811.MP4', 'main_video_path_6640b38aef811-Thumbnail.jpg', '0', '1', '0', 43, '2024-05-12 12:16:50', '2024-05-12 12:26:51', 1, NULL, 0, NULL, NULL, NULL, NULL, 0, 0, 0),
(22, 24, 46, 'HJGN', NULL, 'JHGFJNHGF', NULL, NULL, NULL, NULL, '1', '3', '0', 60, '2024-05-12 12:29:10', '2024-06-18 16:05:46', 1, NULL, 0, NULL, NULL, NULL, NULL, 0, 0, 0),
(23, 22, 45, 'Makloubeh', 'مقلوبة الباذنجان', 'Makloube', 'مقلوبة الرز من الاكلات العالمية', 'main_img_path_6642262d8d6fd.png', 'main_video_path_6643b0134fafc.mp4', 'main_video_path_66677132e10a1.MP4-Thumbnail.jpg', '0', '30', '0', 43, '2024-05-12 20:24:08', '2024-08-04 09:50:04', 3, NULL, 152, NULL, NULL, NULL, NULL, 1, 0, 0),
(24, 21, 63, 'Violet', 'Candice', 'Nulla et reprehender', 'Dolor eveniet adipi', 'main_img_path_667fe12d0db3c.png', 'main_video_path_6697084a1444e.mp4', 'main_video_path_6697084a1444e-Thumbnail.jpg', '95', '52', '0', 42, '2024-05-12 22:54:56', '2024-07-27 11:25:53', 75, NULL, 123, NULL, NULL, NULL, NULL, 2, 0, 1),
(26, 25, 63, 'Grilled chicken salad', 'سلطة دجاج مشوية', 'Super healthy chicken salad and so easy to prepare', 'سلطة الدجاج المشوية  ،، صحية و مليئة بالعناصر الغذائية و بطريقة سهلة جدا', 'main_img_path_6644a9c8cbb5a.png', 'main_video_path_6644a9c27203f.mp4', 'main_video_path_6644a9c27203f-Thumbnail.jpg', '0', '30', '0', 42, '2024-05-13 18:23:45', '2024-06-29 10:56:14', 10, NULL, 22, NULL, NULL, NULL, NULL, 0, 1, 0),
(27, 22, 50, 'mmm', NULL, 'ssss', NULL, NULL, NULL, NULL, '1', '0', '0', 60, '2024-05-15 11:20:58', '2024-05-23 03:43:00', 1, NULL, 0, NULL, NULL, NULL, NULL, 0, 0, 0),
(28, 22, 45, 'hello', NULL, 'sss', NULL, NULL, NULL, NULL, '1', '0', '0', 60, '2024-05-15 11:22:19', '2024-05-23 03:43:05', 1, NULL, 0, NULL, NULL, NULL, NULL, 0, 0, 0),
(29, 22, 46, 'abc', NULL, 'sss', NULL, NULL, NULL, NULL, '1', '0', '0', 60, '2024-05-15 11:24:50', '2024-05-23 03:42:56', 1, NULL, 0, NULL, NULL, NULL, NULL, 0, 0, 0),
(30, 22, 45, 'hi', NULL, 'mmm', NULL, NULL, NULL, NULL, '2', '0', '0', 60, '2024-05-15 11:27:39', '2024-05-23 03:42:48', 2, NULL, 0, NULL, NULL, NULL, NULL, 0, 0, 0),
(31, 22, 50, 'test', NULL, 'meal desc', 'يبلاتن', 'main_img_path_6644a0c051f55.jpg', 'main_video_path_6644a535c502b.mp4', 'main_video_path_6644a535c502b-Thumbnail.jpg', '0', '2', '0', 43, '2024-05-15 11:46:19', '2024-08-04 09:01:05', 1, NULL, 64, NULL, NULL, NULL, NULL, 0, 1, 1),
(32, 22, 50, 'test222', NULL, 'test 2222', NULL, NULL, NULL, NULL, '0', '1', '0', 43, '2024-05-15 21:31:11', '2024-05-23 03:42:44', 2, NULL, 0, NULL, NULL, NULL, NULL, 0, 0, 0),
(33, 25, 63, 'Grilled chicken salad', 'سلطة دجاج مشوية', 'Super healthy grilled chicken salad and very easy to prepare 🥗', 'المكونات :\nخس، طماطم، ذره، فاصوليا 🫘، افوكادو، فلفل ملون 🫑 \nصدور فراخ، و للتتبيل : ملح، فلفل اسود، ثوم، بابريكا، قرفه، ليمون، ربع كوب لبن ..\nالطريقه :', 'main_img_path_66464adb9a973.jpeg', 'main_video_path_667fea243ad9d.mp4', 'main_video_path_667fea243ad9d-Thumbnail.jpg', '0', '30', '0', 43, '2024-05-16 18:04:04', '2024-06-30 09:07:13', 10, NULL, 111, NULL, NULL, NULL, NULL, 1, 0, 1),
(34, 22, 45, 'test video thumpnail', NULL, 'testthumpnail', NULL, 'main_img_path_66484e373a65b.png', 'main_video_path_66484e31d485c.mp4', 'main_video_path_66484e31d485c-Thumbnail.jpg', '2', '0', '0', 43, '2024-05-18 06:43:01', '2024-05-23 03:42:34', 2, NULL, 0, NULL, NULL, NULL, NULL, 0, 0, 0),
(35, 22, 45, 'test thumbnail', NULL, 'hju', NULL, 'main_img_path_6648941af26ac.png', 'main_video_path_66489417395c7.mp4', 'main_video_path_66489417395c7-Thumbnail.jpg', '1', '0', '0', 60, '2024-05-18 11:41:07', '2024-05-23 03:42:28', 2, NULL, 0, NULL, NULL, NULL, NULL, 0, 0, 0),
(36, 22, 46, 'wagyu buger', NULL, 'dfghjk', NULL, 'main_img_path_664b09432ad2f.png', 'main_video_path_665365ef1eab5.mp4', 'main_video_path_665365ef1eab5-Thumbnail.jpg', '0', '2', '0', 43, '2024-05-20 08:25:23', '2024-08-04 09:48:01', 4, NULL, 64, NULL, NULL, NULL, NULL, 2, 0, 0),
(37, 22, 45, 'test size of the video an', NULL, 'test  responses', NULL, 'main_img_path_664f850e2816e.jpg', 'main_video_path_664f850c72e8c.mp4', 'main_video_path_664f850c72e8c-Thumbnail.jpg', '1', '0', '0', 43, '2024-05-23 03:44:05', '2024-08-04 09:48:01', 1, NULL, 163, NULL, NULL, NULL, NULL, 1, 0, 24),
(38, 22, 45, 'test thumbnail', NULL, 'test', NULL, 'main_img_path_665197569a8d1.jpg', 'main_video_path_6653c5c3d291f.mp4', 'main_video_path_6653c5c3d291f-Thumbnail.jpg', '0', '1', '0', 43, '2024-05-25 07:44:59', '2024-08-04 09:00:47', 2, NULL, 154, NULL, NULL, NULL, NULL, 1, 0, 0),
(39, 22, 45, 'Butter Chicken', 'باتر تشيكن', 'Butter', NULL, 'main_img_path_6652ef7b17e95.jpeg', 'main_video_path_667d64ddb0fef.MP4', 'main_video_path_667d64ddb0fef.MP4-Thumbnail.jpg', '1', '0', '0', 43, '2024-05-26 08:12:19', '2024-08-04 09:00:51', 1, NULL, 109, NULL, NULL, NULL, NULL, 0, 0, 0),
(40, 27, 46, 'Arnab', 'أرنب بالرز', 'bloody rabit mixed with my tragic story', 'أرنب مغمس باحزاني', 'main_img_path_665369ce32456.png', 'main_video_path_665369cb7aef9.mp4', 'main_video_path_665369cb7aef9-Thumbnail.jpg', '2', '0', '0', 43, '2024-05-26 16:55:51', '2024-05-26 17:12:53', 1, NULL, 0, NULL, NULL, NULL, NULL, 0, 0, 0),
(41, 22, 46, 'aabb', NULL, 'sss', NULL, NULL, NULL, NULL, '0', '1', '0', 60, '2024-05-26 17:19:22', '2024-06-05 12:50:37', 3, NULL, 0, NULL, NULL, NULL, NULL, 0, 0, 0),
(42, 27, 45, 'wagyu buger', NULL, 'sasas', NULL, 'main_img_path_6653b5cbcbd20.jpg', 'main_video_path_6653b5ca47574.mp4', 'main_video_path_6653b5ca47574-Thumbnail.jpg', '1', '1', '1', 43, '2024-05-26 22:20:41', '2024-08-05 17:23:51', 1, NULL, 130, NULL, NULL, NULL, NULL, 1, 1, 1),
(43, 31, 51, NULL, 'بسبوسة بالشوكولاه', NULL, 'بسبوسة بالشوكولاه', 'main_img_path_66549d39a7b28.png', 'main_video_path_66549d37994b3.MP4', 'main_video_path_66549d37994b3.MP4-Thumbnail.jpg', '0', '30', '1', 43, '2024-05-27 14:45:22', '2024-08-04 13:20:54', 6, NULL, 124, NULL, NULL, NULL, NULL, 1, 2, 1),
(44, 31, 45, NULL, 'كبسه', NULL, 'كبسه سعوديه', 'main_img_path_665580d9e3f56.png', 'main_video_path_665580d82c420.MP4', 'main_video_path_665580d82c420.MP4-Thumbnail.jpg', '0', '45', '1', 43, '2024-05-28 06:58:05', '2024-08-05 16:57:01', 6, NULL, 139, 100, 300, 150, 200, 1, 0, 0),
(45, 32, 45, 'indomie', 'اندومي', 'Lorem Ipsum is simply dummy text of the printing and typesetting industry. Lorem Ipsum has been the industry\'s standard dummy text ever since the 1500', 'إذ أخر رئيس حكومة فشكّل. أوزار العالمي بعد بـ. بلا هو أمدها رجوعهم, الضروري أفريقيا اقتصادية ما كلا. المزيفة الأهداف بين أم. دار بـ الله بقيادة العالم', NULL, NULL, NULL, '0', '30', '0', 60, '2024-05-29 19:13:32', '2024-06-10 21:30:10', 1, NULL, 0, NULL, NULL, NULL, NULL, 0, 0, 0),
(46, 32, 45, 'indomie', 'اندومي', 'Lorem Ipsum is simply dummy text of the printing and typesetting industry. Lorem Ipsum has been the industry\'s standard dummy text ever since the 1500', 'إذ أخر رئيس حكومة فشكّل. أوزار العالمي بعد بـ. بلا هو أمدها رجوعهم, الضروري أفريقيا اقتصادية ما كلا. المزيفة الأهداف بين أم. دار بـ الله بقيادة العالم', 'main_img_path_665781bc9bfe4.jpg', 'main_video_path_665781bae5d60.mp4', 'main_video_path_665781bae5d60-Thumbnail.jpg', '0', '30', '0', 43, '2024-05-29 19:27:35', '2024-06-10 21:30:23', 1, NULL, 0, NULL, NULL, NULL, NULL, 0, 0, 0),
(47, 32, 45, NULL, 'أرنب بالرز', NULL, 'بسطرما الارانب مع الضفادع والرز', 'main_img_path_665c749a07833.png', 'main_video_path_665c74982a5b2.MP4', 'main_video_path_665c74982a5b2.MP4-Thumbnail.jpg', '1', '0', '0', 60, '2024-06-02 13:31:27', '2024-06-10 21:30:19', 5, NULL, 0, NULL, NULL, NULL, NULL, 0, 0, 0),
(48, 22, 45, 'g', NULL, 's', NULL, NULL, NULL, NULL, '1', '0', '0', 60, '2024-06-03 20:39:25', '2024-06-05 12:50:32', 1, NULL, 0, NULL, NULL, NULL, NULL, 0, 0, 0),
(49, 22, 51, NULL, 'كيكة الفواكه', NULL, 'كيكه بستخدام الفواكه بطريقيتي', 'main_img_path_66609218e2ac0.png', 'main_video_path_666092167f729.MP4', 'main_video_path_666092167f729.MP4-Thumbnail.jpg', '0', '45', '0', 43, '2024-06-05 16:25:00', '2024-08-04 09:50:04', 5, NULL, 156, 324, 10, 10, 40, 2, 3, 4),
(50, 32, 45, 'ms5anfzxcv s', 'مسخن', 'Fatteh', 'فتة المجرة الفضائية', 'main_img_path_6664790ebce93.png', 'main_video_path_6664790d4ab75.mp4', 'main_video_path_6664790d4ab75.mp4-Thumbnail.jpg', '0', '40', '0', 43, '2024-06-08 15:29:33', '2024-06-10 21:30:15', 2, NULL, 0, NULL, NULL, NULL, NULL, 0, 0, 0),
(51, 33, 51, 'Butter biscuits', 'بسكوت الزبدة', 'Through the video, you will be able to learn with us how to make biscuits with butter in an easy and delicious way', 'من خلال الفيديو هتقدر تتعلم معانا طريقه عمل البسكويت بالزيده بطريقه سهله و لذيذه', 'main_img_path_66660c890363c.jpeg', 'main_video_path_66661bfe37e92.mp4', 'main_video_path_66661bfe37e92-Thumbnail.jpg', '0', '15', '0', 43, '2024-06-09 20:01:46', '2024-06-23 19:02:03', 5, NULL, 24, NULL, NULL, NULL, NULL, 1, 0, 5),
(52, 34, 45, 'meat tenderloin', 'لحم تندرلوين', 'Introducing our premium Brazilian Tenderloin Beef Fillet, the perfect choice for any discerning chef or foodie.', 'نقدم لكم فيليه لحم بقري التندرلوين البرازيلي المتميز ، الخيار الأمثل لأي طاهٍ متميّز أو عشاق الطعام.', 'main_img_path_66661c13cee37.jpeg', 'main_video_path_66661c11e54f0.mp4', 'main_video_path_66661c11e54f0-Thumbnail.jpg', '45', '0', '1', 43, '2024-06-09 21:14:16', '2024-08-03 13:35:09', 4, NULL, 124, NULL, NULL, NULL, NULL, 1, 1, 0),
(53, 33, 45, 'Chefshub Test 01', 'تجربة شيفزهب', 'The new meal for test', NULL, 'main_img_path_66661ce7b0450.png', 'main_video_path_66661ce657565.mp4', 'main_video_path_66661ce657565-Thumbnail.jpg', '0', '4', '0', 43, '2024-06-09 21:20:19', '2024-06-23 19:01:59', 3, NULL, 21, 250, 13, 250, 250, 0, 0, 0),
(54, 32, 45, 'Maklubeh', 'مقلوبة الباذنجان', 'Good food starts here', NULL, 'main_img_path_66677134c1c34.png', 'main_video_path_6669ea7306ea7.mp4', 'main_video_path_6669ea7306ea7-Thumbnail.jpg', '3', '0', '0', 43, '2024-06-09 21:41:12', '2024-06-12 18:36:52', 2, NULL, 0, NULL, NULL, NULL, NULL, 0, 0, 0),
(55, 36, 51, 'Ice cream biscuit', 'بسكوت ايس كريم', 'The crispy, cone-shaped piece, topped with our favorite flavour', 'القطعة الهشة المقرمشة مخروطية الشكل، التي توضع فوقها نكهتنا المُفضلة', 'main_img_path_66662cba39d25.jpeg', 'main_video_path_66662cb74ca6a.mov', 'main_video_path_66662cb74ca6a.mov-Thumbnail.jpg', '30', '0', '1', 43, '2024-06-09 22:05:10', '2024-07-31 08:04:46', 5, NULL, 145, NULL, NULL, NULL, NULL, 2, 2, 0),
(56, 37, 45, 'Lasagna with eggplant', 'لازانيا بالبتنجان', 'This lasagna recipe combines parmigiana to give you a perfect vegetarian meal. Cook it with grilled eggplant slices.', 'وصفة اللازانيا تختلط بالبارميجيانا لتمنحك وجبة نباتية بامتياز. اطبخيها بشرائح الباذنجان المشوي،', 'main_img_path_666635758531a.jpeg', 'main_video_path_66663572bfba4.mp4', 'main_video_path_66663572bfba4-Thumbnail.jpg', '45', '0', '1', 43, '2024-06-09 23:03:36', '2024-08-04 13:20:54', 5, NULL, 137, NULL, NULL, NULL, NULL, 1, 0, 0),
(57, 38, 51, 'Rawani cake', 'كيكة الروانى', 'Al Rawani cake with exact ingredients is the lightest and most fragile type of cake', 'كيكة الروانى بمكونات مضبوطة أخف أنواع الكيك و هشه', 'main_img_path_66663f898862c.jpeg', 'main_video_path_66663f87038af.mp4', 'main_video_path_66663f87038af-Thumbnail.jpg', '45', '0', '1', 43, '2024-06-09 23:43:43', '2024-08-05 17:31:09', 8, NULL, 147, NULL, NULL, NULL, NULL, 0, 2, 0),
(58, 36, 51, 'Sable biscuits', 'بسكوت السابليه', 'How to make amazing Sable biscuits', 'طريقة عمل بسكوت الالرائعةسابليه', 'main_img_path_6668a9eb2e5ee.jpeg', 'main_video_path_6668a9e7cce64.mp4', 'main_video_path_6668a9e7cce64-Thumbnail.jpg', '20', '0', '1', 43, '2024-06-11 19:11:03', '2024-08-04 13:20:54', 7, NULL, 138, NULL, NULL, NULL, NULL, 3, 1, 3),
(59, 36, 51, 'Ghraybeh (Lebanese Shortb', 'الغريبة', 'An easy way to make soft shortbread', 'طريقة عمسهولةل الغريبة الناعمة بكل', 'main_img_path_6668afb4495c6.jpeg', 'main_video_path_6668afb17af64.mp4', 'main_video_path_6668afb17af64-Thumbnail.jpg', '30', '0', '1', 43, '2024-06-11 19:59:47', '2024-08-01 16:30:49', 7, NULL, 131, NULL, NULL, NULL, NULL, 2, 0, 4),
(60, 37, 45, 'Biryani', 'البرياني الدجاج', 'The Best Chicken Biryani Recipe Ever', 'طريقه وصفة برياني بالدجاج بطريقه سهله ولذيذة جدا', 'main_img_path_6668b4bf14785.jpeg', 'main_video_path_6668b4bd42f01.mp4', 'main_video_path_6668b4bd42f01-Thumbnail.jpg', '45', '0', '1', 43, '2024-06-11 20:24:36', '2024-08-05 17:36:16', 4, NULL, 125, NULL, NULL, NULL, NULL, 1, 0, 2),
(61, 37, 45, 'Liver Fatteh', 'فته الكبدة', 'How to prepare liver fatteh', 'طريقة تحضير فتة بكبدة', 'main_img_path_6668bb9ca3d41.jpeg', 'main_video_path_6668bb9ab87d0.mp4', 'main_video_path_6668bb9ab87d0-Thumbnail.jpg', '30', '0', '1', 43, '2024-06-11 20:59:35', '2024-08-05 10:51:44', 5, NULL, 150, NULL, NULL, NULL, NULL, 3, 1, 2),
(62, 39, 51, 'Pudding with mastic', 'مهلبيه بالمستكه', 'How to make pudding with mastic in easy ways', 'طريقة عمل عمل مهلبية بالمستكة ديت بطرقع سهله', 'main_img_path_6669cf1c56311.jpeg', 'main_video_path_6669cf1a5d5c6.mp4', 'main_video_path_6669cf1a5d5c6-Thumbnail.jpg', '20', '0', '1', 43, '2024-06-12 16:36:21', '2024-08-05 17:31:09', 5, NULL, 130, NULL, NULL, NULL, NULL, 3, 0, 0),
(63, 39, 51, 'Diet chocolate cake', 'كيكة الشوكلاتة دايت', 'How to lighten a diet chocolate cake without fat', 'طريقه اخف كيك شوكولاته للدايت بدون دهون', 'main_img_path_6669d32075833.jpeg', 'main_video_path_6669d31e70f82.mp4', 'main_video_path_6669d31e70f82-Thumbnail.jpg', '45', '0', '1', 43, '2024-06-12 16:53:10', '2024-08-05 17:31:09', 8, NULL, 163, NULL, NULL, NULL, NULL, 0, 3, 3),
(64, 39, 51, 'Mango tiramisu', 'تيراميسو المانجو', 'How to make tiramisu with mango', 'طريقة عمل تيراميسو بالمانجو المنعش', 'main_img_path_6669d72db526e.jpeg', 'main_video_path_6669d72bd7aec.mp4', 'main_video_path_6669d72bd7aec-Thumbnail.jpg', '15', '0', '1', 43, '2024-06-12 17:11:07', '2024-08-05 17:31:09', 6, NULL, 144, NULL, NULL, NULL, NULL, 1, 0, 0),
(65, 40, 45, 'Italian pizza', 'بيتزا ايطالي', 'Unique Italian pizza plate', 'صحن البيتزا الإيطالي الفريد', 'main_img_path_6669e29c8b492.jpeg', 'main_video_path_6669e29aa3c03.mp4', 'main_video_path_6669e29aa3c03-Thumbnail.jpg', '30', '0', '1', 43, '2024-06-12 17:53:14', '2024-08-05 16:57:01', 8, NULL, 161, NULL, NULL, NULL, NULL, 2, 2, 7),
(66, 40, 51, 'Klija Eid', 'كليجة العيد', 'How to make fragile Iraqi kleija in an easy way', 'طريقه عمل الكليجة العراقيه الهشه بطريقة سهله', 'main_img_path_6669e71574528.jpeg', 'main_video_path_6669e7133408b.mp4', 'main_video_path_6669e7133408b-Thumbnail.jpg', '20', '0', '1', 43, '2024-06-12 18:14:59', '2024-08-04 13:20:54', 10, NULL, 131, NULL, NULL, NULL, NULL, 3, 1, 1),
(67, 40, 44, 'Iraqi falafel', 'فلافل عراقية', 'How to make Iraqi falafel', 'كيفية عمل الفلافل العراقية', 'main_img_path_6669ec7e22b26.jpeg', 'main_video_path_6669ec7b8d43f.mp4', 'main_video_path_6669ec7b8d43f-Thumbnail.jpg', '25', '0', '1', 43, '2024-06-12 18:41:27', '2024-08-03 07:47:55', 4, NULL, 143, NULL, NULL, NULL, NULL, 1, 0, 3),
(68, 41, 45, 'mahshy potatoes', 'محشي بطاطا', 'How to make mahshy potatoes', 'طريقة عمل محشي البطاطس اللذيذه', 'main_img_path_6669f455bc153.jpeg', 'main_video_path_6669f4530bebc.mp4', 'main_video_path_6669f4530bebc-Thumbnail.jpg', '25', '0', '1', 43, '2024-06-12 19:14:18', '2024-08-05 15:39:59', 3, NULL, 141, NULL, NULL, NULL, NULL, 0, 0, 2),
(69, 41, 45, 'Turkish borek with cheese', 'البوريك التركي بالجبنه', 'How to make Turkish borek stuffed with cheese.. Delicious and filling taste', 'طريقة عمل بوريك تركي محشي بالجبنة.. طعم شهي ومشبع', 'main_img_path_6669f89e5806a.jpeg', 'main_video_path_6669f89c1cbb6.mp4', 'main_video_path_6669f89c1cbb6-Thumbnail.jpg', '30', '0', '1', 43, '2024-06-12 19:32:52', '2024-08-02 14:19:31', 4, NULL, 150, NULL, NULL, NULL, NULL, 1, 1, 0),
(70, 41, 45, 'Soggy chicken', 'مندي الدجاج', 'How to make chicken mandi', 'طريقة عمل مندي دجاج', 'main_img_path_6669fb7eeda0b.jpeg', 'main_video_path_6669fb7d0f62e.mp4', 'main_video_path_6669fb7d0f62e-Thumbnail.jpg', '0', '35', '1', 43, '2024-06-12 19:46:34', '2024-08-04 13:20:54', 4, NULL, 160, NULL, NULL, NULL, NULL, 1, 1, 2),
(71, 42, 51, 'Vermicelli cake', 'كيكه بالشعيريه', 'How to make vermicelli cake, an easy and quick recipe', 'طريقة عمل كيكة الشعيرية وصفة سهلة وسريعة', 'main_img_path_666a13ee962f2.jpeg', 'main_video_path_666a13ec5d421.mp4', 'main_video_path_666a13ec5d421-Thumbnail.jpg', '35', '0', '1', 43, '2024-06-12 21:27:32', '2024-08-05 17:36:46', 8, NULL, 142, NULL, NULL, NULL, NULL, 2, 1, 15),
(72, 42, 51, 'Chocolate chips cookies', 'شوكليت شيبس كوكيز', 'How to make the most beautiful chocolate chip cookies', 'طريقة عمل اجمل كوكيز شوكليت شيبس', 'main_img_path_666a18a8930a4.jpeg', 'main_video_path_666a18a699fe0.mp4', 'main_video_path_666a18a699fe0-Thumbnail.jpg', '25', '0', '1', 43, '2024-06-12 21:49:59', '2024-07-27 12:18:15', 7, NULL, 132, NULL, NULL, NULL, NULL, 2, 0, 3),
(73, 42, 51, 'Carrot cake', 'كيكة الجزر', 'How to make carrot cake', 'طريقة عمل حلاوة الجزر', 'main_img_path_666a25ca1fcc4.jpeg', 'main_video_path_666a25c81eefb.mp4', 'main_video_path_666a25c81eefb-Thumbnail.jpg', '0', '35', '1', 43, '2024-06-12 22:47:44', '2024-07-28 17:52:26', 8, NULL, 139, NULL, NULL, NULL, NULL, 1, 0, 20),
(74, 24, 45, NULL, 'السجق السوري', NULL, 'صندويش مشهور في سوريا من أصل أرمني', 'main_img_path_6671b562bd295.jpeg', 'main_video_path_6671e12d16213.mp4', 'main_video_path_6671e12d16213-Thumbnail.jpg', '0', '45', '1', 43, '2024-06-18 16:15:32', '2024-08-05 19:29:01', 6, NULL, 137, 347, 35, 15, 2, 2, 1, 4),
(75, 24, 45, NULL, 'زنجر دجاج', NULL, 'الزنجر هو أحد المأكولات التي ابتكرت وانتشرت في الدول الغربية، وبعد ذلك انتقلت إلى الوطن العربي وتمّ ذلك بفتح سلسلة مطاعم قامت بتقديم الزنجر بأشكال مخت', 'main_img_path_6671ec81dd558.JPG', 'main_video_path_6671ec7b783dc.mp4', 'main_video_path_6671ec7b783dc-Thumbnail.jpg', '1', '30', '1', 43, '2024-06-18 20:19:54', '2024-08-05 17:36:46', 6, NULL, 35, NULL, NULL, NULL, NULL, 0, 1, 0),
(76, 22, 63, 'ARMENIAN BULGUR SALAD', 'سلطة أرمنية', 'Armenian Bulgur Salad', NULL, 'main_img_path_667b31cda7504.jpg', 'main_video_path_667febe1974a2.MP4', 'main_video_path_667febe1974a2-Thumbnail.jpg', '0', '20', '0', 43, '2024-06-25 21:01:34', '2024-08-04 09:50:04', 3, NULL, 96, NULL, NULL, NULL, NULL, 0, 0, 0),
(77, 24, 51, NULL, 'الغريبة الإسطنبولية', NULL, 'من أشهر الضيافات السورية وتحديدا بمدينة حلب \nتقدم في حفلات النجاح والأعراس والمناسبات', 'main_img_path_668088c676664.png', 'main_video_path_668088bde7e3d.mp4', 'main_video_path_668088bde7e3d-Thumbnail.jpg', '2', '0', '1', 43, '2024-06-25 21:26:05', '2024-08-05 17:31:09', 14, NULL, 40, 250, 10, 4, 24, 2, 0, 1),
(78, 24, 51, NULL, 'الهيطلية السورية', NULL, 'من الحلويات الصيفية المشهورة في سوريا وخاصة مدينة  سراقب وكان اهل سوريا يذهبون لمدينة سراقب خصيصا من اجل الهيطلية والايس الكريم الحليب اساسي فوق الهيط', 'main_img_path_66871a8a76fdc.png', 'main_video_path_66871a83d7723.mp4', 'main_video_path_66871a83d7723-Thumbnail.jpg', '1', '0', '1', 43, '2024-06-29 22:35:10', '2024-08-05 17:36:16', 8, NULL, 12, NULL, NULL, NULL, NULL, 0, 0, 1),
(79, 22, 62, 'meal name en', 'تغتانا', 'jlkjlj', 'عغهغهخ', 'main_img_path_66813f213740a.jpg', 'main_video_path_66813f1f83ea8.mp4', 'main_video_path_66813f1f83ea8-Thumbnail.jpg', '8', '0', '0', 43, '2024-06-30 11:11:20', '2024-06-30 11:38:43', 2, NULL, 0, NULL, NULL, NULL, NULL, 0, 0, 0),
(80, 22, 51, 'shea seeds sweet', 'حلى بذور الشيا', 'shea', 'شيا', 'main_img_path_668146efbba42.jpeg', 'main_video_path_668147a413786.mp4', 'main_video_path_668147a413786-Thumbnail.jpg', '0', '9', '0', 60, '2024-06-30 11:46:17', '2024-07-01 13:47:40', 2, NULL, 0, NULL, NULL, NULL, NULL, 0, 0, 0),
(81, 22, 45, NULL, 'كشري', NULL, 'مصر', NULL, NULL, NULL, '0', '25', '0', 60, '2024-06-30 11:47:13', '2024-07-01 13:47:18', 4, NULL, 0, NULL, NULL, NULL, NULL, 0, 0, 0),
(82, 27, 45, NULL, 'شش', NULL, 'شش', 'main_img_path_6681474b5f6b5.jpg', 'main_video_path_66814749c2772.mp4', 'main_video_path_66814749c2772-Thumbnail.jpg', '2', '0', '0', 43, '2024-06-30 11:53:26', '2024-06-30 12:17:30', 2, NULL, 0, 158, NULL, 5, 28, 0, 0, 0),
(83, 43, 46, 'shea seeds sweet', 'حلى بذور الشيا', 'dw', 'ن', 'main_img_path_66819a2670337.jpeg', 'main_video_path_66819a25001f4.mp4', 'main_video_path_66819a25001f4-Thumbnail.jpg', '1', '0', '0', 60, '2024-06-30 17:46:12', '2024-07-09 12:20:52', 1, NULL, 0, NULL, NULL, NULL, NULL, 0, 0, 0),
(84, 44, 45, NULL, 'دجاج بانيه', NULL, 'دجاج بانيه محشو بالجبنة', 'main_img_path_6681f9d76944e.jpg', 'main_video_path_6681f9d476b5e.mp4', 'main_video_path_6681f9d476b5e-Thumbnail.jpg', '0', '30', '0', 43, '2024-07-01 00:32:44', '2024-08-04 09:05:05', 4, NULL, 14, NULL, NULL, NULL, NULL, 0, 0, 0),
(85, 44, 45, NULL, 'دجاج بانيه', NULL, 'تتبيلة جديدة و مميزة لصدور الدجاج', 'main_img_path_6681fecc15ed9.jpg', 'main_video_path_6681feca65875.mp4', 'main_video_path_6681feca65875-Thumbnail.jpg', '0', '30', '0', 43, '2024-07-01 00:56:13', '2024-08-04 09:05:09', 4, NULL, 24, NULL, NULL, NULL, NULL, 0, 0, 1),
(86, 25, 63, 'Grilled chicken salad', NULL, NULL, 'سلطة الدجاج المشوي الشهية', 'main_img_path_6682c0d133a49.jpeg', 'main_video_path_6682c0ceb09d4.mp4', 'main_video_path_6682c0ceb09d4-Thumbnail.jpg', '0', '30', '1', 43, '2024-07-01 14:30:24', '2024-08-01 16:32:33', 2, NULL, 9, NULL, NULL, NULL, NULL, 0, 0, 0),
(87, 25, 63, 'Roasted sweet potato sala', NULL, NULL, 'سلطة شهية و مميزة', 'main_img_path_6682c9789a768.jpeg', 'main_video_path_6682c9760e2d9.mp4', 'main_video_path_6682c9760e2d9-Thumbnail.jpg', '0', '45', '1', 43, '2024-07-01 15:17:19', '2024-08-04 13:20:54', 2, NULL, 15, NULL, NULL, NULL, NULL, 0, 0, 0),
(88, 25, 63, 'Cold tuna pasta salad', NULL, NULL, 'سلطة التونة الشهيه', 'main_img_path_6682ceefe3b85.jpeg', 'main_video_path_6682ceede7fe8.mp4', 'main_video_path_6682ceede7fe8-Thumbnail.jpg', '0', '15', '1', 43, '2024-07-01 15:40:16', '2024-08-05 10:51:44', 2, NULL, 14, NULL, NULL, NULL, NULL, 0, 0, 2),
(89, 25, 45, 'Pink sauce pasta', NULL, NULL, 'معكرونة شهية و مميزة', 'main_img_path_6682dddca5299.jpeg', 'main_video_path_6682ddda10299.mp4', 'main_video_path_6682ddda10299-Thumbnail.jpg', '0', '25', '1', 43, '2024-07-01 16:45:27', '2024-08-04 13:20:54', 2, NULL, 18, NULL, NULL, NULL, NULL, 0, 0, 0),
(90, 24, 51, 'chees cake', 'تشيز كيك بالفرن', NULL, 'التشيز كيك من الحلويات المشهورة جدا والعالمية مع ان اصل التشيز كيك يعود الى المطبخ اليوناني \nوهناك طريقتين للتشيز كيك \nاما بالفرن او بالتبريد وهناك ان', 'main_img_path_6687223580178.JPG', 'main_video_path_6687222e63e38.mp4', 'main_video_path_6687222e63e38-Thumbnail.jpg', '2', '30', '1', 43, '2024-07-04 22:25:16', '2024-08-04 09:50:04', 8, NULL, 19, NULL, NULL, NULL, NULL, 0, 0, 0),
(91, 24, 62, NULL, 'سمبوسك بالجبنة', NULL, 'مقبلات شرقية', 'main_img_path_66872bdbacd45.JPG', 'main_video_path_66872bd644947.mp4', 'main_video_path_66872bd644947-Thumbnail.jpg', '1', '0', '1', 43, '2024-07-04 23:07:43', '2024-07-27 12:18:19', 22, NULL, 10, NULL, NULL, NULL, NULL, 0, 2, 0),
(92, 24, 45, NULL, 'كبة عالسيخ', NULL, 'الكبب  من اشهر الاكلات السورية  وتحديدا مدينة حلب وانواعها كثيره والكبة عالسيخ من اسهل وابسط انواع الكبب  وممكن ان يتم شويها على الفحم او تحضيرها بالف', 'main_img_path_66887cfc392ad.png', 'main_video_path_66887cf403453.mp4', 'main_video_path_66887cf403453-Thumbnail.jpg', '1', '30', '1', 43, '2024-07-05 22:35:21', '2024-08-03 09:31:54', 45, NULL, 13, NULL, NULL, NULL, NULL, 0, 0, 1),
(93, 46, 51, 'Upside down Cheesecake', 'تشيزكيك مقلوبة', '‏Replacing regular sugar in this recipe with Canderel sweetener made the recipe delicious without any hesitation. What is special about this recipe is', 'استبدال السكر العادي في هذه الوصفه إلى السكر المحلي من ماركة كاندريل جعل الوصفة لذيذة دون تأنيب ضمير، والمميز في هذه الوصفة بأن قوام التشيزكيك خفيفة ك', 'main_img_path_668a6ded6fd78.jpeg', 'main_video_path_668a6de82a631.mov', 'main_video_path_668a6de82a631-Thumbnail.jpg', '1', '0', '1', 43, '2024-07-07 10:21:29', '2024-08-05 17:31:09', 12, NULL, 15, 700, 35, 6, 60, 1, 0, 0),
(94, 24, 45, NULL, 'فطيرة الدجاج أو فطيرة الس', NULL, 'تعود فعليا هذه الفطيرة للمطبخ التركي وتسمى فطيرة السلطان وتتميز بعجينتها الرائعة والناجحة مئة بالمئة', 'main_img_path_668c7063e10f5.png', 'main_video_path_668c705d9b2c1.mp4', 'main_video_path_668c705d9b2c1-Thumbnail.jpg', '1', '30', '1', 43, '2024-07-08 22:55:11', '2024-08-05 17:36:46', 6, NULL, 18, NULL, NULL, NULL, NULL, 0, 0, 0),
(95, 40, 44, 'test size of the video', NULL, '156mb', NULL, 'main_img_path_668e5899bbe1e.png', 'main_video_path_668e5a93bcd0f.mp4', 'main_video_path_668e5a93bcd0f-Thumbnail.jpg', '0', '1', '0', 43, '2024-07-10 09:44:29', '2024-08-22 20:04:57', 1, NULL, 10, NULL, NULL, NULL, NULL, 0, 0, 0),
(97, 22, 51, 'mmm', NULL, 'ss', NULL, NULL, NULL, NULL, '1', '0', '0', 60, '2024-07-16 19:02:08', '2024-07-24 19:54:13', 1, NULL, 0, NULL, NULL, NULL, NULL, 0, 0, 0),
(98, 24, 62, NULL, 'الخبز المنفوخ للسندويش', NULL, 'الخبز المنفوخ وتعود الوصفة غالبا الى المطبخ التونسي  ونستطيع استخدام هذا الخبز لانواع كثيرة من السندويش', 'main_img_path_66984a283721e.png', 'main_video_path_66984a2200270.mp4', 'main_video_path_66984a2200270-Thumbnail.jpg', '1', '0', '1', 43, '2024-07-16 23:26:18', '2024-08-05 18:23:07', 20, NULL, 12, NULL, NULL, NULL, NULL, 0, 0, 0),
(99, 49, 51, 'Apple Cobbler', 'كوبلر التفاح', NULL, 'كوبلر التفاح هو طبق حلوى شعبي في العديد من الثقافات، ويتميز ببساطته وطعمه اللذيذ', 'main_img_path_6697c6a30b892.png', 'main_video_path_6697c69faf69c.mp4', 'main_video_path_6697c69faf69c-Thumbnail.jpg', '0', '30', '1', 43, '2024-07-17 13:24:53', '2024-08-05 17:31:09', 4, NULL, 21, 300, 15, 4, 60, 1, 1, 0),
(100, 24, 51, 'Tapijt cake', 'كيكة السجادة', NULL, 'كيكة سهلة التحضير بدون فرن وبدون بيض تحتاج فقط للتبريد من خلال طبقات البسكويت مع الكريما الرائعة بمكوناتها وشكلها عبارة عن لوحة فنية كل شخص يرسمها بطر', 'main_img_path_669851eef294f.JPG', 'main_video_path_669851e910445.mp4', 'main_video_path_669851e910445-Thumbnail.jpg', '1', '0', '1', 43, '2024-07-17 23:18:41', '2024-08-04 13:20:54', 10, NULL, 5, NULL, NULL, NULL, NULL, 0, 0, 0),
(101, 22, 45, 'Noudles', 'نوديلز', 'Noudles', NULL, 'main_img_path_66a15d974303c.png', 'main_video_path_66a15f87ddb85.mp4', 'main_video_path_66a15f87ddb85-Thumbnail.jpg', '1', '3', '0', 43, '2024-07-24 19:59:14', '2024-08-04 09:48:01', 1, NULL, 8, NULL, NULL, NULL, NULL, 0, 0, 0),
(102, 21, 44, 'test del t', '222', '2', NULL, 'main_img_path_66a18b8465365.jpg', 'main_video_path_66a18b8362f20.mp4', 'main_video_path_66a18b8362f20-Thumbnail.jpg', '2', '0', '0', 60, '2024-07-24 23:16:52', '2024-07-27 11:25:48', 2, NULL, 0, NULL, NULL, NULL, NULL, 0, 0, 0),
(103, 24, 51, NULL, 'الحليب المكثف المحلى المن', NULL, 'لحليب المكثف المحلى هو مكون لذيذ جدا ومهم في بعض وصفات الحلويات الغربية او الشرقية وقد لايتوفر عند كل الاشخاص لذلك هذه انجح وافضل طريقة لنحضره بالمنزل', 'main_img_path_66a2c3ae738c6.JPG', 'main_video_path_66a2c3a8e5a79.mp4', 'main_video_path_66a2c3a8e5a79-Thumbnail.jpg', '1', '0', '1', 43, '2024-07-25 21:19:53', '2024-08-05 17:36:46', 10, NULL, 5, NULL, NULL, NULL, NULL, 0, 0, 0),
(104, 24, 62, NULL, 'الخبز المنفوخ للسندويش', NULL, 'هذا الخبز ينفع لانواع عديدة من السندويش مثل الماكسيكانو والفاهيتا مثلا', 'main_img_path_66a2dd7e4175f.png', 'main_video_path_66a2dd78535ea.mp4', 'main_video_path_66a2dd78535ea-Thumbnail.jpg', '1', '0', '0', 60, '2024-07-25 23:16:47', '2024-07-26 00:09:28', 20, NULL, 0, NULL, NULL, NULL, NULL, 0, 0, 0),
(105, 24, 51, 'cake', 'الكيك الإسفنجي', NULL, 'مهما تعددت انواع الكيك يبقى الكيك الاسفنجي هو المفضل لدى الكثيرين وهو الكيك المفضل وخاصة صباحا مع فنجان القهوة او كوب الشاي وصحة وهنا', NULL, NULL, NULL, '1', '0', '1', 60, '2024-07-26 00:15:41', '2024-08-22 19:01:04', 12, NULL, 0, NULL, NULL, NULL, NULL, 0, 0, 0),
(106, 22, 45, 'Maklubeh', 'مقلوبة الباذنجان', 'Rice and meat, with egplant', NULL, 'main_img_path_66a5f7466d03a.png', 'main_video_path_66a5f73ccc9fc.mov', 'main_video_path_66a5f73ccc9fc-Thumbnail.jpg', '1', '0', '1', 42, '2024-07-28 07:43:48', '2024-08-21 23:15:39', 2, NULL, 0, NULL, NULL, NULL, NULL, 0, 0, 0),
(107, 22, 45, 'burgar', NULL, 'Burgar', NULL, 'main_img_path_66a64793e4e56.png', 'main_video_path_66a647927df8a.mp4', 'main_video_path_66a647927df8a-Thumbnail.jpg', '0', '7', '1', 43, '2024-07-28 13:26:53', '2024-08-21 23:08:10', 2, NULL, 2, NULL, NULL, NULL, NULL, 0, 0, 0),
(108, 22, 45, 'burger', NULL, 'Egypt  food', NULL, 'main_img_path_66a64d1b4d485.png', 'main_video_path_66a64d196c627.mp4', 'main_video_path_66a64d196c627-Thumbnail.jpg', '0', '20', '1', 43, '2024-07-28 13:49:58', '2024-08-21 22:23:04', 3, NULL, 2, NULL, NULL, NULL, NULL, 0, 0, 0),
(109, 49, 51, NULL, 'تارت مربى المشمش', NULL, 'هي واحدة من ألذ أنواع الحلويات الشامية، وهي عبارة عن طبقة من العجين تُحشى بالمربى وتزيّن بطبقة من العجين المبشور ثم تخبز بالفرن، وهي من وصفات الحلويات', 'main_img_path_66a8e59f79f48.png', 'main_video_path_66a8e59bc979b.mp4', 'main_video_path_66a8e59bc979b-Thumbnail.jpg', '0', '20', '1', 43, '2024-07-30 13:00:41', '2024-08-05 17:23:51', 4, NULL, 9, NULL, NULL, NULL, NULL, 0, 0, 0),
(110, 49, 46, NULL, 'نودلز صيني', NULL, 'اكله شهيه سريعة التحضير للكبار و الصغار', 'main_img_path_66a8f373cd7c5.png', 'main_video_path_66a8f36f94858.mp4', 'main_video_path_66a8f36f94858-Thumbnail.jpg', '0', '20', '1', 43, '2024-07-30 13:37:37', '2024-08-04 09:48:01', 2, NULL, 4, NULL, NULL, NULL, NULL, 0, 0, 0),
(111, 49, 61, NULL, 'قوارب الباذنجان', NULL, 'الذ وجبة بالجبن و هي قوارب الباذنجان التركية', 'main_img_path_66a8fa3e1b850.png', 'main_video_path_66a8fa3a25588.mp4', 'main_video_path_66a8fa3a25588-Thumbnail.jpg', '0', '40', '1', 43, '2024-07-30 14:34:54', '2024-08-05 15:39:59', 4, NULL, 9, NULL, NULL, NULL, NULL, 0, 0, 0),
(112, 50, 45, NULL, 'طحالات محشية', NULL, 'طحالات بلدية محشية مكونات بسيطة وطعم اكثر من رائع', 'main_img_path_66a9465a37e07.png', 'main_video_path_66a94655c3521.mp4', 'main_video_path_66a94655c3521-Thumbnail.jpg', '0', '45', '1', 43, '2024-07-30 19:56:17', '2024-08-05 15:43:50', 4, NULL, 5, NULL, NULL, NULL, NULL, 0, 0, 1),
(113, 52, 51, NULL, 'حلى المندرين', NULL, 'الترند كان بقطع الليمون بس قررت جربها بالمندرين او اليوسفي وطلعت بتاخد العقل\nحتى فينا ندمجهم سوا الليمون و اليوسفي .\nكتير سهله ومابتاخد وقت ابدا', 'main_img_path_66af5774d78fc.png', 'main_video_path_66af80050008a.mp4', 'main_video_path_66af80050008a-Thumbnail.jpg', '0', '20', '1', 43, '2024-08-04 10:24:13', '2024-08-05 08:28:03', 3, NULL, 0, NULL, NULL, NULL, NULL, 0, 0, 0),
(114, 52, 46, NULL, 'بيكاتا السلمون بصوص الليم', NULL, 'البيكاتا بالسلمون بصوص الليمون اللذيذة', 'main_img_path_66af5c7f7013e.png', 'main_video_path_66af7eae9f0cb.mp4', 'main_video_path_66af7eae9f0cb-Thumbnail.jpg', '0', '40', '1', 43, '2024-08-04 10:47:33', '2024-08-05 08:27:57', 3, NULL, 0, NULL, NULL, NULL, NULL, 0, 0, 0),
(115, 22, 45, 'Maklubeh', 'مقلوبة الباذنجان', 'Rice with eggplant', NULL, 'main_img_path_66b11bcc9246f.png', 'main_video_path_66b11bc9d2b00.mp4', 'main_video_path_66b11bc9d2b00-Thumbnail.jpg', '1', '0', '1', 42, '2024-08-05 18:35:52', '2024-08-21 22:22:22', 1, NULL, 0, NULL, NULL, NULL, NULL, 0, 0, 0),
(116, 52, 45, NULL, 'كفتة مشوية', NULL, 'كفتة مشوية عالطريقة التركية  شهية و لذيذة', 'main_img_path_66b13d148255a.png', 'main_video_path_66b13d11a9647.mp4', 'main_video_path_66b13d11a9647-Thumbnail.jpg', '0', '45', '1', 42, '2024-08-05 20:57:29', '2024-08-05 21:23:53', 3, NULL, 0, NULL, NULL, NULL, NULL, 0, 0, 0),
(117, 52, 61, NULL, 'جبنة البوراتا المقرمشة', NULL, 'فيكن تقدموها بأكتر من طريقة و بتشبه كتير ماكرون تشيز الي مناكلها بتشيز كيك فاكتوري', 'main_img_path_66b1456990b66.png', 'main_video_path_66b145661260a.mp4', 'main_video_path_66b145661260a-Thumbnail.jpg', '0', '30', '1', 60, '2024-08-05 21:33:26', '2024-08-05 21:34:33', 2, NULL, 0, NULL, NULL, NULL, NULL, 0, 0, 0),
(118, 22, 51, 'mmm', NULL, 'ss', NULL, NULL, NULL, NULL, '1', '0', '0', 60, '2024-07-16 19:02:08', '2024-07-24 19:54:13', 1, NULL, 0, NULL, NULL, NULL, NULL, 0, 0, 0),
(119, 22, 51, 'mmm', NULL, 'ss', NULL, NULL, NULL, NULL, '1', '0', '0', 60, '2024-07-16 19:02:08', '2024-08-22 20:11:48', 1, NULL, 0, NULL, NULL, NULL, NULL, 0, 0, 0);

-- --------------------------------------------------------

--
-- Table structure for table `tutorial_bookmarks`
--

CREATE TABLE `tutorial_bookmarks` (
  `id` bigint(20) NOT NULL,
  `tutorial_id` bigint(20) NOT NULL,
  `user_id` bigint(20) NOT NULL,
  `active_flag` char(1) NOT NULL,
  `created_at` timestamp NOT NULL DEFAULT current_timestamp() ON UPDATE current_timestamp(),
  `updated_at` timestamp NULL DEFAULT NULL
) ENGINE=InnoDB DEFAULT CHARSET=utf8mb4;

--
-- Dumping data for table `tutorial_bookmarks`
--

INSERT INTO `tutorial_bookmarks` (`id`, `tutorial_id`, `user_id`, `active_flag`, `created_at`, `updated_at`) VALUES
(2, 9, 301, '1', '2024-04-22 22:31:26', '2024-04-22 22:31:26'),
(3, 1, 301, '1', '2024-04-22 22:33:54', '2024-04-22 22:33:54'),
(4, 2, 301, '1', '2024-04-22 22:33:58', '2024-04-22 22:33:58'),
(5, 8, 301, '1', '2024-04-22 22:34:37', '2024-04-22 22:34:37'),
(7, 3, 301, '1', '2024-04-22 22:35:05', '2024-04-22 22:35:05'),
(10, 11, 303, '1', '2024-05-01 08:49:03', '2024-05-01 08:49:03'),
(12, 9, 330, '1', '2024-05-01 08:52:16', '2024-05-01 08:52:16'),
(13, 9, 330, '1', '2024-05-12 04:44:12', '2024-05-12 04:44:12'),
(15, 8, 309, '1', '2024-05-12 21:35:04', '2024-05-12 21:35:04'),
(69, 39, 309, '1', '2024-06-07 09:02:31', '2024-06-07 09:02:31'),
(71, 44, 398, '1', '2024-06-07 16:50:25', '2024-06-07 16:50:25'),
(72, 42, 398, '1', '2024-06-07 16:50:47', '2024-06-07 16:50:47'),
(73, 44, 383, '1', '2024-06-07 17:25:37', '2024-06-07 17:25:37'),
(74, 46, 383, '1', '2024-06-07 17:25:41', '2024-06-07 17:25:41'),
(75, 39, 383, '1', '2024-06-07 17:25:46', '2024-06-07 17:25:46'),
(76, 42, 383, '1', '2024-06-07 17:25:51', '2024-06-07 17:25:51'),
(80, 44, 386, '1', '2024-06-07 20:49:00', '2024-06-07 20:49:00'),
(81, 46, 400, '1', '2024-06-08 07:47:56', '2024-06-08 07:47:56'),
(82, 39, 400, '1', '2024-06-08 07:48:00', '2024-06-08 07:48:00'),
(83, 42, 400, '1', '2024-06-08 07:48:05', '2024-06-08 07:48:05'),
(85, 50, 309, '1', '2024-06-08 21:04:40', '2024-06-08 21:04:40'),
(86, 44, 309, '1', '2024-06-08 21:04:41', '2024-06-08 21:04:41'),
(87, 42, 309, '1', '2024-06-08 21:04:48', '2024-06-08 21:04:48'),
(90, 46, 426, '1', '2024-06-09 14:10:43', '2024-06-09 14:10:43'),
(91, 50, 426, '1', '2024-06-09 14:10:47', '2024-06-09 14:10:47'),
(92, 44, 426, '1', '2024-06-09 14:10:51', '2024-06-09 14:10:51'),
(93, 3, 309, '1', '2024-06-09 14:15:51', '2024-06-09 14:15:51'),
(95, 1, 309, '1', '2024-06-09 14:33:42', '2024-06-09 14:33:42'),
(96, 1, 401, '1', '2024-06-09 23:47:17', '2024-06-09 23:47:17'),
(101, 3, 429, '1', '2024-06-10 11:07:08', '2024-06-10 11:07:08'),
(102, 23, 430, '1', '2024-06-10 11:23:34', '2024-06-10 11:23:34'),
(103, 39, 430, '1', '2024-06-10 11:29:51', '2024-06-10 11:29:51'),
(104, 49, 430, '1', '2024-06-10 11:29:54', '2024-06-10 11:29:54'),
(105, 38, 430, '1', '2024-06-10 11:29:58', '2024-06-10 11:29:58'),
(107, 49, 434, '1', '2024-06-10 20:58:30', '2024-06-10 20:58:30'),
(108, 1, 434, '1', '2024-06-10 21:04:09', '2024-06-10 21:04:09'),
(110, 57, 436, '1', '2024-06-11 15:36:22', '2024-06-11 15:36:22'),
(111, 42, 436, '1', '2024-06-11 15:41:00', '2024-06-11 15:41:00'),
(112, 56, 434, '1', '2024-06-11 20:50:44', '2024-06-11 20:50:44'),
(113, 57, 434, '1', '2024-06-11 20:50:47', '2024-06-11 20:50:47'),
(114, 58, 434, '1', '2024-06-11 20:50:49', '2024-06-11 20:50:49'),
(116, 66, 309, '1', '2024-06-15 19:40:58', '2024-06-15 19:40:58'),
(119, 51, 309, '1', '2024-06-15 19:46:42', '2024-06-15 19:46:42'),
(120, 65, 309, '1', '2024-06-17 16:44:31', '2024-06-17 16:44:31'),
(121, 67, 309, '1', '2024-06-17 16:44:36', '2024-06-17 16:44:36'),
(122, 69, 309, '1', '2024-06-17 16:44:42', '2024-06-17 16:44:42'),
(123, 70, 309, '1', '2024-06-17 16:44:49', '2024-06-17 16:44:49'),
(124, 68, 309, '1', '2024-06-17 16:44:53', '2024-06-17 16:44:53'),
(125, 49, 309, '1', '2024-06-17 16:45:02', '2024-06-17 16:45:02'),
(126, 31, 309, '1', '2024-06-17 16:45:06', '2024-06-17 16:45:06'),
(127, 38, 309, '1', '2024-06-17 16:45:12', '2024-06-17 16:45:12'),
(128, 37, 309, '1', '2024-06-17 16:45:18', '2024-06-17 16:45:18'),
(129, 36, 309, '1', '2024-06-17 16:45:26', '2024-06-17 16:45:26'),
(130, 23, 309, '1', '2024-06-17 16:45:31', '2024-06-17 16:45:31'),
(131, 53, 309, '1', '2024-06-17 18:04:05', '2024-06-17 18:04:05'),
(132, 72, 309, '1', '2024-06-17 18:04:30', '2024-06-17 18:04:30'),
(133, 63, 309, '1', '2024-06-17 18:08:50', '2024-06-17 18:08:50'),
(145, 65, 386, '1', '2024-06-18 21:34:49', '2024-06-18 21:34:49'),
(146, 52, 430, '1', '2024-06-18 22:20:30', '2024-06-18 22:20:30'),
(153, 60, 435, '1', '2024-06-19 21:02:04', '2024-06-19 21:02:04'),
(154, 74, 437, '1', '2024-06-19 21:24:39', '2024-06-19 21:24:39'),
(156, 72, 437, '1', '2024-06-19 21:24:45', '2024-06-19 21:24:45'),
(159, 74, 444, '1', '2024-06-20 09:35:09', '2024-06-20 09:35:09'),
(161, 26, 435, '1', '2024-06-20 22:17:13', '2024-06-20 22:17:13'),
(163, 67, 449, '1', '2024-06-21 03:01:06', '2024-06-21 03:01:06'),
(165, 71, 435, '1', '2024-06-22 10:30:52', '2024-06-22 10:30:52'),
(166, 57, 435, '1', '2024-06-22 10:42:57', '2024-06-22 10:42:57'),
(167, 61, 435, '1', '2024-06-22 10:46:35', '2024-06-22 10:46:35'),
(169, 70, 435, '1', '2024-06-22 11:01:29', '2024-06-22 11:01:29'),
(170, 74, 435, '1', '2024-06-22 11:04:09', '2024-06-22 11:04:09'),
(173, 63, 454, '1', '2024-06-22 11:45:57', '2024-06-22 11:45:57'),
(174, 74, 309, '1', '2024-06-22 15:33:34', '2024-06-22 15:33:34'),
(175, 70, 454, '1', '2024-06-23 17:44:09', '2024-06-23 17:44:09'),
(176, 36, 435, '1', '2024-06-23 19:33:15', '2024-06-23 19:33:15'),
(178, 3, 435, '1', '2024-06-23 19:34:02', '2024-06-23 19:34:02'),
(180, 71, 344, '1', '2024-06-23 20:00:26', '2024-06-23 20:00:26'),
(181, 66, 344, '1', '2024-06-23 20:00:31', '2024-06-23 20:00:31'),
(183, 67, 381, '1', '2024-06-24 00:51:24', '2024-06-24 00:51:24'),
(184, 73, 434, '1', '2024-06-24 21:10:09', '2024-06-24 21:10:09'),
(185, 49, 435, '1', '2024-06-24 21:32:34', '2024-06-24 21:32:34'),
(186, 65, 430, '1', '2024-06-25 09:47:07', '2024-06-25 09:47:07'),
(188, 73, 430, '1', '2024-06-26 11:53:53', '2024-06-26 11:53:53'),
(189, 38, 459, '1', '2024-06-29 14:58:08', '2024-06-29 14:58:08'),
(190, 77, 435, '1', '2024-06-29 23:27:27', '2024-06-29 23:27:27'),
(193, 37, 440, '1', '2024-07-08 17:21:53', '2024-07-08 17:21:53'),
(194, 37, 472, '1', '2024-07-11 08:50:16', '2024-07-11 08:50:16'),
(195, 2, 472, '1', '2024-07-11 14:08:02', '2024-07-11 14:08:02'),
(196, 63, 472, '1', '2024-07-11 14:08:04', '2024-07-11 14:08:04'),
(197, 65, 472, '1', '2024-07-11 14:08:07', '2024-07-11 14:08:07'),
(199, 37, 487, '1', '2024-07-22 09:43:29', '2024-07-22 09:43:29'),
(201, 36, 489, '1', '2024-07-24 10:59:23', '2024-07-24 10:59:23'),
(202, 37, 492, '1', '2024-07-24 20:33:31', '2024-07-24 20:33:31'),
(203, 77, 493, '1', '2024-07-24 20:58:07', '2024-07-24 20:58:07'),
(204, 74, 493, '1', '2024-07-24 20:58:08', '2024-07-24 20:58:08'),
(205, 77, 437, '1', '2024-07-27 16:44:55', '2024-07-27 16:44:55'),
(206, 75, 437, '1', '2024-07-27 16:44:58', '2024-07-27 16:44:58'),
(207, 92, 437, '1', '2024-07-27 16:44:59', '2024-07-27 16:44:59'),
(226, 2, 437, '1', '2024-07-31 01:58:49', '2024-07-31 01:58:49'),
(234, 67, 437, '1', '2024-07-31 02:12:50', '2024-07-31 02:12:50'),
(235, 95, 437, '1', '2024-07-31 02:12:51', '2024-07-31 02:12:51'),
(236, 66, 437, '1', '2024-07-31 02:12:53', '2024-07-31 02:12:53'),
(237, 65, 437, '1', '2024-07-31 02:12:54', '2024-07-31 02:12:54'),
(238, 112, 490, '1', '2024-08-01 09:56:10', '2024-08-01 09:56:10'),
(239, 94, 490, '1', '2024-08-03 17:21:03', '2024-08-03 17:21:03');

-- --------------------------------------------------------

--
-- Table structure for table `tutorial_comments`
--

CREATE TABLE `tutorial_comments` (
  `id` bigint(20) NOT NULL,
  `tutorial_id` bigint(20) NOT NULL,
  `user_id` bigint(20) NOT NULL,
  `comment_description` text NOT NULL,
  `active_flag` char(1) NOT NULL DEFAULT '1',
  `comment_like_count` bigint(20) DEFAULT 0,
  `created_at` timestamp NOT NULL DEFAULT current_timestamp() ON UPDATE current_timestamp(),
  `updated_at` timestamp NULL DEFAULT NULL
) ENGINE=InnoDB DEFAULT CHARSET=utf8mb4;

--
-- Dumping data for table `tutorial_comments`
--

INSERT INTO `tutorial_comments` (`id`, `tutorial_id`, `user_id`, `comment_description`, `active_flag`, `comment_like_count`, `created_at`, `updated_at`) VALUES
(1, 32, 309, 'my comment', '1', 0, '2024-05-17 13:31:28', '2024-05-17 13:31:28'),
(2, 32, 309, 'updated comment by ahmed', '1', 1, '2024-05-25 16:36:58', '2024-05-25 21:02:42'),
(3, 1, 309, 'atef testingg', '1', 0, '2024-06-09 23:25:15', '2024-06-09 23:25:15'),
(4, 1, 401, 'wow', '1', 0, '2024-06-10 09:24:28', '2024-06-10 09:24:28'),
(5, 1, 401, 'go', '1', 0, '2024-06-10 09:31:00', '2024-06-10 09:31:00'),
(6, 1, 401, 'ok', '1', 0, '2024-06-10 09:31:45', '2024-06-10 09:31:45'),
(7, 1, 401, 'wow', '1', 0, '2024-06-10 09:31:49', '2024-06-10 09:31:49'),
(8, 1, 401, 'ok', '1', 0, '2024-06-10 09:32:08', '2024-06-10 09:32:08'),
(9, 1, 401, 'p', '1', 0, '2024-06-10 09:32:18', '2024-06-10 09:32:18'),
(10, 1, 430, 'gasem test', '1', 0, '2024-06-10 11:26:34', '2024-06-10 11:26:34'),
(11, 1, 430, 'gasem test', '1', 0, '2024-06-10 11:26:35', '2024-06-10 11:26:35'),
(12, 1, 430, 'gasem test', '1', 0, '2024-06-10 11:26:35', '2024-06-10 11:26:35'),
(13, 1, 430, 'gasem test', '1', 0, '2024-06-10 11:26:38', '2024-06-10 11:26:38'),
(14, 1, 430, 'gasem test', '1', 0, '2024-06-10 11:26:38', '2024-06-10 11:26:38'),
(15, 1, 430, 'gasem test', '1', 0, '2024-06-10 11:26:38', '2024-06-10 11:26:38'),
(16, 1, 434, 'تنثنيزب', '1', 0, '2024-06-10 18:40:48', '2024-06-10 18:40:48'),
(17, 1, 434, 'تزقنيتت', '1', 0, '2024-06-10 18:40:54', '2024-06-10 18:40:54'),
(18, 1, 434, 'تزقنيتت', '1', 0, '2024-06-10 18:40:54', '2024-06-10 18:40:54'),
(19, 1, 434, 'تزقنيتت', '1', 0, '2024-06-10 18:40:54', '2024-06-10 18:40:54'),
(20, 1, 434, 'تزقنيتت', '1', 0, '2024-06-10 18:40:55', '2024-06-10 18:40:55'),
(21, 1, 434, 'gasem', '1', 0, '2024-06-10 20:54:55', '2024-06-10 20:54:55'),
(22, 1, 434, 'test1', '1', 0, '2024-06-10 20:55:00', '2024-06-10 20:55:00'),
(23, 73, 437, 'wow', '1', 0, '2024-06-13 20:08:08', '2024-06-13 20:08:08'),
(24, 67, 434, 'test gasem', '1', 0, '2024-06-13 20:51:07', '2024-06-13 20:51:07'),
(25, 67, 434, 'test gasem', '1', 0, '2024-06-13 20:51:07', '2024-06-13 20:51:07'),
(26, 71, 434, 'gasem', '1', 0, '2024-06-13 22:21:14', '2024-06-13 22:21:14'),
(27, 71, 434, 'gasem', '1', 0, '2024-06-13 22:21:14', '2024-06-13 22:21:14'),
(28, 71, 434, 'gasem', '1', 0, '2024-06-13 22:21:15', '2024-06-13 22:21:15'),
(29, 71, 434, 'gasem', '1', 0, '2024-06-13 22:21:15', '2024-06-13 22:21:15'),
(30, 71, 434, 'gasem', '1', 0, '2024-06-13 22:21:15', '2024-06-13 22:21:15'),
(31, 71, 434, 'gasem', '1', 0, '2024-06-13 22:21:16', '2024-06-13 22:21:16'),
(32, 71, 434, 'gasem', '1', 0, '2024-06-13 22:21:16', '2024-06-13 22:21:16'),
(33, 71, 434, 'gasem', '1', 0, '2024-06-13 22:21:16', '2024-06-13 22:21:16'),
(34, 71, 434, 'gasem', '1', 0, '2024-06-13 22:21:17', '2024-06-13 22:21:17'),
(35, 71, 434, 'gasem', '1', 0, '2024-06-13 22:21:17', '2024-06-13 22:21:17'),
(36, 73, 437, 'ok', '1', 0, '2024-06-15 13:47:14', '2024-06-15 13:47:14'),
(37, 73, 434, 'test', '1', 0, '2024-06-15 16:37:31', '2024-06-15 16:37:31'),
(38, 73, 434, 'tezr', '1', 0, '2024-06-15 16:37:34', '2024-06-15 16:37:34'),
(39, 73, 434, 'dhh', '1', 0, '2024-06-15 16:38:05', '2024-06-15 16:38:05'),
(40, 72, 434, 'hi', '1', 0, '2024-06-15 16:38:24', '2024-06-15 16:38:24'),
(41, 1, 443, 'ahmed comment', '1', 0, '2024-06-20 08:04:57', '2024-06-20 08:04:57'),
(42, 1, 443, 'ahmed comment', '1', 0, '2024-06-20 08:05:01', '2024-06-20 08:05:01'),
(43, 1, 443, 'ahmed comment', '1', 0, '2024-06-20 08:05:03', '2024-06-20 08:05:03'),
(44, 1, 443, 'ahmed comment', '1', 0, '2024-06-20 08:05:04', '2024-06-20 08:05:04'),
(45, 1, 443, 'ahmed comment', '1', 0, '2024-06-20 08:05:06', '2024-06-20 08:05:06'),
(46, 1, 443, 'ahmed comment', '1', 0, '2024-06-20 08:05:07', '2024-06-20 08:05:07'),
(47, 1, 443, 'ahmed comment', '1', 0, '2024-06-20 08:05:08', '2024-06-20 08:05:08'),
(48, 1, 443, 'ahmed comment', '1', 0, '2024-06-20 08:05:10', '2024-06-20 08:05:10'),
(49, 1, 443, 'ahmed comment', '1', 0, '2024-06-20 08:05:11', '2024-06-20 08:05:11'),
(50, 1, 443, 'ahmed comment', '1', 0, '2024-06-20 08:05:12', '2024-06-20 08:05:12'),
(51, 1, 443, 'ahmed comment', '1', 0, '2024-06-20 08:05:13', '2024-06-20 08:05:13'),
(52, 1, 443, 'ahmed comment', '1', 0, '2024-06-20 08:05:15', '2024-06-20 08:05:15'),
(53, 1, 443, 'ahmed comment', '1', 0, '2024-06-20 08:05:16', '2024-06-20 08:05:16'),
(54, 1, 443, 'ahmed comment', '1', 0, '2024-06-20 08:05:17', '2024-06-20 08:05:17'),
(55, 1, 443, 'ahmed comment', '1', 0, '2024-06-20 08:05:19', '2024-06-20 08:05:19'),
(56, 1, 443, 'ahmed comment', '1', 0, '2024-06-20 08:05:20', '2024-06-20 08:05:20'),
(57, 1, 443, 'ahmed comment', '1', 0, '2024-06-20 09:02:07', '2024-06-20 09:02:07'),
(58, 72, 444, 'test gasem', '1', 0, '2024-06-20 09:32:14', '2024-06-25 16:55:09'),
(59, 70, 444, 'we fgh', '1', 0, '2024-06-20 09:36:02', '2024-06-20 09:36:02'),
(60, 70, 444, 'gasem', '1', 0, '2024-06-20 09:37:10', '2024-06-20 09:37:10'),
(61, 31, 309, 'Ahmed comment', '1', 0, '2024-06-20 09:47:57', '2024-06-20 09:47:57'),
(62, 24, 309, 'updated comment by ahmed', '1', 0, '2024-06-20 09:53:44', '2024-06-22 15:40:00'),
(63, 65, 309, 'Hhh', '1', 1, '2024-06-20 09:56:13', '2024-06-20 15:38:20'),
(64, 65, 309, 'Ahmed ahmed', '1', 0, '2024-06-20 09:58:51', '2024-06-20 09:58:51'),
(65, 60, 309, 'Ahmed', '1', 1, '2024-06-20 09:59:57', '2024-06-20 15:38:54'),
(66, 65, 309, 'Ahmed', '1', 0, '2024-06-20 10:01:35', '2024-06-20 10:01:35'),
(67, 65, 309, 'Medo', '1', 0, '2024-06-20 10:01:42', '2024-06-20 10:01:42'),
(68, 1, 309, 'Comments', '1', 0, '2024-06-20 10:02:22', '2024-06-20 10:02:22'),
(69, 68, 445, 'ahmed comment', '1', 1, '2024-06-20 15:19:10', '2024-06-20 15:19:36'),
(70, 58, 309, 'Bbbb', '1', 1, '2024-06-20 15:30:58', '2024-06-25 07:20:11'),
(71, 42, 309, 'New', '1', 1, '2024-06-20 15:36:19', '2024-06-20 15:36:42'),
(72, 60, 309, 'Hhh', '1', 0, '2024-06-20 15:38:52', '2024-06-20 15:38:52'),
(73, 51, 309, 'Ggg', '1', 1, '2024-06-20 16:07:16', '2024-06-20 16:07:25'),
(74, 49, 309, 'Hhhh', '0', 0, '2024-06-20 16:31:10', '2024-06-20 16:49:03'),
(75, 57, 309, 'Yyy', '0', 0, '2024-06-20 16:33:22', '2024-06-20 16:55:57'),
(76, 61, 309, 'Medo edited', '1', 0, '2024-06-20 17:03:47', '2024-06-21 02:45:16'),
(77, 3, 309, 'Medo', '0', 0, '2024-06-20 17:08:31', '2024-06-20 17:08:36'),
(78, 55, 309, 'Hagsg', '0', 0, '2024-06-20 17:10:28', '2024-06-20 17:10:56'),
(79, 55, 309, 'Uavsv', '0', 0, '2024-06-20 17:11:03', '2024-06-20 17:11:11'),
(80, 65, 446, 'Hello', '1', 0, '2024-06-20 23:32:17', '2024-06-20 23:32:17'),
(81, 51, 446, 'Trying edit', '1', 0, '2024-06-21 00:28:37', '2024-06-21 00:28:37'),
(82, 2, 446, 'Trying edit', '1', 0, '2024-06-21 00:30:22', '2024-06-21 00:48:22'),
(83, 2, 446, 'Trying edit once more', '1', 0, '2024-06-21 00:47:22', '2024-06-21 00:47:22'),
(84, 72, 435, 'Test', '1', 0, '2024-06-21 08:14:59', '2024-06-25 16:54:58'),
(85, 61, 435, 'Hi', '1', 0, '2024-06-21 11:29:07', '2024-06-21 11:29:07'),
(86, 51, 435, 'Hi', '1', 1, '2024-06-22 10:15:01', '2024-06-22 10:16:32'),
(87, 51, 435, 'Hi', '1', 1, '2024-06-22 10:15:01', '2024-06-22 10:16:28'),
(88, 51, 435, 'Hi', '1', 1, '2024-06-22 10:15:01', '2024-06-22 10:16:22'),
(89, 71, 435, 'One comment', '1', 2, '2024-06-22 10:31:11', '2024-06-22 10:31:31'),
(90, 71, 435, 'One comment', '1', 0, '2024-06-22 10:31:11', '2024-06-22 10:31:11'),
(91, 71, 435, 'One comment', '1', 0, '2024-06-22 10:31:12', '2024-06-22 10:31:12'),
(92, 71, 435, 'One comment', '1', 0, '2024-06-22 10:31:12', '2024-06-22 10:31:12'),
(93, 59, 344, 'طبخة لزيزة', '1', 0, '2024-06-22 10:51:09', '2024-06-22 10:51:09'),
(94, 59, 344, 'ياسلام يا رهام', '1', 0, '2024-06-22 10:51:28', '2024-06-22 10:51:28'),
(95, 74, 435, 'Hi', '1', 0, '2024-06-22 11:04:29', '2024-06-22 11:04:29'),
(96, 74, 435, 'Hi', '1', 0, '2024-06-22 11:04:29', '2024-06-22 11:04:29'),
(97, 74, 435, 'Hi', '1', 1, '2024-06-22 11:04:30', '2024-08-03 16:58:20'),
(98, 74, 435, 'Hi', '1', 0, '2024-06-22 11:04:30', '2024-06-22 11:04:36'),
(99, 67, 309, 'Start', '1', 0, '2024-06-22 15:48:24', '2024-06-22 15:48:24'),
(100, 68, 309, 'comment to like', '1', 0, '2024-06-22 20:26:21', '2024-06-22 20:26:21'),
(101, 73, 437, 'hello', '1', 0, '2024-06-24 19:22:25', '2024-06-24 19:22:25'),
(102, 73, 437, 'hhh', '1', 0, '2024-06-24 19:24:30', '2024-06-24 19:24:30'),
(103, 73, 437, 'done', '1', 0, '2024-06-24 19:25:30', '2024-06-24 19:25:30'),
(104, 73, 437, 'test', '1', 0, '2024-06-24 19:28:13', '2024-06-24 19:28:13'),
(105, 73, 437, 'test comment', '1', 0, '2024-06-24 19:30:06', '2024-06-24 19:30:06'),
(106, 73, 437, 'test', '1', 0, '2024-06-24 19:31:55', '2024-06-24 19:31:55'),
(107, 73, 437, 'amazing', '1', 0, '2024-06-24 19:32:47', '2024-06-24 19:32:47'),
(108, 73, 437, 'goooo', '1', 0, '2024-06-24 19:33:34', '2024-06-24 19:33:34'),
(109, 73, 434, 'test', '1', 0, '2024-06-24 21:10:28', '2024-06-24 21:10:28'),
(110, 73, 434, '9', '1', 0, '2024-06-24 21:10:33', '2024-06-24 21:10:33'),
(111, 49, 435, 'Test', '1', 1, '2024-06-24 21:30:15', '2024-06-24 21:32:23'),
(112, 49, 435, 'Hi', '1', -1, '2024-06-24 21:32:07', '2024-06-24 21:32:29'),
(113, 59, 435, 'ااا', '1', 0, '2024-06-25 07:19:07', '2024-06-25 07:19:07'),
(114, 58, 435, 'ااا', '1', 0, '2024-06-25 07:19:47', '2024-06-25 07:20:50'),
(115, 58, 435, 'بلااا', '1', -2, '2024-06-25 07:20:40', '2024-06-25 07:20:56'),
(116, 73, 430, 'dffg', '1', 0, '2024-06-25 07:30:01', '2024-06-25 07:30:01'),
(117, 37, 430, 'ghuu', '1', 1, '2024-06-25 07:31:38', '2024-06-29 12:35:28'),
(118, 66, 458, 'Nice', '1', 0, '2024-06-25 15:00:06', '2024-06-25 15:00:06'),
(119, 73, 430, 'gasem', '1', 0, '2024-06-26 11:51:59', '2024-06-26 11:51:59'),
(120, 73, 430, 'gasem', '1', 0, '2024-06-26 11:52:16', '2024-06-26 11:52:16'),
(121, 73, 430, 'gase.', '1', 0, '2024-06-26 11:52:28', '2024-06-26 11:52:28'),
(122, 73, 430, '123', '1', 0, '2024-06-26 11:52:57', '2024-06-26 11:52:57'),
(123, 33, 435, 'Gasem', '1', 0, '2024-06-26 11:53:17', '2024-06-26 11:53:17'),
(124, 37, 437, 'hello', '1', 1, '2024-06-29 12:14:57', '2024-06-29 12:34:03'),
(125, 49, 459, 'Nice nice ❤️❤️', '1', 0, '2024-06-29 14:58:05', '2024-06-29 14:58:05'),
(126, 65, 435, 'Cghh', '1', 0, '2024-06-29 18:28:33', '2024-06-29 18:28:33'),
(127, 77, 435, 'Hi', '1', 0, '2024-07-01 22:45:09', '2024-07-01 22:45:09'),
(128, 37, 437, 'hi', '1', 0, '2024-07-01 22:45:20', '2024-07-01 22:45:20'),
(129, 37, 437, 'hello', '1', 0, '2024-07-01 22:45:41', '2024-07-17 22:58:38'),
(130, 37, 437, 'now', '1', 0, '2024-07-01 22:45:44', '2024-07-01 22:45:44'),
(131, 37, 437, 'test', '1', 1, '2024-07-01 22:45:49', '2024-07-01 23:01:55'),
(132, 37, 437, 'wow', '1', 0, '2024-07-01 22:45:53', '2024-07-01 23:01:59'),
(133, 63, 440, 'نايس', '1', 1, '2024-07-07 14:19:18', '2024-07-07 14:19:33'),
(134, 63, 440, 'جميل', '1', 0, '2024-07-07 14:19:30', '2024-07-07 14:19:30'),
(135, 37, 440, 'good', '1', 0, '2024-07-08 17:17:41', '2024-07-08 17:20:16'),
(136, 37, 440, 'hi', '1', 0, '2024-07-08 17:17:50', '2024-07-08 17:17:50'),
(137, 37, 437, 'hi', '1', 0, '2024-07-17 22:57:51', '2024-07-17 22:57:51'),
(138, 37, 437, 'test', '1', 0, '2024-07-17 22:58:22', '2024-07-17 22:58:22'),
(139, 37, 437, 'wooow', '1', 0, '2024-07-17 22:58:39', '2024-07-17 22:58:39'),
(140, 37, 437, 'test', '1', 0, '2024-07-17 23:05:03', '2024-07-17 23:05:03'),
(141, 37, 437, 'tesssst', '1', 0, '2024-07-17 23:21:32', '2024-07-17 23:21:32'),
(142, 37, 437, 'hello', '1', 0, '2024-07-17 23:26:08', '2024-07-17 23:26:08'),
(143, 37, 437, 'wow', '1', 1, '2024-07-17 23:26:24', '2024-07-22 09:43:56'),
(144, 37, 437, 'test again', '1', 1, '2024-07-17 23:26:34', '2024-07-22 09:43:55'),
(145, 43, 309, 'Hhh', '1', 0, '2024-07-20 09:38:27', '2024-07-20 09:38:27'),
(146, 63, 309, 'Test', '1', 0, '2024-07-20 09:48:56', '2024-07-20 09:48:56'),
(147, 88, 309, 'Dsfsadfasf', '1', 0, '2024-07-20 12:35:58', '2024-07-20 12:35:58'),
(148, 71, 309, 'Ffgf', '1', 0, '2024-07-20 12:39:00', '2024-07-20 12:39:00'),
(149, 85, 309, 'Ggg', '1', 0, '2024-07-20 15:08:06', '2024-07-20 15:08:06'),
(150, 37, 487, 'comments', '1', 1, '2024-07-22 09:43:44', '2024-07-22 09:43:53'),
(151, 37, 437, 'ok', '1', 0, '2024-07-23 22:55:24', '2024-07-23 22:55:24'),
(152, 65, 430, 'Hi', '1', 0, '2024-07-24 06:29:15', '2024-07-24 06:29:15'),
(153, 49, 430, 'Gasem', '1', 0, '2024-07-24 10:04:30', '2024-07-24 10:04:30'),
(154, 37, 490, '134', '1', 0, '2024-07-24 11:39:48', '2024-07-24 11:39:48'),
(155, 92, 430, 'Hi', '1', 0, '2024-07-24 11:44:57', '2024-07-24 11:44:57'),
(156, 37, 490, 'gasem', '1', 0, '2024-07-24 11:45:58', '2024-07-24 11:45:58'),
(157, 37, 430, 'Hi', '1', 0, '2024-07-24 11:46:44', '2024-07-24 11:46:44'),
(158, 37, 437, 'hello', '1', 0, '2024-07-24 20:16:14', '2024-07-24 20:16:14'),
(159, 37, 437, 'تجربه', '1', 0, '2024-07-27 16:31:45', '2024-07-27 16:31:45'),
(160, 78, 490, 'Hi', '1', 0, '2024-07-28 21:24:38', '2024-07-28 21:24:38'),
(161, 59, 490, 'Hi', '1', 0, '2024-07-30 11:51:35', '2024-07-30 11:51:35'),
(162, 112, 490, 'روعه', '1', 0, '2024-08-01 09:56:04', '2024-08-01 09:56:04'),
(163, 88, 490, 'Hi', '1', 0, '2024-08-04 13:47:44', '2024-08-04 13:47:44');

-- --------------------------------------------------------

--
-- Table structure for table `tutorial_delivery`
--

CREATE TABLE `tutorial_delivery` (
  `id` int(11) NOT NULL,
  `tutorial_id` int(11) NOT NULL,
  `UAE` tinyint(4) NOT NULL DEFAULT 0,
  `price` int(11) NOT NULL,
  `created_at` datetime NOT NULL,
  `updated_at` datetime NOT NULL
) ENGINE=InnoDB DEFAULT CHARSET=utf8;

--
-- Dumping data for table `tutorial_delivery`
--

INSERT INTO `tutorial_delivery` (`id`, `tutorial_id`, `UAE`, `price`, `created_at`, `updated_at`) VALUES
(1, 117, 1, 200, '2024-10-05 09:15:12', '2024-10-05 18:06:50'),
(2, 116, 1, 0, '2024-10-05 09:45:37', '2024-10-05 09:45:37'),
(3, 90, 1, 100, '2024-10-05 15:24:09', '2024-10-05 18:06:32');

-- --------------------------------------------------------

--
-- Table structure for table `tutorial_favourites`
--

CREATE TABLE `tutorial_favourites` (
  `id` bigint(20) NOT NULL,
  `tutorial_id` bigint(20) NOT NULL,
  `user_id` bigint(20) NOT NULL,
  `active_flag` char(1) NOT NULL,
  `created_at` timestamp NULL DEFAULT NULL,
  `updated_at` timestamp NULL DEFAULT NULL
) ENGINE=InnoDB DEFAULT CHARSET=utf8mb4;

--
-- Dumping data for table `tutorial_favourites`
--

INSERT INTO `tutorial_favourites` (`id`, `tutorial_id`, `user_id`, `active_flag`, `created_at`, `updated_at`) VALUES
(1, 22, 253, '1', '2024-05-14 20:50:48', NULL);

-- --------------------------------------------------------

--
-- Table structure for table `tutorial_food_systems`
--

CREATE TABLE `tutorial_food_systems` (
  `id` bigint(20) NOT NULL,
  `food_system_id` int(11) NOT NULL,
  `tutorial_id` bigint(20) NOT NULL,
  `created_at` timestamp NULL DEFAULT NULL,
  `updated_at` timestamp NULL DEFAULT NULL
) ENGINE=InnoDB DEFAULT CHARSET=utf8mb4;

--
-- Dumping data for table `tutorial_food_systems`
--

INSERT INTO `tutorial_food_systems` (`id`, `food_system_id`, `tutorial_id`, `created_at`, `updated_at`) VALUES
(1, 6, 1, NULL, NULL),
(2, 7, 4, NULL, NULL),
(3, 8, 5, NULL, NULL),
(5, 8, 7, NULL, NULL),
(6, 8, 8, NULL, NULL),
(7, 2, 9, NULL, NULL),
(8, 8, 10, NULL, NULL),
(9, 7, 11, NULL, NULL),
(10, 2, 12, NULL, NULL),
(11, 8, 13, NULL, NULL),
(12, 2, 14, NULL, NULL),
(14, 8, 16, NULL, NULL),
(18, 7, 20, NULL, NULL),
(19, 8, 21, NULL, NULL),
(20, 8, 22, NULL, NULL),
(21, 8, 23, NULL, NULL),
(22, 2, 24, NULL, NULL),
(24, 1, 26, NULL, NULL),
(25, 8, 27, NULL, NULL),
(26, 8, 28, NULL, NULL),
(27, 8, 29, NULL, NULL),
(28, 8, 30, NULL, NULL),
(29, 8, 31, NULL, NULL),
(30, 8, 32, NULL, NULL),
(31, 1, 33, NULL, NULL),
(32, 8, 34, NULL, NULL),
(33, 8, 35, NULL, NULL),
(34, 8, 36, NULL, NULL),
(35, 8, 37, NULL, NULL),
(36, 8, 38, NULL, NULL),
(37, 7, 39, NULL, NULL),
(38, 2, 40, NULL, NULL),
(39, 8, 41, NULL, NULL),
(40, 8, 42, NULL, NULL),
(41, 8, 43, NULL, NULL),
(42, 7, 44, NULL, NULL),
(43, 6, 45, NULL, NULL),
(44, 6, 46, NULL, NULL),
(45, 7, 47, NULL, NULL),
(46, 8, 48, NULL, NULL),
(47, 8, 49, NULL, NULL),
(48, 2, 49, NULL, NULL),
(49, 1, 49, NULL, NULL),
(50, 4, 50, NULL, NULL),
(51, 8, 51, NULL, NULL),
(52, 7, 52, NULL, NULL),
(53, 8, 53, NULL, NULL),
(54, 8, 54, NULL, NULL),
(55, 8, 55, NULL, NULL),
(56, 7, 56, NULL, NULL),
(57, 1, 57, NULL, NULL),
(58, 8, 58, NULL, NULL),
(59, 8, 59, NULL, NULL),
(60, 7, 60, NULL, NULL),
(61, 7, 61, NULL, NULL),
(62, 1, 62, NULL, NULL),
(63, 2, 63, NULL, NULL),
(64, 8, 64, NULL, NULL),
(65, 8, 65, NULL, NULL),
(66, 8, 66, NULL, NULL),
(67, 8, 67, NULL, NULL),
(68, 8, 68, NULL, NULL),
(69, 7, 69, NULL, NULL),
(70, 7, 70, NULL, NULL),
(71, 8, 71, NULL, NULL),
(72, 8, 72, NULL, NULL),
(73, 7, 73, NULL, NULL),
(74, 7, 74, NULL, NULL),
(75, 7, 75, NULL, NULL),
(76, 8, 76, NULL, NULL),
(77, 8, 77, NULL, NULL),
(78, 8, 2, NULL, NULL),
(79, 8, 3, NULL, NULL),
(80, 8, 78, NULL, NULL),
(81, 5, 79, NULL, NULL),
(82, 1, 80, NULL, NULL),
(83, 7, 81, NULL, NULL),
(84, 2, 82, NULL, NULL),
(85, 1, 83, NULL, NULL),
(86, 7, 84, NULL, NULL),
(87, 7, 85, NULL, NULL),
(88, 1, 86, NULL, NULL),
(89, 6, 87, NULL, NULL),
(90, 10, 87, NULL, NULL),
(91, 1, 88, NULL, NULL),
(92, 7, 89, NULL, NULL),
(93, 8, 90, NULL, NULL),
(94, 8, 91, NULL, NULL),
(95, 8, 92, NULL, NULL),
(96, 8, 93, NULL, NULL),
(97, 8, 94, NULL, NULL),
(98, 8, 95, NULL, NULL),
(101, 6, 98, NULL, NULL),
(102, 8, 99, NULL, NULL),
(103, 8, 100, NULL, NULL),
(104, 2, 101, NULL, NULL),
(105, 4, 102, NULL, NULL),
(106, 7, 103, NULL, NULL),
(107, 8, 104, NULL, NULL),
(108, 8, 105, NULL, NULL),
(109, 7, 106, NULL, NULL),
(110, 8, 107, NULL, NULL),
(111, 8, 108, NULL, NULL),
(112, 4, 109, NULL, NULL),
(113, 6, 110, NULL, NULL),
(114, 7, 111, NULL, NULL),
(115, 7, 112, NULL, NULL),
(116, 15, 113, NULL, NULL),
(117, 7, 114, NULL, NULL),
(118, 2, 115, NULL, NULL),
(119, 7, 116, NULL, NULL),
(120, 7, 117, NULL, NULL);

-- --------------------------------------------------------

--
-- Table structure for table `tutorial_ingredients`
--

CREATE TABLE `tutorial_ingredients` (
  `id` bigint(20) NOT NULL,
  `ingredient_id` bigint(20) NOT NULL,
  `tutorial_id` bigint(20) NOT NULL,
  `active_flag` char(1) NOT NULL DEFAULT '1',
  `qty` float NOT NULL,
  `uom_ref_id` int(11) NOT NULL,
  `created_at` timestamp NOT NULL DEFAULT current_timestamp() ON UPDATE current_timestamp(),
  `updated_at` timestamp NULL DEFAULT NULL
) ENGINE=InnoDB DEFAULT CHARSET=utf8mb4;

--
-- Dumping data for table `tutorial_ingredients`
--

INSERT INTO `tutorial_ingredients` (`id`, `ingredient_id`, `tutorial_id`, `active_flag`, `qty`, `uom_ref_id`, `created_at`, `updated_at`) VALUES
(1, 1, 1, '1', 2, 1, '2024-04-12 17:17:58', '2024-04-12 17:17:58'),
(2, 2, 41, '1', 1, 1, '2024-05-05 20:57:13', '2024-05-27 22:09:04'),
(3, 4, 4, '1', 1, 1, '2024-04-13 14:07:16', '2024-04-13 14:07:16'),
(4, 3, 4, '1', 3, 1, '2024-04-13 14:07:31', '2024-04-13 14:07:31'),
(5, 5, 42, '1', 0, 9, '2024-04-13 14:07:51', '2024-07-24 19:48:14'),
(6, 740, 4, '1', 1, 1, '2024-04-13 14:08:23', '2024-04-13 14:08:23'),
(11, 5, 8, '1', 2, 1, '2024-04-14 19:37:12', '2024-04-14 19:37:12'),
(12, 194, 8, '1', 200, 1, '2024-04-14 19:37:25', '2024-04-14 19:37:25'),
(13, 17, 8, '1', 1, 1, '2024-04-14 19:37:41', '2024-04-14 19:37:41'),
(14, 23, 8, '1', 3, 1, '2024-04-14 19:37:54', '2024-04-14 19:37:54'),
(15, 914, 9, '1', 3, 1, '2024-04-19 11:10:16', '2024-04-19 11:10:16'),
(16, 1011, 10, '1', 1, 1, '2024-04-19 22:36:27', '2024-08-04 09:27:50'),
(17, 17, 14, '1', 1, 1, '2024-04-19 23:02:05', '2024-05-05 21:30:06'),
(23, 23, 8, '1', 3, 1, '2024-04-19 23:02:09', '2024-04-19 23:02:09'),
(194, 194, 8, '1', 200, 1, '2024-04-19 23:01:55', '2024-04-19 23:01:55'),
(195, 5, 9, '1', 1, 1, '2024-04-19 23:05:22', '2024-04-19 23:05:22'),
(196, 16, 11, '1', 1, 1, '2024-04-29 19:51:04', '2024-04-29 19:51:04'),
(199, 1001, 13, '1', 5, 1, '2024-05-05 21:01:37', '2024-08-02 14:02:17'),
(200, 5, 14, '1', 3, 1, '2024-05-05 21:24:40', '2024-05-05 21:25:55'),
(201, 17, 14, '1', 1, 1, '2024-05-05 21:25:04', '2024-05-05 21:25:59'),
(204, 5, 16, '1', 1, 1, '2024-05-05 21:41:44', '2024-05-05 21:41:44'),
(205, 1, 20, '1', 70, 1, '2024-05-08 15:34:14', '2024-05-08 15:34:14'),
(206, 5, 21, '1', 2, 1, '2024-05-12 12:19:22', '2024-05-12 12:19:22'),
(207, 945, 23, '1', 1, 8, '2024-05-12 20:58:39', '2024-05-14 17:15:28'),
(208, 1, 23, '1', 200, 11, '2024-05-12 20:59:07', '2024-05-14 17:15:28'),
(209, 106, 23, '1', 150, 11, '2024-05-12 20:59:31', '2024-05-14 17:15:28'),
(210, 66, 23, '1', 500, 11, '2024-05-12 21:00:01', '2024-05-14 17:15:28'),
(211, 23, 23, '1', 50, 11, '2024-05-12 21:00:58', '2024-05-14 17:15:28'),
(212, 23, 23, '1', 2, 1, '2024-05-12 21:01:27', '2024-05-12 21:01:27'),
(213, 5, 31, '1', 2, 1, '2024-05-15 11:47:31', '2024-05-15 11:47:31'),
(214, 5, 32, '1', 2, 1, '2024-05-15 21:36:19', '2024-05-15 21:36:19'),
(215, 2, 32, '1', 5, 1, '2024-05-15 21:36:35', '2024-05-15 21:36:35'),
(217, 2, 33, '1', 1, 66, '2024-05-16 20:01:16', '2024-05-16 20:01:16'),
(218, 5, 34, '1', 1, 1, '2024-05-18 06:44:21', '2024-05-18 06:44:21'),
(219, 5, 35, '1', 1, 1, '2024-05-18 11:43:00', '2024-05-18 11:43:00'),
(220, 194, 34, '1', 1, 11, '2024-05-18 11:51:23', '2024-05-18 11:51:23'),
(221, 571, 35, '1', 23, 11, '2024-05-18 11:53:29', '2024-05-18 11:53:29'),
(222, 194, 35, '1', 1, 9, '2024-05-18 11:54:19', '2024-05-18 11:54:19'),
(223, 56, 30, '1', 2, 8, '2024-05-18 11:57:07', '2024-08-03 13:31:04'),
(224, 5, 36, '1', 0, 1, '2024-05-20 08:27:17', '2024-05-20 08:27:17'),
(225, 5, 37, '1', 1, 1, '2024-05-23 18:12:49', '2024-05-23 18:12:49'),
(226, 571, 37, '1', 1, 1, '2024-05-23 18:13:05', '2024-05-23 18:13:05'),
(227, 870, 38, '1', 3, 1, '2024-05-25 07:47:03', '2024-05-25 07:47:03'),
(228, 949, 39, '1', 500, 1, '2024-05-26 08:16:33', '2024-05-26 08:16:33'),
(229, 5, 39, '1', 1, 1, '2024-05-26 08:17:13', '2024-05-26 08:17:13'),
(230, 950, 39, '1', 1, 1, '2024-05-26 08:19:37', '2024-05-26 08:19:37'),
(231, 951, 39, '1', 1, 1, '2024-05-26 08:21:17', '2024-05-26 08:21:17'),
(232, 952, 39, '1', 1, 1, '2024-05-26 08:23:13', '2024-05-26 08:23:13'),
(233, 953, 39, '1', 1, 1, '2024-05-26 08:24:40', '2024-05-26 08:24:40'),
(234, 954, 39, '1', 3, 1, '2024-05-26 08:25:56', '2024-05-26 08:25:56'),
(235, 514, 39, '1', 1, 1, '2024-05-26 08:27:14', '2024-05-26 08:27:14'),
(236, 175, 39, '1', 3, 1, '2024-05-26 08:28:36', '2024-05-26 08:28:36'),
(237, 4, 39, '1', 1, 1, '2024-05-26 08:29:17', '2024-05-26 08:29:17'),
(238, 23, 39, '1', 100, 1, '2024-05-26 08:29:39', '2024-05-26 08:29:39'),
(239, 955, 39, '1', 150, 1, '2024-05-26 08:38:41', '2024-05-26 08:38:41'),
(240, 927, 39, '1', 1, 1, '2024-05-26 08:39:11', '2024-08-03 14:14:35'),
(241, 3, 39, '1', 2, 1, '2024-05-26 08:42:17', '2024-05-26 08:42:17'),
(242, 1, 40, '1', 2, 1, '2024-05-26 16:57:14', '2024-05-26 16:57:14'),
(955, 955, 42, '1', 1, 9, '2024-05-26 22:28:37', '2024-07-24 19:48:12'),
(956, 956, 43, '1', 300, 1, '2024-05-27 14:49:16', '2024-05-27 14:49:16'),
(957, 622, 43, '1', 200, 1, '2024-05-27 14:49:30', '2024-05-27 14:49:30'),
(958, 957, 43, '1', 200, 1, '2024-05-27 14:50:41', '2024-05-27 14:50:41'),
(959, 958, 43, '1', 100, 1, '2024-05-27 14:51:30', '2024-05-27 14:51:30'),
(960, 914, 43, '1', 200, 1, '2024-05-27 14:52:19', '2024-05-27 14:52:19'),
(961, 9, 43, '1', 150, 1, '2024-05-27 14:52:38', '2024-05-27 14:52:38'),
(962, 959, 43, '1', 30, 1, '2024-05-27 14:54:44', '2024-05-27 14:54:44'),
(963, 2, 41, '1', 1, 1, '2024-05-27 22:08:26', '2024-05-27 22:08:26'),
(964, 960, 44, '1', 300, 1, '2024-05-28 07:01:00', '2024-05-28 07:01:00'),
(965, 17, 44, '1', 500, 1, '2024-05-28 07:01:19', '2024-05-28 07:01:19'),
(966, 945, 44, '1', 500, 1, '2024-05-28 07:01:33', '2024-05-28 07:01:33'),
(967, 384, 44, '1', 500, 1, '2024-05-28 07:02:50', '2024-05-28 07:02:50'),
(968, 927, 44, '1', 2, 1, '2024-05-28 07:03:31', '2024-08-03 14:14:35'),
(969, 961, 46, '1', 1, 1, '2024-05-29 19:28:13', '2024-05-29 19:28:13'),
(971, 5, 31, '1', 2, 1, '2024-06-04 02:16:03', '2024-06-04 02:16:03'),
(972, 8, 49, '1', 53, 1, '2024-06-05 16:28:38', '2024-06-24 16:14:23'),
(973, 622, 49, '1', 2, 1, '2024-06-05 16:31:25', '2024-06-09 22:00:03'),
(975, 138, 50, '1', 2, 1, '2024-06-08 15:31:11', '2024-06-08 15:31:11'),
(976, 194, 50, '1', 1, 1, '2024-06-08 15:32:22', '2024-06-08 15:32:22'),
(977, 3, 50, '1', 3, 1, '2024-06-08 15:32:35', '2024-06-08 15:32:35'),
(978, 23, 51, '1', 200, 1, '2024-06-09 20:22:44', '2024-06-09 20:22:44'),
(979, 9, 51, '1', 1, 1, '2024-06-09 20:24:46', '2024-06-09 20:24:46'),
(980, 24, 51, '1', 5, 1, '2024-06-09 20:26:20', '2024-06-09 20:26:20'),
(981, 147, 39, '1', 1, 1, '2024-06-09 20:26:58', '2024-06-09 20:26:58'),
(982, 8, 51, '1', 3, 1, '2024-06-09 20:27:31', '2024-06-09 20:27:31'),
(983, 962, 51, '1', 5, 1, '2024-06-09 20:30:57', '2024-06-09 20:30:57'),
(984, 10, 51, '1', 5, 1, '2024-06-09 20:31:53', '2024-06-09 20:31:53'),
(985, 5, 53, '1', 100, 1, '2024-06-09 21:22:06', '2024-06-09 21:22:06'),
(986, 147, 53, '1', 1, 1, '2024-06-09 21:23:23', '2024-06-09 21:23:23'),
(987, 147, 53, '1', 1, 1, '2024-06-09 21:23:51', '2024-06-09 21:23:51'),
(988, 963, 52, '1', 1, 1, '2024-06-09 21:27:15', '2024-06-09 21:27:15'),
(989, 964, 52, '1', 3, 1, '2024-06-09 21:28:08', '2024-06-09 21:28:08'),
(990, 5, 52, '1', 2, 1, '2024-06-09 21:30:44', '2024-06-09 21:30:44'),
(991, 216, 52, '1', 1, 1, '2024-06-09 21:31:18', '2024-06-09 21:31:18'),
(992, 2, 52, '1', 2, 1, '2024-06-09 21:34:05', '2024-06-09 21:34:05'),
(993, 965, 52, '1', 1, 1, '2024-06-09 21:35:07', '2024-06-09 21:35:07'),
(994, 5, 54, '1', 100, 1, '2024-06-09 21:42:09', '2024-06-09 21:42:09'),
(995, 147, 54, '1', 2, 1, '2024-06-09 21:42:19', '2024-06-09 21:42:19'),
(996, 966, 54, '1', 200, 1, '2024-06-09 21:42:38', '2024-06-09 21:42:38'),
(998, 147, 49, '1', 1, 1, '2024-06-09 21:54:48', '2024-06-09 22:01:29'),
(999, 5, 49, '1', 2, 1, '2024-06-09 22:06:11', '2024-06-09 22:06:11'),
(1000, 466, 55, '1', 2, 1, '2024-06-09 22:30:41', '2024-07-27 18:07:58'),
(1001, 140, 55, '1', 2, 1, '2024-06-09 22:31:51', '2024-06-09 22:31:51'),
(1002, 8, 55, '1', 2, 1, '2024-06-09 22:32:14', '2024-06-09 22:32:14'),
(1003, 622, 55, '1', 4, 1, '2024-06-09 22:33:02', '2024-06-09 22:33:02'),
(1004, 23, 55, '1', 2, 1, '2024-06-09 22:33:43', '2024-06-09 22:33:43'),
(1005, 50, 55, '1', 5, 1, '2024-06-09 22:34:23', '2024-06-09 22:34:23'),
(1006, 968, 56, '1', 5, 1, '2024-06-09 23:08:36', '2024-06-09 23:08:36'),
(1007, 945, 56, '1', 3, 1, '2024-06-09 23:09:29', '2024-06-09 23:09:29'),
(1008, 2, 56, '1', 1, 1, '2024-06-09 23:10:00', '2024-06-09 23:10:00'),
(1009, 927, 56, '1', 2, 1, '2024-06-09 23:10:37', '2024-08-03 14:16:28'),
(1010, 130, 56, '1', 2, 1, '2024-06-09 23:11:22', '2024-06-09 23:11:22'),
(1011, 466, 56, '1', 2, 1, '2024-06-09 23:11:51', '2024-07-27 18:07:58'),
(1012, 970, 56, '1', 1, 1, '2024-06-09 23:12:47', '2024-06-09 23:12:47'),
(1013, 971, 56, '1', 1, 1, '2024-06-09 23:13:15', '2024-06-09 23:13:15'),
(1014, 926, 56, '1', 1, 1, '2024-06-09 23:14:05', '2024-06-09 23:14:05'),
(1015, 622, 56, '1', 1, 1, '2024-06-09 23:14:49', '2024-06-09 23:14:49'),
(1016, 956, 57, '1', 1, 1, '2024-06-09 23:51:11', '2024-06-09 23:51:11'),
(1017, 8, 57, '1', 1, 1, '2024-06-09 23:51:41', '2024-06-09 23:51:41'),
(1018, 972, 57, '1', 2, 1, '2024-06-09 23:52:44', '2024-06-09 23:52:44'),
(1019, 466, 57, '1', 3, 1, '2024-06-09 23:53:03', '2024-07-27 18:07:58'),
(1020, 9, 57, '1', 1, 1, '2024-06-09 23:53:42', '2024-06-09 23:53:42'),
(1021, 622, 57, '1', 1, 1, '2024-06-09 23:54:30', '2024-06-09 23:54:30'),
(1022, 2, 57, '1', 1, 1, '2024-06-09 23:55:04', '2024-06-09 23:55:04'),
(1023, 85, 57, '1', 1, 1, '2024-06-09 23:55:37', '2024-06-09 23:55:37'),
(1024, 23, 58, '1', 1, 1, '2024-06-11 19:17:45', '2024-06-11 19:17:45'),
(1025, 9, 58, '1', 2, 1, '2024-06-11 19:18:14', '2024-06-11 19:18:14'),
(1026, 466, 58, '1', 2, 1, '2024-06-11 19:18:37', '2024-07-27 18:07:58'),
(1027, 55, 58, '1', 1, 1, '2024-06-11 19:19:05', '2024-06-11 19:19:05'),
(1028, 8, 58, '1', 750, 1, '2024-06-11 19:19:45', '2024-06-11 19:19:45'),
(1029, 50, 58, '1', 1, 1, '2024-06-11 19:20:23', '2024-06-11 19:20:23'),
(1030, 109, 58, '1', 10, 1, '2024-06-11 19:21:27', '2024-06-11 19:21:27'),
(1031, 106, 58, '1', 10, 1, '2024-06-11 19:21:46', '2024-06-11 19:21:46'),
(1032, 107, 58, '1', 10, 1, '2024-06-11 19:22:06', '2024-06-11 19:22:06'),
(1033, 706, 58, '1', 10, 1, '2024-06-11 19:22:26', '2024-06-11 19:22:26'),
(1034, 85, 58, '1', 1, 1, '2024-06-11 19:23:26', '2024-06-11 19:23:26'),
(1035, 8, 59, '1', 4, 1, '2024-06-11 20:04:49', '2024-06-11 20:04:49'),
(1036, 914, 59, '1', 2, 1, '2024-06-11 20:05:08', '2024-06-11 20:05:08'),
(1037, 9, 59, '1', 1, 1, '2024-06-11 20:05:31', '2024-06-11 20:05:31'),
(1038, 55, 59, '1', 1, 1, '2024-06-11 20:05:51', '2024-06-11 20:05:51'),
(1039, 724, 59, '1', 10, 1, '2024-06-11 20:06:06', '2024-06-11 20:06:06'),
(1040, 6, 60, '1', 1, 64, '2024-06-11 20:38:46', '2024-06-11 20:38:46'),
(1041, 954, 60, '1', 1, 7, '2024-06-11 20:39:59', '2024-06-11 20:39:59'),
(1042, 926, 60, '1', 1, 66, '2024-06-11 20:40:28', '2024-06-11 20:40:28'),
(1043, 514, 60, '1', 1, 66, '2024-06-11 20:40:58', '2024-06-11 20:40:58'),
(1044, 973, 60, '1', 2, 7, '2024-06-11 20:42:35', '2024-06-11 20:42:35'),
(1045, 950, 60, '1', 1, 66, '2024-06-11 20:42:59', '2024-06-11 20:42:59'),
(1046, 927, 60, '1', 1, 67, '2024-06-11 20:43:34', '2024-08-03 14:14:35'),
(1047, 5, 60, '1', 1, 66, '2024-06-11 20:43:51', '2024-06-11 20:43:51'),
(1048, 114, 60, '1', 1, 66, '2024-06-11 20:44:06', '2024-06-11 20:44:06'),
(1049, 974, 60, '1', 2, 7, '2024-06-11 20:44:28', '2024-06-11 20:44:28'),
(1050, 23, 60, '1', 1, 67, '2024-06-11 20:45:26', '2024-06-11 20:45:26'),
(1051, 4, 60, '1', 1, 68, '2024-06-11 20:46:02', '2024-06-11 20:46:02'),
(1052, 975, 61, '1', 1, 64, '2024-06-11 21:04:40', '2024-06-11 21:04:40'),
(1053, 23, 61, '1', 1, 66, '2024-06-11 21:05:08', '2024-06-11 21:05:08'),
(1054, 3, 61, '1', 1, 66, '2024-06-11 21:05:23', '2024-06-11 21:05:23'),
(1055, 926, 61, '1', 1, 66, '2024-06-11 21:05:38', '2024-06-11 21:05:38'),
(1056, 180, 61, '1', 2, 8, '2024-06-11 21:06:01', '2024-06-11 21:06:01'),
(1057, 933, 61, '1', 1, 8, '2024-06-11 21:06:21', '2024-06-11 21:06:21'),
(1058, 5, 61, '1', 1, 66, '2024-06-11 21:06:36', '2024-06-11 21:06:36'),
(1059, 114, 61, '1', 1, 54, '2024-06-11 21:06:48', '2024-06-11 21:06:48'),
(1060, 973, 61, '1', 2, 7, '2024-06-11 21:07:21', '2024-06-11 21:07:21'),
(1061, 974, 61, '1', 2, 7, '2024-06-11 21:07:45', '2024-06-11 21:07:45'),
(1062, 622, 62, '1', 1, 12, '2024-06-12 16:39:44', '2024-06-12 16:39:44'),
(1063, 976, 62, '1', 5, 66, '2024-06-12 16:41:51', '2024-06-12 16:41:51'),
(1064, 977, 62, '1', 1, 66, '2024-06-12 16:42:59', '2024-06-12 16:42:59'),
(1065, 978, 62, '1', 5, 66, '2024-06-12 16:44:48', '2024-06-12 16:44:48'),
(1066, 976, 63, '1', 5, 67, '2024-06-12 16:59:05', '2024-06-12 16:59:05'),
(1067, 8, 63, '1', 1, 7, '2024-06-12 16:59:30', '2024-06-12 16:59:30'),
(1068, 150, 63, '1', 1, 67, '2024-06-12 17:00:01', '2024-06-12 17:00:01'),
(1069, 972, 63, '1', 1, 66, '2024-06-12 17:00:48', '2024-06-12 17:00:48'),
(1070, 23, 63, '1', 2, 8, '2024-06-12 17:01:19', '2024-06-12 17:01:19'),
(1071, 979, 64, '1', 1, 7, '2024-06-12 17:14:26', '2024-06-12 17:14:26'),
(1072, 9, 64, '1', 1, 67, '2024-06-12 17:15:08', '2024-06-12 17:15:08'),
(1073, 980, 64, '1', 1, 7, '2024-06-12 17:15:52', '2024-06-12 17:15:52'),
(1074, 981, 64, '1', 250, 11, '2024-06-12 17:16:41', '2024-06-12 17:16:41'),
(1075, 982, 64, '1', 250, 11, '2024-06-12 17:17:30', '2024-06-12 17:17:30'),
(1076, 55, 64, '1', 1, 66, '2024-06-12 17:18:04', '2024-06-12 17:18:04'),
(1077, 90, 64, '1', 1, 68, '2024-06-12 17:18:25', '2024-06-12 17:18:25'),
(1078, 8, 65, '1', 2, 7, '2024-06-12 18:03:14', '2024-06-12 18:03:14'),
(1079, 2, 65, '1', 1, 7, '2024-06-12 18:03:34', '2024-06-12 18:03:34'),
(1080, 261, 65, '1', 1, 67, '2024-06-12 18:04:00', '2024-06-12 18:04:00'),
(1081, 983, 65, '1', 2, 7, '2024-06-12 18:04:40', '2024-06-12 18:04:40'),
(1082, 9, 65, '1', 1, 66, '2024-06-12 18:04:55', '2024-06-12 18:04:55'),
(1083, 5, 65, '1', 1, 66, '2024-06-12 18:05:16', '2024-06-12 18:05:16'),
(1084, 974, 65, '1', 1, 7, '2024-06-12 18:05:40', '2024-06-12 18:05:40'),
(1085, 17, 65, '1', 2, 8, '2024-06-12 18:06:37', '2024-06-12 18:06:37'),
(1086, 928, 65, '1', 2, 8, '2024-06-12 18:06:56', '2024-06-12 18:06:56'),
(1087, 984, 65, '1', 10, 8, '2024-06-12 18:07:40', '2024-06-12 18:07:40'),
(1088, 4, 65, '1', 5, 68, '2024-06-12 18:08:23', '2024-06-12 18:08:23'),
(1089, 249, 65, '1', 5, 66, '2024-06-12 18:08:39', '2024-06-12 18:08:39'),
(1090, 8, 66, '1', 1, 64, '2024-06-12 18:24:25', '2024-06-12 18:24:25'),
(1091, 23, 66, '1', 3, 8, '2024-06-12 18:25:40', '2024-06-12 18:25:40'),
(1092, 5, 66, '1', 1, 66, '2024-06-12 18:26:11', '2024-06-12 18:26:11'),
(1093, 261, 66, '1', 1, 66, '2024-06-12 18:26:35', '2024-06-12 18:26:35'),
(1094, 622, 66, '1', 1, 7, '2024-06-12 18:27:40', '2024-06-12 18:27:40'),
(1095, 985, 67, '1', 1, 64, '2024-06-12 18:45:53', '2024-06-12 18:45:53'),
(1096, 175, 67, '1', 4, 8, '2024-06-12 18:46:13', '2024-06-12 18:46:13'),
(1097, 4, 67, '1', 4, 8, '2024-06-12 18:46:42', '2024-06-12 18:46:42'),
(1098, 5, 67, '1', 1, 66, '2024-06-12 18:47:08', '2024-06-12 18:47:08'),
(1099, 964, 67, '1', 1, 66, '2024-06-12 18:47:22', '2024-06-12 18:47:22'),
(1100, 436, 67, '1', 2, 67, '2024-06-12 18:47:36', '2024-06-12 18:47:36'),
(1101, 986, 67, '1', 2, 67, '2024-06-12 18:48:22', '2024-06-12 18:48:22'),
(1102, 972, 67, '1', 1, 66, '2024-06-12 18:48:40', '2024-06-12 18:48:40'),
(1103, 16, 68, '1', 1, 64, '2024-06-12 19:22:40', '2024-06-12 19:22:40'),
(1104, 987, 68, '1', 10, 69, '2024-06-12 19:23:51', '2024-06-12 19:23:51'),
(1105, 988, 68, '1', 1, 64, '2024-06-12 19:24:23', '2024-06-12 19:24:23'),
(1106, 5, 68, '1', 1, 66, '2024-06-12 19:24:40', '2024-06-12 19:24:40'),
(1107, 51, 68, '1', 1, 66, '2024-06-12 19:24:58', '2024-06-12 19:24:58'),
(1108, 927, 68, '1', 3, 7, '2024-06-12 19:25:35', '2024-08-03 14:14:35'),
(1109, 989, 68, '1', 5, 7, '2024-06-12 19:26:58', '2024-06-12 19:26:58'),
(1110, 990, 69, '1', 2, 8, '2024-06-12 19:36:59', '2024-06-12 19:36:59'),
(1111, 466, 69, '1', 2, 69, '2024-06-12 19:37:57', '2024-07-27 18:07:58'),
(1112, 484, 69, '1', 2, 8, '2024-06-12 19:38:29', '2024-06-12 19:38:29'),
(1113, 622, 69, '1', 100, 65, '2024-06-12 19:38:58', '2024-06-12 19:38:58'),
(1114, 3, 69, '1', 100, 65, '2024-06-12 19:39:13', '2024-06-12 19:39:13'),
(1115, 670, 69, '1', 1, 66, '2024-06-12 19:40:04', '2024-06-12 19:40:04'),
(1116, 6, 70, '1', 1, 64, '2024-06-12 19:50:49', '2024-06-12 19:50:49'),
(1117, 973, 70, '1', 1, 7, '2024-06-12 19:51:08', '2024-06-12 19:51:08'),
(1118, 4, 70, '1', 5, 68, '2024-06-12 19:51:28', '2024-06-12 19:51:28'),
(1119, 175, 70, '1', 1, 66, '2024-06-12 19:51:49', '2024-06-12 19:51:49'),
(1120, 914, 70, '1', 1, 67, '2024-06-12 19:52:07', '2024-06-12 19:52:07'),
(1121, 991, 70, '1', 1, 66, '2024-06-12 19:52:46', '2024-06-12 19:52:46'),
(1122, 19, 70, '1', 1, 66, '2024-06-12 19:54:03', '2024-06-12 19:54:03'),
(1123, 51, 70, '1', 1, 54, '2024-06-12 19:54:54', '2024-06-12 19:54:54'),
(1124, 964, 70, '1', 1, 54, '2024-06-12 19:55:13', '2024-06-12 19:55:13'),
(1125, 8, 71, '1', 2, 7, '2024-06-12 21:34:09', '2024-06-12 21:34:09'),
(1126, 978, 71, '1', 2, 67, '2024-06-12 21:34:30', '2024-06-12 21:34:30'),
(1127, 972, 71, '1', 1, 66, '2024-06-12 21:34:55', '2024-06-12 21:34:55'),
(1128, 466, 71, '1', 4, 8, '2024-06-12 21:35:23', '2024-07-27 18:07:58'),
(1129, 9, 71, '1', 1, 7, '2024-06-12 21:35:41', '2024-06-12 21:35:41'),
(1130, 55, 71, '1', 1, 66, '2024-06-12 21:35:54', '2024-06-12 21:35:54'),
(1131, 3, 71, '1', 3, 7, '2024-06-12 21:36:16', '2024-06-12 21:36:16'),
(1132, 622, 71, '1', 1, 7, '2024-06-12 21:36:40', '2024-06-12 21:36:40'),
(1133, 992, 71, '1', 1, 7, '2024-06-12 21:40:06', '2024-06-12 21:40:06'),
(1134, 852, 71, '1', 1, 66, '2024-06-12 21:41:07', '2024-06-12 21:41:07'),
(1135, 993, 71, '1', 150, 11, '2024-06-12 21:42:43', '2024-06-12 21:42:43'),
(1136, 957, 71, '1', 1, 7, '2024-06-12 21:43:06', '2024-06-12 21:43:06'),
(1137, 7, 71, '1', 1, 66, '2024-06-12 21:43:34', '2024-06-12 21:43:34'),
(1138, 23, 72, '1', 1, 7, '2024-06-12 21:52:58', '2024-06-12 21:52:58'),
(1139, 9, 72, '1', 1, 7, '2024-06-12 21:53:09', '2024-06-12 21:53:09'),
(1140, 140, 72, '1', 1, 7, '2024-06-12 21:53:26', '2024-06-12 21:53:26'),
(1141, 972, 72, '1', 1, 66, '2024-06-12 21:53:45', '2024-06-12 21:53:45'),
(1142, 5, 72, '1', 1, 54, '2024-06-12 21:53:57', '2024-06-12 21:53:57'),
(1143, 55, 72, '1', 1, 66, '2024-06-12 21:54:08', '2024-06-12 21:54:08'),
(1144, 466, 72, '1', 1, 8, '2024-06-12 21:54:24', '2024-06-12 21:54:24'),
(1145, 8, 72, '1', 1, 7, '2024-06-12 21:54:38', '2024-06-12 21:54:38'),
(1146, 994, 72, '1', 1, 7, '2024-06-12 21:55:23', '2024-06-12 21:55:23'),
(1147, 147, 73, '1', 2, 64, '2024-06-12 22:49:23', '2024-06-12 22:49:23'),
(1148, 9, 73, '1', 4, 7, '2024-06-12 22:49:34', '2024-06-12 22:49:34'),
(1149, 983, 73, '1', 1, 7, '2024-06-12 22:49:51', '2024-06-12 22:49:51'),
(1150, 914, 73, '1', 1, 67, '2024-06-12 22:50:06', '2024-06-12 22:50:06'),
(1151, 7, 73, '1', 1, 66, '2024-06-12 22:50:17', '2024-06-12 22:50:17'),
(1152, 687, 73, '1', 10, 69, '2024-06-12 22:50:40', '2024-06-12 22:50:40'),
(1153, 958, 73, '1', 1, 67, '2024-06-12 22:51:09', '2024-06-12 22:51:09'),
(1154, 5, 74, '1', 10, 11, '2024-06-18 16:30:56', '2024-06-18 16:30:56'),
(1155, 928, 74, '1', 10, 11, '2024-06-18 16:31:34', '2024-06-18 16:31:34'),
(1156, 114, 74, '1', 10, 11, '2024-06-18 16:32:27', '2024-06-18 16:32:27'),
(1157, 175, 74, '1', 1, 67, '2024-06-18 18:49:32', '2024-06-18 18:49:32'),
(1158, 933, 74, '1', 1, 67, '2024-06-18 18:50:06', '2024-06-18 18:50:06'),
(1159, 986, 74, '1', 1, 67, '2024-06-18 18:50:46', '2024-06-18 18:50:46'),
(1160, 995, 74, '1', 1, 66, '2024-06-18 18:51:59', '2024-06-18 18:51:59'),
(1161, 514, 74, '1', 1, 66, '2024-06-18 18:52:35', '2024-06-18 18:52:35'),
(1162, 996, 74, '1', 5, 11, '2024-06-18 18:56:12', '2024-06-18 18:56:12'),
(1163, 997, 74, '1', 2, 67, '2024-06-18 18:57:52', '2024-06-18 18:57:52'),
(1164, 138, 74, '1', 6, 8, '2024-06-18 19:33:14', '2024-06-18 19:33:14'),
(1165, 670, 76, '1', 200, 11, '2024-06-25 21:09:48', '2024-06-25 21:09:48'),
(1166, 187, 33, '1', 1, 8, '2024-06-27 14:48:29', '2024-06-27 14:48:29'),
(1167, 998, 33, '1', 6, 8, '2024-06-27 14:49:34', '2024-06-27 14:49:34'),
(1168, 5, 3, '1', 1, 11, '2024-06-29 10:45:54', '2024-06-29 10:45:54'),
(1169, 999, 77, '1', 300, 11, '2024-06-29 21:39:51', '2024-06-29 21:39:51'),
(1170, 1000, 77, '1', 340, 11, '2024-06-29 21:42:13', '2024-06-29 21:42:13'),
(1171, 1001, 77, '1', 3, 8, '2024-06-29 21:46:53', '2024-06-29 21:46:53'),
(1172, 956, 77, '1', 3, 67, '2024-06-29 21:53:20', '2024-06-29 21:53:20'),
(1173, 972, 77, '1', 1, 67, '2024-06-29 21:54:05', '2024-06-29 21:54:05'),
(1174, 1002, 77, '1', 1, 66, '2024-06-29 21:55:56', '2024-06-29 21:55:56'),
(1175, 1000, 77, '1', 1, 7, '2024-06-29 21:58:12', '2024-06-29 21:58:12'),
(1176, 1003, 77, '1', 1, 7, '2024-06-29 22:00:19', '2024-06-29 22:00:19'),
(1177, 1004, 77, '1', 1, 66, '2024-06-29 22:02:35', '2024-06-29 22:02:35'),
(1178, 1000, 79, '1', 99995, 67, '2024-06-30 11:23:16', '2024-07-30 20:54:43'),
(1179, 1006, 80, '1', 2, 7, '2024-06-30 11:50:03', '2024-06-30 11:50:03'),
(1180, 1007, 80, '1', 1, 9, '2024-06-30 11:51:36', '2024-06-30 11:51:36'),
(1181, 973, 82, '1', 200, 11, '2024-06-30 11:54:26', '2024-06-30 11:54:26'),
(1182, 1, 82, '1', 2, 7, '2024-06-30 11:57:01', '2024-06-30 11:57:01'),
(1183, 17, 82, '1', 20, 8, '2024-06-30 11:57:47', '2024-06-30 11:57:47'),
(1184, 1, 82, '1', 2, 7, '2024-06-30 11:57:58', '2024-06-30 11:57:58'),
(1185, 1006, 83, '1', 1, 7, '2024-06-30 17:49:18', '2024-06-30 17:49:18'),
(1186, 949, 84, '1', 4, 68, '2024-07-01 00:36:20', '2024-07-01 00:36:20'),
(1187, 5, 84, '1', 1, 66, '2024-07-01 00:40:41', '2024-07-01 00:40:41'),
(1188, 995, 84, '1', 1, 66, '2024-07-01 00:41:01', '2024-07-01 00:41:01'),
(1189, 1008, 84, '1', 1, 7, '2024-07-01 00:42:40', '2024-07-01 00:42:40'),
(1190, 8, 84, '1', 2, 7, '2024-07-01 00:44:18', '2024-07-01 00:44:18'),
(1191, 3, 84, '1', 3, 7, '2024-07-01 00:45:51', '2024-07-01 00:45:51'),
(1192, 622, 84, '1', 250, 65, '2024-07-01 00:46:36', '2024-07-01 00:46:36'),
(1193, 466, 84, '1', 168, 11, '2024-07-01 00:49:13', '2024-07-27 18:07:58'),
(1194, 52, 85, '1', 1, 67, '2024-07-01 01:01:03', '2024-07-01 01:01:03'),
(1195, 622, 85, '1', 500, 65, '2024-07-01 01:01:19', '2024-07-01 01:01:19'),
(1196, 466, 85, '1', 168, 11, '2024-07-01 01:01:38', '2024-07-01 01:01:38'),
(1197, 5, 85, '1', 1, 67, '2024-07-01 01:01:55', '2024-07-01 01:01:55'),
(1198, 964, 85, '1', 1, 66, '2024-07-01 01:02:15', '2024-07-01 01:02:15'),
(1199, 926, 85, '1', 1, 66, '2024-07-01 01:02:47', '2024-07-01 01:02:47'),
(1200, 17, 86, '1', 8, 68, '2024-07-01 14:49:21', '2024-07-01 14:49:21'),
(1201, 12, 86, '1', 1, 7, '2024-07-01 14:50:03', '2024-07-01 14:50:03'),
(1202, 316, 86, '1', 1, 7, '2024-07-01 14:55:29', '2024-07-01 14:55:29'),
(1203, 114, 86, '1', 1, 64, '2024-07-01 15:00:57', '2024-07-01 15:00:57'),
(1204, 949, 86, '1', 3, 68, '2024-07-01 15:01:18', '2024-07-01 15:01:18'),
(1205, 5, 86, '1', 1, 66, '2024-07-01 15:02:17', '2024-07-01 15:02:17'),
(1207, 926, 86, '1', 1, 66, '2024-07-01 15:05:28', '2024-07-01 15:05:28'),
(1208, 51, 86, '1', 1, 66, '2024-07-01 15:05:58', '2024-07-01 15:05:58'),
(1209, 56, 86, '1', 50, 11, '2024-07-01 15:06:51', '2024-07-01 15:06:51'),
(1210, 954, 86, '1', 125, 65, '2024-07-01 15:07:15', '2024-07-01 15:07:15'),
(1211, 954, 86, '1', 1, 7, '2024-07-01 15:08:44', '2024-07-01 15:08:44'),
(1212, 622, 86, '1', 125, 65, '2024-07-01 15:09:01', '2024-07-01 15:09:01'),
(1213, 175, 86, '1', 30, 11, '2024-07-01 15:09:21', '2024-07-01 15:09:21'),
(1214, 2, 86, '1', 2, 66, '2024-07-01 15:09:41', '2024-07-01 15:09:41'),
(1215, 995, 86, '1', 2, 66, '2024-07-01 15:10:58', '2024-07-01 15:10:58'),
(1216, 1009, 87, '1', 2, 69, '2024-07-01 15:27:03', '2024-07-01 15:27:03'),
(1217, 79, 87, '1', 200, 11, '2024-07-01 15:30:40', '2024-07-01 15:30:40'),
(1218, 925, 87, '1', 100, 11, '2024-07-01 15:31:23', '2024-07-01 15:31:23'),
(1219, 724, 87, '1', 100, 11, '2024-07-01 15:31:44', '2024-07-01 15:31:44'),
(1220, 2, 87, '1', 3, 67, '2024-07-01 15:32:09', '2024-07-01 15:32:09'),
(1221, 56, 87, '1', 2, 67, '2024-07-01 15:33:29', '2024-07-01 15:33:29'),
(1222, 52, 87, '1', 1, 67, '2024-07-01 15:33:51', '2024-07-01 15:33:51'),
(1223, 5, 87, '1', 1, 66, '2024-07-01 15:34:18', '2024-07-01 15:34:18'),
(1224, 249, 87, '1', 1, 66, '2024-07-01 15:34:31', '2024-07-01 15:34:31'),
(1225, 894, 88, '1', 2, 7, '2024-07-01 15:46:54', '2024-07-01 15:46:54'),
(1226, 147, 88, '1', 2, 69, '2024-07-01 15:51:26', '2024-07-01 15:51:26'),
(1227, 17, 88, '1', 2, 69, '2024-07-01 16:19:45', '2024-07-01 16:19:45'),
(1228, 925, 88, '1', 1, 69, '2024-07-01 16:20:09', '2024-07-01 16:20:09'),
(1229, 954, 88, '1', 1, 7, '2024-07-01 16:28:08', '2024-07-01 16:28:08'),
(1230, 5, 88, '1', 1, 66, '2024-07-01 16:39:14', '2024-07-01 16:39:14'),
(1231, 964, 88, '1', 1, 66, '2024-07-01 16:39:27', '2024-07-01 16:39:27'),
(1232, 894, 89, '1', 250, 11, '2024-07-01 16:49:28', '2024-07-01 16:49:28'),
(1233, 17, 89, '1', 250, 11, '2024-07-01 16:50:45', '2024-07-01 16:50:45'),
(1234, 175, 89, '1', 4, 69, '2024-07-01 16:51:02', '2024-07-01 16:51:02'),
(1235, 955, 89, '1', 50, 65, '2024-07-01 16:51:34', '2024-07-01 16:51:34'),
(1236, 5, 89, '1', 1, 66, '2024-07-01 16:52:10', '2024-07-01 16:52:10'),
(1237, 622, 78, '1', 3, 12, '2024-07-04 21:04:37', '2024-07-04 21:04:37'),
(1238, 978, 78, '1', 12, 67, '2024-07-04 21:05:18', '2024-07-04 21:05:18'),
(1239, 977, 78, '1', 15, 8, '2024-07-04 21:06:10', '2024-07-04 21:06:10'),
(1240, 1000, 78, '1', 2, 11, '2024-07-04 21:06:48', '2024-07-04 21:06:48'),
(1241, 1000, 78, '1', 5, 11, '2024-07-04 21:07:26', '2024-07-04 21:07:26'),
(1242, 9, 78, '1', 2, 67, '2024-07-04 21:08:31', '2024-07-04 21:08:31'),
(1243, 1002, 78, '1', 1, 67, '2024-07-04 21:09:02', '2024-07-04 21:09:02'),
(1244, 132, 90, '1', 200, 11, '2024-07-04 22:33:41', '2024-07-04 22:33:41'),
(1245, 23, 90, '1', 100, 11, '2024-07-04 22:34:40', '2024-07-04 22:34:40'),
(1246, 981, 90, '1', 500, 11, '2024-07-04 22:35:35', '2024-07-04 22:35:35'),
(1247, 1010, 90, '1', 100, 11, '2024-07-04 22:37:57', '2024-07-04 22:37:57'),
(1248, 978, 90, '1', 4, 67, '2024-07-04 22:38:21', '2024-07-04 22:38:21'),
(1249, 1011, 90, '1', 1, 67, '2024-07-04 22:39:26', '2024-07-04 22:39:26'),
(1250, 55, 90, '1', 1, 66, '2024-07-04 22:40:05', '2024-07-04 22:40:05'),
(1251, 466, 90, '1', 3, 8, '2024-07-04 22:40:28', '2024-07-04 22:40:28'),
(1252, 979, 90, '1', 400, 65, '2024-07-04 22:41:11', '2024-07-04 22:41:11'),
(1253, 9, 90, '1', 1, 7, '2024-07-04 22:41:31', '2024-07-04 22:41:31'),
(1254, 1012, 90, '1', 400, 11, '2024-07-04 22:42:49', '2024-07-04 22:42:49'),
(1255, 1013, 90, '1', 200, 11, '2024-07-04 22:46:07', '2024-07-04 22:46:07'),
(1256, 56, 90, '1', 1, 67, '2024-07-04 22:47:05', '2024-07-04 22:47:05'),
(1257, 1014, 91, '1', 5, 7, '2024-07-04 23:18:16', '2024-07-04 23:18:16'),
(1258, 978, 91, '1', 2, 67, '2024-07-04 23:18:47', '2024-07-04 23:18:47'),
(1259, 9, 91, '1', 1, 67, '2024-07-04 23:19:05', '2024-07-04 23:19:05'),
(1260, 972, 91, '1', 1, 67, '2024-07-04 23:19:26', '2024-07-04 23:19:26'),
(1261, 5, 91, '1', 1, 66, '2024-07-04 23:19:48', '2024-07-04 23:19:48'),
(1262, 23, 91, '1', 50, 11, '2024-07-04 23:20:12', '2024-07-04 23:20:12'),
(1263, 974, 91, '1', 325, 65, '2024-07-04 23:20:44', '2024-07-04 23:20:44'),
(1264, 8, 91, '1', 2, 67, '2024-07-04 23:23:56', '2024-07-04 23:23:56'),
(1265, 622, 91, '1', 200, 65, '2024-07-04 23:24:30', '2024-07-04 23:24:30'),
(1266, 1008, 91, '1', 250, 11, '2024-07-04 23:25:26', '2024-07-04 23:25:26'),
(1267, 1015, 92, '1', 1, 7, '2024-07-05 22:49:44', '2024-07-05 22:49:44'),
(1268, 974, 92, '1', 2, 7, '2024-07-05 22:50:20', '2024-07-05 22:50:20'),
(1269, 194, 92, '1', 1, 64, '2024-07-05 22:50:57', '2024-07-05 22:50:57'),
(1270, 4, 92, '1', 2, 8, '2024-07-05 22:51:35', '2024-07-05 22:51:35'),
(1271, 5, 92, '1', 1, 67, '2024-07-05 22:51:59', '2024-07-05 22:51:59'),
(1272, 928, 92, '1', 1, 67, '2024-07-05 22:55:57', '2024-07-05 22:55:57'),
(1273, 200, 92, '1', 1, 67, '2024-07-05 22:56:23', '2024-07-05 22:56:23'),
(1274, 995, 92, '1', 1, 66, '2024-07-05 22:56:47', '2024-07-05 22:56:47'),
(1275, 436, 92, '1', 1, 66, '2024-07-05 22:57:16', '2024-07-05 22:57:16'),
(1276, 51, 92, '1', 10, 11, '2024-07-05 22:57:48', '2024-07-05 22:57:48'),
(1277, 1016, 93, '1', 600, 11, '2024-07-07 11:33:39', '2024-07-07 11:33:39'),
(1278, 1017, 93, '1', 200, 11, '2024-07-07 11:37:29', '2024-07-07 11:37:29'),
(1279, 1018, 93, '1', 500, 11, '2024-07-07 11:38:24', '2024-07-07 11:38:24'),
(1280, 1018, 93, '1', 500, 11, '2024-07-07 11:44:29', '2024-07-07 11:44:29'),
(1281, 982, 93, '1', 200, 11, '2024-07-07 11:45:09', '2024-07-07 11:45:09'),
(1282, 1019, 93, '1', 1, 66, '2024-07-07 11:47:01', '2024-07-07 11:47:01'),
(1283, 1020, 93, '1', 500, 11, '2024-07-07 11:48:47', '2024-07-07 11:48:47'),
(1284, 1021, 93, '1', 0.5, 7, '2024-07-07 11:52:39', '2024-07-07 11:52:39'),
(1285, 1011, 93, '1', 1, 67, '2024-07-07 11:54:13', '2024-07-07 11:54:13'),
(1286, 1022, 93, '1', 1, 66, '2024-07-07 11:54:54', '2024-07-07 11:54:54'),
(1287, 949, 94, '1', 500, 11, '2024-07-08 23:08:07', '2024-07-08 23:08:07'),
(1288, 4, 94, '1', 1, 8, '2024-07-08 23:08:38', '2024-07-08 23:08:38'),
(1289, 3, 94, '1', 4, 67, '2024-07-08 23:09:40', '2024-07-08 23:09:40'),
(1290, 2, 94, '1', 4, 67, '2024-07-08 23:10:12', '2024-07-08 23:10:12'),
(1291, 5, 94, '1', 1, 67, '2024-07-08 23:10:36', '2024-07-08 23:10:36'),
(1292, 928, 94, '1', 1, 67, '2024-07-08 23:11:41', '2024-07-08 23:11:41'),
(1293, 995, 94, '1', 1, 66, '2024-07-08 23:12:09', '2024-07-08 23:12:09'),
(1294, 514, 94, '1', 10, 11, '2024-07-08 23:14:24', '2024-07-08 23:14:24'),
(1295, 950, 94, '1', 5, 11, '2024-07-08 23:15:37', '2024-07-08 23:15:37'),
(1296, 1023, 94, '1', 2, 8, '2024-07-08 23:17:57', '2024-07-08 23:17:57'),
(1297, 180, 94, '1', 2, 8, '2024-07-08 23:18:15', '2024-07-08 23:18:15'),
(1298, 1024, 94, '1', 2, 67, '2024-07-08 23:19:19', '2024-07-08 23:19:19'),
(1299, 8, 94, '1', 4, 7, '2024-07-08 23:23:59', '2024-07-08 23:23:59'),
(1300, 974, 94, '1', 1, 7, '2024-07-08 23:24:26', '2024-07-08 23:24:26'),
(1301, 261, 94, '1', 1, 66, '2024-07-08 23:25:11', '2024-07-08 23:25:11'),
(1302, 9, 94, '1', 15, 11, '2024-07-08 23:25:39', '2024-07-08 23:25:39'),
(1303, 954, 94, '1', 4, 67, '2024-07-08 23:28:47', '2024-07-08 23:28:47'),
(1304, 983, 94, '1', 2, 67, '2024-07-08 23:29:27', '2024-07-08 23:29:27'),
(1305, 3, 94, '1', 80, 65, '2024-07-08 23:30:09', '2024-07-08 23:30:09'),
(1306, 5, 94, '1', 5, 11, '2024-07-08 23:33:01', '2024-07-25 20:24:19'),
(1307, 972, 94, '1', 1, 66, '2024-07-08 23:33:38', '2024-07-08 23:33:38'),
(1308, 1008, 94, '1', 300, 11, '2024-07-08 23:34:20', '2024-07-08 23:34:20'),
(1309, 5, 95, '1', 2, 8, '2024-07-10 09:47:26', '2024-07-10 09:47:26'),
(1310, 79, 99, '1', 5, 8, '2024-07-17 13:27:18', '2024-07-17 13:27:18'),
(1311, 79, 99, '1', 5, 8, '2024-07-17 13:27:23', '2024-07-17 13:27:23'),
(1312, 23, 99, '1', 120, 11, '2024-07-17 13:29:58', '2024-07-17 13:29:58'),
(1313, 140, 99, '1', 120, 11, '2024-07-17 13:31:04', '2024-07-17 13:31:04'),
(1314, 9, 99, '1', 100, 11, '2024-07-17 13:31:55', '2024-07-17 13:31:55'),
(1315, 140, 99, '1', 1, 11, '2024-07-17 13:31:59', '2024-07-17 13:31:59'),
(1316, 140, 99, '1', 100, 11, '2024-07-17 13:32:00', '2024-07-17 13:32:00'),
(1317, 140, 99, '1', 0, 11, '2024-07-17 13:32:05', '2024-07-17 13:32:05'),
(1318, 140, 99, '1', 5, 11, '2024-07-17 13:32:06', '2024-07-17 13:32:06'),
(1319, 140, 99, '1', 50, 11, '2024-07-17 13:32:06', '2024-07-17 13:32:06'),
(1320, 660, 99, '1', 110, 65, '2024-07-17 13:32:39', '2024-07-17 13:32:39'),
(1321, 978, 99, '1', 1, 66, '2024-07-17 13:33:18', '2024-07-17 13:33:18'),
(1322, 55, 99, '1', 1, 66, '2024-07-17 13:33:37', '2024-07-17 13:33:37'),
(1323, 5, 99, '1', 1, 54, '2024-07-17 13:33:54', '2024-07-17 13:33:54'),
(1324, 51, 99, '1', 1, 66, '2024-07-17 13:34:31', '2024-07-17 13:34:31'),
(1325, 514, 99, '1', 1, 66, '2024-07-17 13:34:59', '2024-07-17 13:34:59'),
(1326, 7, 99, '1', 1, 66, '2024-07-17 13:35:21', '2024-07-17 13:35:21'),
(1327, 208, 99, '1', 1, 66, '2024-07-17 13:36:45', '2024-07-17 13:36:45'),
(1328, 1026, 99, '1', 1, 66, '2024-07-17 13:37:28', '2024-07-17 13:37:28'),
(1329, 8, 99, '1', 130, 11, '2024-07-17 13:38:19', '2024-07-17 13:38:19'),
(1330, 972, 99, '1', 2, 66, '2024-07-17 13:38:55', '2024-07-17 13:38:55'),
(1331, 1019, 99, '1', 1, 66, '2024-07-17 13:39:18', '2024-07-17 13:39:18'),
(1332, 5, 99, '1', 101, 54, '2024-07-17 13:39:49', '2024-07-17 13:39:49'),
(1333, 5, 99, '1', 2, 54, '2024-07-17 13:39:51', '2024-07-17 13:39:51'),
(1334, 622, 99, '1', 150, 65, '2024-07-17 13:40:16', '2024-07-17 13:40:16'),
(1335, 1027, 99, '1', 1, 54, '2024-07-17 13:41:03', '2024-07-17 13:41:03'),
(1336, 952, 42, '1', 1.5, 54, '2024-07-17 18:47:33', '2024-07-17 18:47:33'),
(1337, 622, 98, '1', 350, 65, '2024-07-17 22:53:37', '2024-07-17 22:53:37'),
(1338, 261, 98, '1', 1, 67, '2024-07-17 22:54:32', '2024-07-17 22:54:32'),
(1339, 9, 98, '1', 1, 67, '2024-07-17 22:54:47', '2024-07-17 22:54:47'),
(1340, 5, 98, '1', 5, 11, '2024-07-17 22:55:10', '2024-07-17 22:55:10'),
(1341, 8, 98, '1', 4, 7, '2024-07-17 23:03:26', '2024-07-17 23:03:26'),
(1342, 622, 98, '1', 1, 7, '2024-07-17 23:04:48', '2024-07-24 18:48:38'),
(1343, 1029, 98, '1', 1, 7, '2024-07-17 23:05:59', '2024-07-17 23:05:59'),
(1344, 622, 100, '1', 1, 7, '2024-07-18 22:42:40', '2024-07-18 22:42:40'),
(1345, 1030, 100, '1', 250, 11, '2024-07-18 22:45:14', '2024-07-18 22:45:14'),
(1346, 1031, 100, '1', 300, 11, '2024-07-18 22:54:47', '2024-07-18 22:54:47'),
(1347, 992, 100, '1', 200, 11, '2024-07-18 22:56:41', '2024-07-18 22:56:41'),
(1348, 1032, 100, '1', 100, 11, '2024-07-18 23:02:26', '2024-07-18 23:02:26'),
(1349, 132, 100, '1', 200, 11, '2024-07-18 23:03:01', '2024-07-18 23:03:01'),
(1350, 622, 100, '1', 1, 7, '2024-07-18 23:04:12', '2024-07-24 18:48:38'),
(1351, 1032, 100, '1', 50, 11, '2024-07-18 23:08:24', '2024-07-24 19:31:36'),
(1352, 687, 100, '1', 50, 11, '2024-07-18 23:08:39', '2024-07-18 23:08:39'),
(1353, 85, 100, '1', 50, 11, '2024-07-18 23:08:56', '2024-07-18 23:08:56'),
(1354, 1034, 100, '1', 50, 11, '2024-07-18 23:09:38', '2024-07-18 23:09:38'),
(1355, 1035, 100, '1', 50, 11, '2024-07-18 23:10:38', '2024-07-18 23:10:38'),
(1356, 1036, 101, '1', 1.25, 9, '2024-07-24 20:02:06', '2024-07-24 20:02:06'),
(1357, 988, 101, '1', 1, 9, '2024-07-24 20:02:24', '2024-07-24 20:02:24'),
(1358, 622, 103, '1', 1, 12, '2024-07-25 22:35:51', '2024-07-25 22:35:51'),
(1359, 9, 103, '1', 200, 11, '2024-07-25 22:40:10', '2024-07-25 22:40:10'),
(1360, 622, 104, '1', 325, 65, '2024-07-25 23:23:00', '2024-07-25 23:23:00'),
(1361, 261, 104, '1', 1, 67, '2024-07-26 00:02:33', '2024-07-26 00:02:33'),
(1362, 9, 104, '1', 1, 67, '2024-07-26 00:02:47', '2024-07-26 00:02:47'),
(1363, 5, 104, '1', 1, 66, '2024-07-26 00:03:01', '2024-07-26 00:03:01'),
(1364, 1, 106, '1', 200, 11, '2024-07-28 07:46:46', '2024-07-28 07:46:46'),
(1365, 945, 106, '1', 1, 64, '2024-07-28 07:47:05', '2024-07-28 07:47:05'),
(1366, 66, 107, '1', 200, 11, '2024-07-28 13:29:31', '2024-07-28 13:29:31'),
(1367, 1037, 107, '1', 3, 8, '2024-07-28 13:30:49', '2024-07-28 13:30:49'),
(1368, 4, 107, '1', 1, 8, '2024-07-28 13:31:16', '2024-07-28 13:31:16'),
(1369, 1032, 108, '1', 20, 8, '2024-07-28 13:53:11', '2024-07-28 13:53:11'),
(1370, 9, 108, '1', 200, 11, '2024-07-28 13:53:42', '2024-07-28 13:53:42'),
(1371, 1037, 108, '1', 2, 7, '2024-07-28 13:54:02', '2024-07-30 19:53:48'),
(1372, 8, 109, '1', 400, 11, '2024-07-30 13:09:18', '2024-07-30 13:09:18'),
(1373, 9, 109, '1', 100, 11, '2024-07-30 13:10:33', '2024-07-30 13:10:33'),
(1374, 23, 109, '1', 200, 11, '2024-07-30 13:11:01', '2024-07-30 13:11:01'),
(1375, 974, 109, '1', 7, 67, '2024-07-30 13:11:50', '2024-07-30 13:11:50'),
(1376, 1039, 109, '1', 1, 7, '2024-07-30 13:12:56', '2024-07-30 13:12:56'),
(1377, 55, 109, '1', 1, 66, '2024-07-30 13:13:17', '2024-07-30 13:13:17'),
(1378, 5, 109, '1', 1, 54, '2024-07-30 13:14:20', '2024-07-30 13:14:20'),
(1379, 1022, 109, '1', 1, 54, '2024-07-30 13:15:37', '2024-07-30 13:15:37'),
(1380, 3, 110, '1', 3, 67, '2024-07-30 13:46:45', '2024-07-30 13:46:45'),
(1381, 514, 110, '1', 1, 67, '2024-07-30 13:47:17', '2024-07-30 13:47:17'),
(1382, 926, 110, '1', 3, 69, '2024-07-30 13:48:02', '2024-07-30 13:48:02'),
(1383, 4, 110, '1', 1, 69, '2024-07-30 13:48:28', '2024-07-30 13:48:28'),
(1384, 114, 110, '1', 2, 69, '2024-07-30 13:50:11', '2024-07-30 13:50:11'),
(1385, 147, 110, '1', 2, 69, '2024-07-30 13:50:24', '2024-07-30 13:50:24'),
(1386, 1040, 110, '1', 2, 69, '2024-07-30 13:52:58', '2024-07-30 13:52:58'),
(1387, 1036, 110, '1', 300, 11, '2024-07-30 13:53:19', '2024-07-30 13:53:19'),
(1388, 525, 110, '1', 1, 7, '2024-07-30 13:54:29', '2024-07-30 13:54:29'),
(1389, 76, 110, '1', 1, 7, '2024-07-30 13:54:49', '2024-07-30 13:54:49'),
(1390, 143, 110, '1', 1, 7, '2024-07-30 13:55:38', '2024-07-30 13:55:38'),
(1391, 1041, 110, '1', 0.75, 7, '2024-07-30 13:56:36', '2024-07-30 13:56:36'),
(1392, 1041, 110, '1', 0.7, 7, '2024-07-30 13:56:46', '2024-07-30 13:56:46'),
(1393, 1041, 110, '1', 0, 7, '2024-07-30 13:56:50', '2024-07-30 13:56:50'),
(1394, 1041, 110, '1', 0, 7, '2024-07-30 13:56:53', '2024-07-30 13:56:53'),
(1395, 1041, 110, '1', 0, 7, '2024-07-30 13:56:58', '2024-07-30 13:56:58'),
(1396, 1041, 110, '1', 0.3, 7, '2024-07-30 13:57:32', '2024-07-30 13:57:32'),
(1397, 1042, 110, '1', 0.5, 7, '2024-07-30 13:58:54', '2024-07-30 13:58:54'),
(1398, 1024, 110, '1', 0.25, 7, '2024-07-30 13:59:16', '2024-07-30 13:59:16'),
(1399, 978, 110, '1', 1, 67, '2024-07-30 14:00:19', '2024-07-30 14:00:19'),
(1400, 1043, 110, '1', 1, 67, '2024-07-30 14:00:57', '2024-07-30 14:00:57'),
(1401, 1044, 110, '1', 1, 67, '2024-07-30 14:01:51', '2024-07-30 14:01:51'),
(1402, 1045, 110, '1', 1, 67, '2024-07-30 14:02:24', '2024-07-31 11:16:46'),
(1403, 140, 110, '1', 1, 67, '2024-07-30 14:03:02', '2024-07-30 14:03:02'),
(1404, 974, 110, '1', 1, 7, '2024-07-30 14:03:19', '2024-07-30 14:03:19'),
(1405, 945, 111, '1', 3, 69, '2024-07-30 14:36:12', '2024-07-30 14:36:12'),
(1406, 2, 111, '1', 0.25, 7, '2024-07-30 14:37:03', '2024-07-30 14:37:03'),
(1407, 5, 111, '1', 1, 54, '2024-07-30 14:37:17', '2024-07-30 14:37:17'),
(1408, 114, 111, '1', 1, 54, '2024-07-30 14:37:36', '2024-07-30 14:37:36'),
(1409, 23, 111, '1', 150, 11, '2024-07-30 14:37:52', '2024-07-30 14:37:52'),
(1410, 1008, 111, '1', 1, 7, '2024-07-30 14:38:13', '2024-07-30 14:38:13'),
(1411, 4, 111, '1', 1, 69, '2024-07-30 14:39:10', '2024-07-30 14:39:10'),
(1412, 926, 111, '1', 2, 69, '2024-07-30 14:39:32', '2024-07-30 14:39:32'),
(1413, 1046, 111, '1', 500, 11, '2024-07-30 14:40:06', '2024-07-30 14:40:06'),
(1414, 180, 111, '1', 1, 69, '2024-07-30 14:40:21', '2024-07-30 14:40:21'),
(1415, 927, 111, '1', 1, 67, '2024-07-30 14:40:43', '2024-07-30 14:40:43'),
(1416, 1047, 111, '1', 1, 66, '2024-07-30 14:41:20', '2024-07-30 14:41:20'),
(1417, 1048, 111, '1', 1, 66, '2024-07-30 14:41:58', '2024-07-30 14:41:58'),
(1418, 1049, 111, '1', 1, 66, '2024-07-30 14:42:30', '2024-07-30 14:42:30'),
(1419, 9, 111, '1', 1, 66, '2024-07-30 14:42:53', '2024-07-30 14:42:53'),
(1420, 1050, 111, '1', 0.5, 7, '2024-07-30 14:43:43', '2024-07-30 14:43:43'),
(1421, 208, 111, '1', 1, 54, '2024-07-30 14:44:13', '2024-07-30 14:44:13'),
(1422, 1051, 112, '1', 1500, 11, '2024-07-30 20:01:33', '2024-07-30 20:01:33'),
(1423, 2, 112, '1', 0.5, 7, '2024-07-30 20:01:58', '2024-07-30 20:01:58'),
(1424, 5, 112, '1', 2, 67, '2024-07-30 20:02:22', '2024-07-30 20:02:22'),
(1425, 56, 112, '1', 4, 69, '2024-07-30 20:03:20', '2024-07-30 20:03:20'),
(1426, 670, 112, '1', 8, 69, '2024-07-30 20:04:02', '2024-07-30 20:04:02'),
(1427, 17, 112, '1', 4, 69, '2024-07-30 20:04:22', '2024-07-30 20:04:22'),
(1428, 1011, 112, '1', 0.5, 7, '2024-07-30 20:04:55', '2024-07-30 20:04:55'),
(1429, 1052, 112, '1', 0.5, 7, '2024-07-30 20:07:15', '2024-07-30 20:07:15'),
(1430, 926, 112, '1', 1.5, 68, '2024-07-30 20:07:47', '2024-07-30 20:07:47'),
(1431, 1023, 112, '1', 1, 67, '2024-07-30 20:09:26', '2024-07-30 20:09:26'),
(1432, 436, 112, '1', 1, 66, '2024-07-30 20:09:53', '2024-07-30 20:09:53'),
(1433, 114, 112, '1', 1, 66, '2024-07-30 20:10:56', '2024-07-30 20:10:56'),
(1434, 806, 113, '1', 6, 8, '2024-08-04 10:32:06', '2024-08-04 10:32:06'),
(1435, 979, 113, '1', 2, 7, '2024-08-04 10:34:22', '2024-08-04 10:34:22'),
(1436, 1053, 113, '1', 0.5, 7, '2024-08-04 10:35:48', '2024-08-04 10:35:48'),
(1437, 1054, 113, '1', 2, 67, '2024-08-04 10:37:21', '2024-08-04 10:37:21'),
(1438, 5, 113, '1', 1, 54, '2024-08-04 10:37:40', '2024-08-04 10:37:40'),
(1439, 1055, 113, '1', 6, 67, '2024-08-04 10:39:02', '2024-08-04 10:39:02'),
(1440, 951, 113, '1', 1, 54, '2024-08-04 10:39:22', '2024-08-04 10:39:22'),
(1441, 751, 114, '1', 300, 11, '2024-08-04 10:49:05', '2024-08-04 10:49:05'),
(1442, 5, 114, '1', 1, 54, '2024-08-04 10:49:20', '2024-08-04 10:49:20'),
(1443, 971, 114, '1', 1, 54, '2024-08-04 10:49:33', '2024-08-04 10:49:33'),
(1444, 2, 114, '1', 2, 67, '2024-08-04 10:49:47', '2024-08-04 10:49:47'),
(1445, 23, 114, '1', 1, 67, '2024-08-04 10:51:11', '2024-08-04 10:51:11'),
(1446, 175, 114, '1', 1, 67, '2024-08-04 10:51:42', '2024-08-04 10:51:42'),
(1447, 1056, 114, '1', 1, 54, '2024-08-04 10:52:31', '2024-08-04 10:52:31'),
(1448, 56, 114, '1', 1, 8, '2024-08-04 10:52:48', '2024-08-04 10:52:48'),
(1449, 1011, 114, '1', 2, 67, '2024-08-04 10:53:00', '2024-08-04 10:53:00'),
(1450, 1022, 114, '1', 1, 54, '2024-08-04 10:53:51', '2024-08-04 10:53:51'),
(1451, 852, 114, '1', 2, 67, '2024-08-04 10:54:30', '2024-08-04 10:54:30'),
(1452, 1057, 114, '1', 2, 67, '2024-08-04 10:56:17', '2024-08-04 10:56:17'),
(1453, 955, 114, '1', 2, 67, '2024-08-04 10:56:33', '2024-08-04 10:56:33'),
(1454, 740, 114, '1', 1, 66, '2024-08-04 10:57:05', '2024-08-04 10:57:05'),
(1455, 1058, 115, '1', 6, 8, '2024-08-05 18:37:41', '2024-08-05 18:37:41'),
(1456, 1046, 116, '1', 500, 11, '2024-08-05 21:00:07', '2024-08-05 21:00:07'),
(1457, 4, 116, '1', 1, 8, '2024-08-05 21:00:36', '2024-08-05 21:00:36'),
(1458, 670, 116, '1', 1, 54, '2024-08-05 21:01:24', '2024-08-05 21:01:24'),
(1459, 5, 116, '1', 1, 54, '2024-08-05 21:01:40', '2024-08-05 21:01:40'),
(1460, 1052, 116, '1', 1, 54, '2024-08-05 21:02:07', '2024-08-05 21:02:07'),
(1461, 1059, 116, '1', 1, 54, '2024-08-05 21:02:28', '2024-08-05 21:02:28'),
(1462, 945, 116, '1', 2, 8, '2024-08-05 21:03:41', '2024-08-05 21:03:41'),
(1463, 17, 116, '1', 3, 8, '2024-08-05 21:04:07', '2024-08-05 21:04:07'),
(1464, 180, 116, '1', 2, 8, '2024-08-05 21:05:51', '2024-08-05 21:05:51'),
(1465, 2, 116, '1', 1, 67, '2024-08-05 21:06:31', '2024-08-05 21:06:31'),
(1466, 8, 116, '1', 2, 7, '2024-08-05 21:07:53', '2024-08-05 21:07:53'),
(1467, 3, 116, '1', 0.25, 7, '2024-08-05 21:08:21', '2024-08-05 21:08:21'),
(1468, 261, 116, '1', 1, 66, '2024-08-05 21:08:37', '2024-08-05 21:08:37'),
(1469, 9, 116, '1', 1, 66, '2024-08-05 21:08:50', '2024-08-05 21:08:50'),
(1470, 2, 117, '1', 2, 67, '2024-08-05 21:35:20', '2024-08-05 21:35:20'),
(1471, 4, 117, '1', 1, 8, '2024-08-05 21:36:05', '2024-08-05 21:36:05'),
(1472, 926, 117, '1', 2, 69, '2024-08-05 21:36:28', '2024-08-05 21:36:28'),
(1473, 180, 117, '1', 0.5, 8, '2024-08-05 21:37:02', '2024-08-05 21:37:02'),
(1474, 927, 117, '1', 0.5, 7, '2024-08-05 21:40:18', '2024-08-05 21:40:18'),
(1475, 1051, 117, '1', 2, 11, '2024-08-17 07:29:35', '2024-08-17 07:29:35');

-- --------------------------------------------------------

--
-- Table structure for table `tutorial_likes`
--

CREATE TABLE `tutorial_likes` (
  `id` bigint(20) NOT NULL,
  `tutorial_id` bigint(20) NOT NULL,
  `user_id` bigint(20) NOT NULL,
  `active_flag` char(1) NOT NULL,
  `created_at` timestamp NOT NULL DEFAULT current_timestamp() ON UPDATE current_timestamp(),
  `updated_at` timestamp NULL DEFAULT NULL
) ENGINE=InnoDB DEFAULT CHARSET=utf8mb4;

--
-- Dumping data for table `tutorial_likes`
--

INSERT INTO `tutorial_likes` (`id`, `tutorial_id`, `user_id`, `active_flag`, `created_at`, `updated_at`) VALUES
(2, 58, 309, '1', '2024-06-17 18:39:16', '2024-06-17 18:39:16'),
(4, 56, 309, '1', '2024-06-17 18:47:04', '2024-06-17 18:47:04'),
(5, 61, 309, '1', '2024-06-18 07:44:03', '2024-06-18 07:44:03'),
(6, 2, 309, '1', '2024-06-18 07:51:49', '2024-06-18 07:51:49'),
(7, 36, 430, '1', '2024-06-18 22:13:56', '2024-06-18 22:13:56'),
(8, 2, 430, '1', '2024-06-18 22:19:47', '2024-06-18 22:19:47'),
(9, 61, 442, '1', '2024-06-18 22:50:44', '2024-06-18 22:50:44'),
(14, 72, 435, '1', '2024-06-19 21:01:47', '2024-06-19 21:01:47'),
(15, 60, 435, '1', '2024-06-19 21:02:05', '2024-06-19 21:02:05'),
(16, 61, 435, '1', '2024-06-19 21:08:09', '2024-06-19 21:08:09'),
(17, 65, 435, '1', '2024-06-19 21:14:35', '2024-06-19 21:14:35'),
(18, 36, 309, '1', '2024-06-20 06:46:22', '2024-06-20 06:46:22'),
(19, 23, 309, '1', '2024-06-21 08:02:44', '2024-06-21 08:02:44'),
(20, 66, 309, '1', '2024-06-21 09:55:29', '2024-06-21 09:55:29'),
(21, 62, 309, '1', '2024-06-21 09:56:15', '2024-06-21 09:56:15'),
(26, 71, 435, '1', '2024-06-21 22:29:38', '2024-06-21 22:29:38'),
(27, 62, 344, '1', '2024-06-21 22:29:41', '2024-06-21 22:29:41'),
(33, 51, 435, '1', '2024-06-22 10:13:54', '2024-06-22 10:13:54'),
(34, 24, 435, '1', '2024-06-22 10:22:29', '2024-06-22 10:22:29'),
(36, 70, 455, '1', '2024-06-22 11:48:54', '2024-06-22 11:48:54'),
(37, 24, 456, '1', '2024-06-22 14:22:04', '2024-06-22 14:22:04'),
(41, 73, 309, '1', '2024-06-22 15:16:28', '2024-06-22 15:16:28'),
(42, 3, 309, '1', '2024-06-22 15:17:25', '2024-06-22 15:17:25'),
(43, 55, 309, '1', '2024-06-22 15:18:34', '2024-06-22 15:18:34'),
(45, 69, 454, '1', '2024-06-23 17:43:29', '2024-06-23 17:43:29'),
(46, 42, 454, '1', '2024-06-23 17:45:13', '2024-06-23 17:45:13'),
(48, 52, 454, '1', '2024-06-23 17:45:21', '2024-06-23 17:45:21'),
(50, 3, 454, '1', '2024-06-23 17:45:29', '2024-06-23 17:45:29'),
(64, 44, 454, '1', '2024-06-24 12:15:29', '2024-06-24 12:15:29'),
(65, 72, 454, '1', '2024-06-24 12:15:44', '2024-06-24 12:15:44'),
(66, 59, 344, '1', '2024-06-24 18:31:47', '2024-06-24 18:31:47'),
(70, 49, 435, '1', '2024-06-24 21:29:43', '2024-06-24 21:29:43'),
(80, 55, 435, '1', '2024-06-25 07:18:20', '2024-06-25 07:18:20'),
(81, 59, 435, '1', '2024-06-25 07:18:24', '2024-06-25 07:18:24'),
(82, 3, 453, '1', '2024-06-25 07:20:04', '2024-06-25 07:20:04'),
(83, 74, 453, '1', '2024-06-25 07:20:59', '2024-06-25 07:20:59'),
(86, 66, 458, '1', '2024-06-25 14:59:56', '2024-06-25 14:59:56'),
(88, 2, 459, '1', '2024-06-25 15:05:57', '2024-06-25 15:05:57'),
(89, 43, 453, '1', '2024-06-25 16:48:06', '2024-06-25 16:48:06'),
(90, 2, 453, '1', '2024-06-25 16:48:10', '2024-06-25 16:48:10'),
(91, 37, 453, '1', '2024-06-25 16:48:14', '2024-06-25 16:48:14'),
(92, 33, 381, '1', '2024-06-25 16:53:04', '2024-06-25 16:53:04'),
(99, 64, 435, '1', '2024-06-26 21:01:37', '2024-06-26 21:01:37'),
(100, 74, 435, '1', '2024-06-29 14:51:02', '2024-06-29 14:51:02'),
(101, 49, 459, '1', '2024-06-29 14:57:53', '2024-06-29 14:57:53'),
(102, 38, 459, '1', '2024-06-29 14:58:07', '2024-06-29 14:58:07'),
(103, 1, 459, '1', '2024-06-29 14:58:15', '2024-06-29 14:58:15'),
(106, 77, 435, '1', '2024-06-29 22:35:36', '2024-06-29 22:35:36'),
(108, 93, 430, '1', '2024-07-08 16:43:40', '2024-07-08 16:43:40'),
(109, 66, 453, '1', '2024-07-14 15:47:13', '2024-07-14 15:47:13'),
(113, 65, 459, '1', '2024-07-17 15:46:29', '2024-07-17 15:46:29'),
(115, 99, 459, '1', '2024-07-17 18:51:54', '2024-07-17 18:51:54'),
(117, 71, 453, '1', '2024-07-21 08:22:39', '2024-07-21 08:22:39'),
(118, 67, 430, '1', '2024-07-22 06:11:46', '2024-07-22 06:11:46'),
(120, 62, 430, '1', '2024-07-22 10:00:58', '2024-07-22 10:00:58'),
(121, 58, 490, '1', '2024-07-30 10:34:52', '2024-07-30 10:34:52'),
(123, 77, 490, '1', '2024-08-03 17:19:56', '2024-08-03 17:19:56'),
(124, 58, 453, '1', '2024-08-03 19:55:35', '2024-08-03 19:55:35');

-- --------------------------------------------------------

--
-- Table structure for table `tutorial_regional_cuisines`
--

CREATE TABLE `tutorial_regional_cuisines` (
  `id` bigint(20) NOT NULL,
  `cuisine_id` int(11) NOT NULL,
  `tutorial_id` bigint(20) NOT NULL,
  `active_flag` char(1) NOT NULL DEFAULT '1',
  `created_at` timestamp NULL DEFAULT NULL,
  `updated_at` timestamp NULL DEFAULT NULL
) ENGINE=InnoDB DEFAULT CHARSET=utf8mb4;

--
-- Dumping data for table `tutorial_regional_cuisines`
--

INSERT INTO `tutorial_regional_cuisines` (`id`, `cuisine_id`, `tutorial_id`, `active_flag`, `created_at`, `updated_at`) VALUES
(1, 9, 1, '1', NULL, NULL),
(2, 1, 4, '1', NULL, NULL),
(3, 1, 5, '1', NULL, NULL),
(5, 6, 7, '1', NULL, NULL),
(6, 6, 8, '1', NULL, NULL),
(7, 4, 9, '1', NULL, NULL),
(8, 2, 10, '1', NULL, NULL),
(9, 11, 11, '1', NULL, NULL),
(10, 5, 12, '1', NULL, NULL),
(11, 3, 13, '1', NULL, NULL),
(12, 5, 14, '1', NULL, NULL),
(14, 2, 16, '1', NULL, NULL),
(18, 8, 20, '1', NULL, NULL),
(19, 1, 21, '1', NULL, NULL),
(20, 6, 22, '1', NULL, NULL),
(21, 3, 23, '1', NULL, NULL),
(22, 9, 24, '1', NULL, NULL),
(24, 14, 26, '1', NULL, NULL),
(25, 5, 27, '1', NULL, NULL),
(26, 6, 28, '1', NULL, NULL),
(27, 3, 29, '1', NULL, NULL),
(28, 6, 30, '1', NULL, NULL),
(29, 8, 31, '1', NULL, NULL),
(30, 8, 32, '1', NULL, NULL),
(31, 14, 33, '1', NULL, NULL),
(32, 1, 34, '1', NULL, NULL),
(33, 3, 35, '1', NULL, NULL),
(34, 6, 36, '1', NULL, NULL),
(35, 1, 37, '1', NULL, NULL),
(36, 2, 38, '1', NULL, NULL),
(37, 7, 39, '1', NULL, NULL),
(38, 1, 40, '1', NULL, NULL),
(39, 4, 41, '1', NULL, NULL),
(40, 6, 42, '1', NULL, NULL),
(41, 5, 43, '1', NULL, NULL),
(42, 14, 44, '1', NULL, NULL),
(43, 3, 45, '1', NULL, NULL),
(44, 3, 46, '1', NULL, NULL),
(45, 5, 47, '1', NULL, NULL),
(46, 2, 48, '1', NULL, NULL),
(47, 1, 49, '1', NULL, NULL),
(48, 13, 50, '1', NULL, NULL),
(49, 1, 51, '1', NULL, NULL),
(50, 1, 52, '1', NULL, NULL),
(51, 12, 53, '1', NULL, NULL),
(52, 2, 54, '1', NULL, NULL),
(53, 1, 55, '1', NULL, NULL),
(54, 5, 56, '1', NULL, NULL),
(55, 5, 57, '1', NULL, NULL),
(56, 5, 58, '1', NULL, NULL),
(57, 5, 59, '1', NULL, NULL),
(58, 3, 60, '1', NULL, NULL),
(59, 5, 61, '1', NULL, NULL),
(60, 5, 62, '1', NULL, NULL),
(61, 5, 63, '1', NULL, NULL),
(62, 1, 64, '1', NULL, NULL),
(63, 2, 65, '1', NULL, NULL),
(64, 9, 66, '1', NULL, NULL),
(65, 9, 67, '1', NULL, NULL),
(66, 11, 68, '1', NULL, NULL),
(67, 11, 69, '1', NULL, NULL),
(68, 11, 70, '1', NULL, NULL),
(69, 10, 71, '1', NULL, NULL),
(70, 1, 72, '1', NULL, NULL),
(71, 10, 73, '1', NULL, NULL),
(72, 11, 74, '1', NULL, NULL),
(73, 1, 75, '1', NULL, NULL),
(74, 14, 76, '1', NULL, NULL),
(75, 11, 77, '1', NULL, NULL),
(76, 5, 2, '1', NULL, NULL),
(77, 4, 3, '1', NULL, NULL),
(78, 11, 78, '1', NULL, NULL),
(79, 1, 79, '1', NULL, NULL),
(80, 6, 80, '1', NULL, NULL),
(81, 5, 81, '1', NULL, NULL),
(82, 4, 82, '1', NULL, NULL),
(83, 1, 83, '1', NULL, NULL),
(84, 5, 84, '1', NULL, NULL),
(85, 5, 85, '1', NULL, NULL),
(86, 5, 86, '1', NULL, NULL),
(87, 1, 87, '1', NULL, NULL),
(88, 1, 88, '1', NULL, NULL),
(89, 1, 89, '1', NULL, NULL),
(90, 1, 90, '1', NULL, NULL),
(91, 3, 91, '1', NULL, NULL),
(92, 11, 92, '1', NULL, NULL),
(93, 1, 93, '1', NULL, NULL),
(94, 3, 94, '1', NULL, NULL),
(95, 1, 95, '1', NULL, NULL),
(98, 18, 98, '1', NULL, NULL),
(99, 1, 99, '1', NULL, NULL),
(100, 1, 100, '1', NULL, NULL),
(101, 1, 101, '1', NULL, NULL),
(102, 17, 102, '1', NULL, NULL),
(103, 1, 103, '1', NULL, NULL),
(104, 1, 104, '1', NULL, NULL),
(105, 1, 105, '1', NULL, NULL),
(106, 11, 106, '1', NULL, NULL),
(107, 6, 107, '1', NULL, NULL),
(108, 4, 108, '1', NULL, NULL),
(109, 11, 109, '1', NULL, NULL),
(110, 16, 110, '1', NULL, NULL),
(111, 18, 111, '1', NULL, NULL),
(112, 10, 112, '1', NULL, NULL),
(113, 12, 113, '1', NULL, NULL),
(114, 1, 114, '1', NULL, NULL),
(115, 11, 115, '1', NULL, NULL),
(116, 18, 116, '1', NULL, NULL),
(117, 1, 117, '1', NULL, NULL);

-- --------------------------------------------------------

--
-- Table structure for table `tutorial_steps`
--

CREATE TABLE `tutorial_steps` (
  `id` bigint(20) NOT NULL,
  `tutorial_id` bigint(20) NOT NULL,
  `step_sort` int(11) NOT NULL,
  `step_ref_id` int(11) NOT NULL,
  `title_en` varchar(25) DEFAULT NULL,
  `title_ar` varchar(25) DEFAULT NULL,
  `description_en` text DEFAULT NULL,
  `description_ar` text DEFAULT NULL,
  `step_media_path` varchar(255) DEFAULT NULL,
  `active_flag` char(1) NOT NULL DEFAULT '0',
  `created_at` timestamp NULL DEFAULT NULL,
  `updated_at` timestamp NULL DEFAULT NULL
) ENGINE=InnoDB DEFAULT CHARSET=utf8mb4;

--
-- Dumping data for table `tutorial_steps`
--

INSERT INTO `tutorial_steps` (`id`, `tutorial_id`, `step_sort`, `step_ref_id`, `title_en`, `title_ar`, `description_en`, `description_ar`, `step_media_path`, `active_flag`, `created_at`, `updated_at`) VALUES
(1, 1, 1, 1, 'Step 1', 'خطوة 1', 'step with image -test', 'خطوة مع الصورة - اختبار', 'step_media_path_96999.jpg', '1', '2024-04-12 17:19:58', '2024-06-19 08:11:03'),
(2, 4, 1, 1, 'Step 1', 'خطوة 1', 'Preheat Grill or Pan: If using a grill, preheat it to medium-high heat. If using a pan, preheat it over medium-high heat on the stove.', NULL, NULL, '1', '2024-04-13 14:09:00', '2024-04-13 14:09:00'),
(3, 4, 1, 1, 'Step 2', 'خطوة 2', 'Divide and Shape the Patties: Divide the ground beef into four equal portions. Shape each portion into a patty about 1/2 to 3/4 inch thick. Make sure not to overwork the meat, as this can make the burgers tough.', NULL, NULL, '1', '2024-04-13 14:09:19', '2024-04-13 14:09:19'),
(4, 4, 1, 1, 'Step 3', 'خطوة 3', 'Season the Patties: Season both sides of each patty generously with salt and pepper. You can also add any other seasonings or spices you like at this point, such as garlic powder, onion powder, or smoked paprika.', NULL, NULL, '1', '2024-04-13 14:09:46', '2024-04-13 14:09:46'),
(6, 8, 1, 1, 'Step 1', 'خطوة 1', 'heat the pan', NULL, NULL, '1', '2024-04-14 19:38:10', '2024-04-14 19:38:10'),
(7, 8, 1, 1, 'Step 2', 'خطوة 2', 'heat the pan', NULL, 'step_media_path_92974.PNG', '1', '2024-04-14 19:38:47', '2024-04-14 19:38:47'),
(8, 9, 1, 1, 'Step 1', 'خطوة 1', 'gg', NULL, NULL, '1', '2024-04-19 11:10:27', '2024-04-19 11:10:27'),
(10, 9, 1, 1, 'Step 2', 'خطوة 2', 'sdsdsd', NULL, NULL, '1', '2024-04-19 23:05:39', '2024-04-19 23:05:39'),
(11, 10, 1, 1, 'Step 2', 'خطوة 2', 'hjhjajjs', NULL, NULL, '1', '2024-04-19 23:07:01', '2024-04-19 23:07:01'),
(12, 11, 1, 1, 'Step 1', 'خطوة 1', NULL, 'حفر الكوسا', NULL, '1', '2024-04-29 19:52:27', '2024-05-02 17:51:27'),
(13, 12, 1, 1, 'Step 1', 'خطوة 1', 'step 1', 'خطوة', 'step_media_path_34641.png', '1', '2024-05-05 20:39:44', '2024-05-05 20:39:44'),
(14, 14, 1, 1, 'Step 1', 'خطوة 1', 'Heat', NULL, NULL, '1', '2024-05-05 21:25:43', '2024-05-05 21:25:43'),
(16, 16, 1, 1, 'Step 1', 'خطوة 1', 'aaa', NULL, NULL, '1', '2024-05-05 21:41:52', '2024-05-05 21:41:52'),
(17, 20, 1, 1, 'Step 1', 'خطوة 1', 'SODSOHSO', NULL, 'step_media_path_21226.mp4', '1', '2024-05-08 15:34:45', '2024-05-08 15:34:45'),
(18, 20, 1, 1, 'Step 2', 'خطوة 2', NULL, 'ؤينة  نيةنيةرن ينىؤنيىرنيىر ينرنيرنيرنيرنية', 'step_media_path_96273.mp4', '1', '2024-05-08 15:35:07', '2024-05-08 15:35:07'),
(19, 21, 1, 1, 'Step 1', 'خطوة 1', 'DDDFJHEDFKJGKD', NULL, 'step_media_path_15571.JPG', '1', '2024-05-12 12:20:47', '2024-05-12 12:20:47'),
(20, 21, 1, 1, 'Step 2', 'خطوة 2', 'DFGHJK', NULL, 'step_media_path_79139.JPG', '1', '2024-05-12 12:21:20', '2024-05-12 12:21:20'),
(21, 21, 1, 1, 'Step 3', 'خطوة 3', 'DGHJK', NULL, 'step_media_path_96450.MP4', '1', '2024-05-12 12:22:20', '2024-05-12 12:22:20'),
(22, 23, 1, 1, 'Step 1', 'خطوة 1', '- Rinse the rice in boiled water for 15 minutes', 'انقع الرز لمدة ربع ساعة في الماء المغلي', NULL, '1', '2024-05-12 21:02:38', '2024-05-12 21:02:38'),
(23, 23, 1, 1, 'Step 2', 'خطوة 2', '- Rinse the rice in boiled water for 15 minute', 'انقع الرز لمدة ربع ساعة في الماء المغلي', NULL, '1', '2024-05-13 14:38:43', '2024-05-13 14:38:43'),
(24, 23, 1, 1, 'Step 3', 'خطوة 3', '- Rinse the rice in boiled water for 15 minutes', 'انقع الرز لمدة ربع ساعة في الماء المغلي', NULL, '1', '2024-05-13 14:38:52', '2024-05-13 14:38:52'),
(25, 31, 1, 1, 'Step 1', 'خطوة 1', 'desc 1', NULL, NULL, '1', '2024-05-15 11:47:38', '2024-05-15 11:47:38'),
(26, 26, 1, 1, 'Step 1', 'خطوة 1', 'asas', NULL, NULL, '1', '2024-05-15 12:30:23', '2024-05-15 12:30:23'),
(29, 32, 1, 1, 'Step 2', 'خطوة 2', 'final', NULL, NULL, '1', '2024-05-15 21:39:51', '2024-05-15 21:40:55'),
(30, 34, 1, 1, 'Step 1', 'خطوة 1', 'test step text', NULL, NULL, '1', '2024-05-18 06:44:33', '2024-05-18 06:44:33'),
(31, 34, 1, 1, 'Step 2', 'خطوة 2', 'test text+imag', NULL, 'step_media_path_14229.png', '1', '2024-05-18 06:44:57', '2024-05-18 06:44:57'),
(32, 34, 1, 1, 'Step 3', 'خطوة 3', 'test text +video', NULL, 'step_media_path_87552.mp4', '1', '2024-05-18 06:45:29', '2024-05-18 06:45:29'),
(33, 35, 0, 0, NULL, NULL, 'dfghjk', NULL, NULL, '1', '2024-05-18 11:53:29', '2024-05-18 11:53:29'),
(34, 34, 0, 0, NULL, NULL, 'dfghj', NULL, NULL, '1', '2024-05-18 11:54:50', '2024-05-18 11:54:50'),
(35, 36, 1, 1, 'Step 1', 'خطوة 1', NULL, 'نضع الرز بالماء', NULL, '1', '2024-05-20 08:29:42', '2024-05-20 08:29:42'),
(36, 37, 1, 1, 'Step 1', 'خطوة 1', 'test video', NULL, 'step_media_path_43995.mp4', '1', '2024-05-23 18:01:50', '2024-05-23 18:01:50'),
(37, 37, 1, 1, 'Step 2', 'خطوة 2', 'test txt only', NULL, 'step_media_path_30619.mp4', '1', '2024-05-23 18:02:38', '2024-05-23 18:02:38'),
(38, 37, 1, 1, 'Step 3', 'خطوة 3', 'test image', NULL, 'step_media_path_46748.jpeg', '1', '2024-05-23 18:03:16', '2024-05-23 18:03:16'),
(39, 38, 1, 1, 'Step 1', 'خطوة 1', 'cvbn', NULL, NULL, '1', '2024-05-25 07:47:15', '2024-05-25 07:47:15'),
(41, 39, 1, 1, 'Step 1', 'خطوة 1', 'jjj', 'نحضر صدور الدجاج ونقطعها إلى قطع مربع ومن ثم نظف عليها البهارات الملح الفلفل الكشميري بودرة الكزبرة وا معجون', NULL, '1', '2024-05-26 08:50:17', '2024-06-09 20:26:15'),
(42, 39, 1, 1, 'Step 2', 'خطوة 2', 'kk', 'نقطع الزنجبيل إلى حلقات  البصل  والثوم والبصل ومن ثم نضع عليها معجون الطماطم ونضع الكركم مسالا ثم الفلفل الحار والكاجو ونضع هم كلهم في المقلاه نخلطهم معا نضيف الزيت إلى الخليط', NULL, '1', '2024-05-26 09:14:42', '2024-06-09 20:26:21'),
(43, 39, 1, 1, 'Step 3', 'خطوة 3', NULL, 'نخلط الخليط مع الدجاج وننتظر لمدة 5 دقائق ومن ثم نضيف الخليط المعجون إلى المكلا ومن ثم نضع هم وأنا انتظر لمدة 10 دقائق', 'step_media_path_41378.mp4', '1', '2024-05-26 09:15:58', '2024-05-26 09:15:58'),
(59, 40, 1, 1, 'Step 1', 'خطوة 1', NULL, 'نقطع الارنب إربا إربا بعد رمي أذنيه', NULL, '1', '2024-05-26 16:57:52', '2024-05-26 16:57:52'),
(68, 38, 1, 1, 'Step 2', 'خطوة 2', 'sss', NULL, 'step_media_path_63103.png', '1', '2024-05-26 17:15:24', '2024-05-26 17:15:24'),
(72, 38, 1, 1, 'Step 5', 'خطوة 5', 'Mix the meet with butter steer the mix clockwise under water with orange juice', 'نمزج اللحم مع عصير البرتقال باتجاه عقارب الساعة تحت الماء', 'step_media_path_72443.jpeg', '1', '2024-05-26 22:03:14', '2024-05-26 22:03:14'),
(73, 38, 1, 1, 'Step 6', 'خطوة 6', 'put the in the fridge for 5 hours.', NULL, NULL, '1', '2024-05-26 22:03:54', '2024-05-26 22:03:54'),
(74, 38, 1, 1, 'Step 7', 'خطوة 7', 'kljhsakljhfskljsdahfk', NULL, 'step_media_path_17794.mp4', '1', '2024-05-26 22:04:28', '2024-05-26 22:04:28'),
(75, 42, 1, 1, 'Step 1', 'خطوة 1', 'dsdsdssdsdsdsd', 'null', 'step_media_path_12654.mp4', '1', '2024-05-26 22:22:13', '2024-05-26 22:23:10'),
(76, 42, 1, 1, 'Step 2', 'خطوة 2', 'dsdssdsdsddsdsdsdsds', 'null', 'step_media_path_13335.mp4', '1', '2024-05-26 22:22:23', '2024-05-26 22:23:12'),
(77, 42, 1, 1, 'Step 3', 'خطوة 3', 'sasasasa', NULL, 'step_media_path_99917.mp4', '1', '2024-05-26 22:23:43', '2024-05-26 22:23:43'),
(78, 42, 1, 1, 'Step 4', 'خطوة 4', 'sdsds', NULL, NULL, '1', '2024-05-26 22:23:50', '2024-05-26 22:23:50'),
(79, 43, 1, 1, 'Step 1', 'خطوة 1', NULL, 'نضع السميد في صحن وما ثم نظيف عليه جوز الهند والسمن ومن ثم نضيف الحليب الساخن إليه ونعجن الخليط', NULL, '1', '2024-05-27 14:57:15', '2024-05-27 14:57:15'),
(80, 43, 1, 1, 'Step 2', 'خطوة 2', NULL, 'نضعه الصينيه في الفرن على درجه حراره١٨٠   لمده ٢٠ دقيقه', NULL, '1', '2024-05-27 14:58:32', '2024-05-27 14:58:32'),
(81, 43, 1, 1, 'Step 3', 'خطوة 3', NULL, 'وبعد ذلك نضيف إليه الحليب المكثف المحلى و نغطيها بالشوكلاه المذابه حسب الرغبه و جوز الهند', NULL, '1', '2024-05-27 15:00:14', '2024-05-27 15:00:14'),
(82, 44, 1, 1, 'Step 1', 'خطوة 1', NULL, 'أذب الزبدة في قدر كبير', NULL, '1', '2024-05-28 07:04:15', '2024-05-28 07:04:15'),
(83, 46, 1, 1, 'Step 1', 'خطوة 1', 'Lorem Ipsum is simply dummy text of the printing and typesetting industry. Lorem Ipsum has been the industry\'s standard dummy text ever since the 1500s, when an unknown printer took a galley of type and scrambled it to make a type specimen book. It has survived not only five centuries, but also the leap into electronic typesetting, remaining essentially unchanged. It was popularised in the 1960s with the release of Letraset sheets containing Lorem Ipsum passages, and more recently with desktop publishing software like Aldus PageMaker including versions of Lorem Ipsum.', 'إذ أخر رئيس حكومة فشكّل. أوزار العالمي بعد بـ. بلا هو أمدها رجوعهم, الضروري أفريقيا اقتصادية ما كلا. المزيفة الأهداف بين أم. دار بـ الله بقيادة العالمي, لها هنا؟ واحدة ثم. حاول بالإنزال كل به،.\r\n\r\nإذ قام مسؤولية ابتدعها اسبوعين, شرسة ماليزيا، ضرب قد. مسرح لغات لها إذ, بالحرب المتاخمة المعاهدات عن الى, فكان الخاصّة ليتسنّى أن وتم. أخرى المزيفة بـ كان. القادة لإعادة و كما.\r\n\r\nتصفح ويتّفق الواقعة بال أم, من بقصف تكاليف لإنعدام حتى, كل هاربر الإقتصادي كان. بعد منتصف مهمّات مليارات أي. في هذه لإنعدام وايرلندا الإقتصادي. فصل بـ نقطة بالعمل مقاطعة, الدمج وصغار الخاطفة الا كل, وقامت باستخدام بها إذ. للصين التخطيط على أي. هذا تكتيكاً التحالف أم.\r\n\r\nعلى وبعد واتّجه وقدّموا ٣٠, عل هذه أدنى لإعلان. غير ونتج القادة قُدُماً ما, كل حقول ثانية واقتصار بحث. قد دون السادس لإنعدام, مع وتم شاسعة والعتاد الساحلية. كُلفة والحزب الشتوية أخذ و, العظمى لبلجيكا، و عدم, لدحر مساعدة والمانيا أي كان. عدم إحتار الإقتصادية ثم. بل مدينة السيء دنو.\r\n\r\nالى إجلاء مساعدة الخاطفة أن, به، في بقصف وجهان الشّعبين. أما لهذه المتساقطة، ٣٠. عل دأبوا التكاليف حين. ان وفي الشتاء، الأوضاع, تونس تاريخ وزارة مدن عن, مكن سقطت الساحة ما. خطّة بالرّد وقوعها، بال بل. الصعداء البشريةً من جُل. أمدها لمحاكم استطاعوا لم به،.\r\n\r\nلمّ ثم الإمداد الأبرياء, قد بعض تنفّس القادة, ان ومضى ساعة والمانيا مكن. هو وتم الغالي لإنعدام الأمريكي, عل هامش أدوات يتسنّى حتى. إيو وبعد الإتفاقية بل, سكان إحكام كانتا بحث عن. مسارح أوروبا أما هو, و تعد الصفحة وأكثرها الأسيوي.\r\n\r\nفي سكان الإنذار، يبق, جورج إحكام الإقتصادي بل أضف. شموليةً الانجليزية أم ومن, نفس بـ يتبقّ العدّ, أن السبب وهولندا، أما. إذ ثمّة التقليدية ذلك, في وفي دأبوا بقسوة أعمال. أي المسرح حاملات الاندونيسية لكل, أي المبرمة الإثنان دول, كثيرة أوروبا ارتكبها دار أي. يتم مع الإثنان الإتفاقية, وفي بل صفحة إنطلاق.\r\n\r\nالجو البرية الإطلاق لم كان. أحكم الإقتصادي بل حول, حاول مارد اتّجة عل يبق, وبعد الإنزال لإنعدام تم عرض. والكساد التّحول الإقتصادي أي نفس, بلا أحكم وتنامت والمعدات قد, من أوروبا جزيرتي كلّ. دول بلاده الإطلاق والروسية و.\r\n\r\nواقتصار بالإنزال فقد بـ, دول أم وباءت شموليةً, ٣٠ أضف اعتداء اليابانية. تم لمّ الباهضة المنتصر الأثنان, عملية أعمال تلك ٣٠. إيو وحتّى اقتصادية الإكتفاء بل, أضف وبالرغم والفلبين لم. وقرى تسبب الحيلولة لكل إذ, حين بـ وحتى الشرقي العالمية, موالية الأعمال مدن قد. سياسة والتي الأمريكي من لان. لكل أن يعادل التقليدية, في ذات انتهت جزيرتي الدولارات, ثم تحت تنفّس سبتمبر.\r\n\r\nولم لم وكسبت الأثناء،. مما هو أعمال لإعادة ممثّلة. أن يعبأ الطريق الا. شيء زهاء فكانت التكاليف أم, بل لمّ للسيطرة المعاهدات.', NULL, '1', '2024-05-29 19:28:31', '2024-05-29 19:28:31'),
(84, 49, 1, 1, 'Step 1', 'خطوة 1', NULL, 'نضع كوبين من الطحين', NULL, '1', '2024-06-05 16:32:01', '2024-06-05 16:32:01'),
(85, 49, 1, 1, 'Step 2', 'خطوة 2', NULL, 'نضيف الحليب', NULL, '1', '2024-06-05 16:32:11', '2024-06-05 16:32:11'),
(86, 50, 1, 1, 'Step 1', 'خطوة 1', '1. sdfk;xcv l vls l;edvfdcsd ;lb;lsk fdflkbvl;sdvfvbl; sdl;k fg;ldvkcb s;edf l;dfk ;lsdkf sdf;gk \r\n2. sdkvx c; dl;fvbk ds; fgb;ls ;ksdfvg l;kdv ;lsedf ;lksdf ;ls f\r\nkl;sdv xcl;se fl;ksdf l;sdf \';ldsf \r\ns dkl;fgsdv \r\n sdkl;fms d', 'يسبءؤر سيب ؤءرلا سيبلؤرلا\r\n لءؤر\r\n لايبل يبلا \r\n بؤريلا س بيب\r\nلا ي سي ليب\r\nر سيريب \r\nبسي ريبرلا \r\nسي بسيبل\r\n يسبل يبل \r\nسيقب ليبلا ؤر', NULL, '1', '2024-06-08 15:33:28', '2024-06-08 15:33:28'),
(87, 50, 1, 1, 'Step 2', 'خطوة 2', 'cxv  flvdc,b sd dfb;\'lsd vcb;l sdl;ggkm gfg;k sdflgdfl;g k', 'شسيب ءؤرث يبللاسيب رسل قيءبؤلا يبسلسيب ءبرلا سيصثل يؤبرلا يبل يبلاي', NULL, '1', '2024-06-08 15:34:16', '2024-06-08 15:34:16'),
(88, 50, 1, 1, 'Step 3', 'خطوة 3', 'sdfg dfsfg sdfgh sdfggsd', 'شس يقلبيبلا يبللا يب لسيب سيب سيب', NULL, '1', '2024-06-08 15:34:23', '2024-06-08 15:34:23'),
(89, 50, 1, 1, 'Step 4', 'خطوة 4', 'dfg dfs bsdfg dfg dfsg sdfg sfd', 'يبسل يب ليبل يبل يقسلسيبل يبسل سيب ايسبا', NULL, '1', '2024-06-08 15:34:28', '2024-06-08 15:34:28'),
(90, 50, 1, 1, 'Step 5', 'خطوة 5', 'sdfg sdfg sdfh sdfh sfg hsdfgg hsdfg', 'سشب سيل سيبلاس بيابلسا سيب ساس', NULL, '1', '2024-06-08 15:34:32', '2024-06-08 15:34:32'),
(91, 50, 1, 1, 'Step 6', 'خطوة 6', 'sdf df ghsdfg hfgsh fgshnsfg rhtyjm hjk dzs', 'سقل بس افلان غعتنمتعغمليابيللابيسئ لالا مخ', NULL, '1', '2024-06-08 15:34:39', '2024-06-08 15:34:39'),
(92, 50, 1, 1, 'Step 7', 'خطوة 7', 'srg sthsfh dtyjkgtukhgnfxcngsfr', 'يبل سيبلا قغت يفغت بلاىلب لابسيل لا', NULL, '1', '2024-06-08 15:34:46', '2024-06-08 15:34:46'),
(93, 50, 1, 1, 'Step 8', 'خطوة 8', 'sdf dvb dfbfdg bxcvb ertghdrag df h', 'شسيق ليقبل اسيب ابلسي ابلسلاى رؤء لا', NULL, '1', '2024-06-08 15:34:52', '2024-06-08 15:34:52'),
(94, 50, 1, 1, 'Step 9', 'خطوة 9', 'drfg asdfg dfbsdfgb sdfb sdfgb sdfgb', 'يبسل بلى بللا ثقل يبسلايبءؤرلا بلس لابلسلا', NULL, '1', '2024-06-08 15:34:57', '2024-06-08 15:34:57'),
(95, 50, 1, 1, 'Step 10', 'خطوة 10', 'wesf adg ertgh dfhnfghn fgn fgsdb sdf gق', 'يقل شيبل يبشل شثيقبل يقشبل شيق', NULL, '1', '2024-06-08 15:35:02', '2024-06-08 15:35:02'),
(96, 50, 1, 1, 'Step 11', 'خطوة 11', 'ser gfadrs gdfg adfg fddfzcxg bzxcv', 'يقشل يبشل شبيل لايبشلار بشير شسيقب رشثق لف', NULL, '1', '2024-06-08 15:35:08', '2024-06-08 15:35:08'),
(97, 51, 1, 1, 'Step 1', 'خطوة 1', 'We bring the butter to room temperature, beat it with a whisk, then put the cheese on it in triangles, then the sugar, and then stir with a silicone spoon, for example.\r\nThen add the flour gradually and knead by hand until it reaches a cohesive consistency\r\nThen I make circles, prepare the dough, stuff it, and make the shape, not with a mold, not with pattern tongs, and bake it at 200 degrees on both sides, leaving it golden in color.\r\nTo make the dough tender, add some oil or butter and a sprinkle of cardamom to it', 'بنخلي الزبدة بحرارة الغرفه بخفها بالخفاقة وبعدها بحط عليها الجبنه المثلثات وبعدها السكر وبسير احرك بمعلقة سلكون مثلا\r\nبعدها بنزل الطحين بالتدريج وبعجن بالايد لحد ما يوصل لقوام متماسك\r\nبعدها بعملو دوائر وبجهز العجوة وبحشيها وبعمل الشكل لا بقالب لا بملقط النقش وبحضيها وبخبزو عحرارة ٢٠٠ من الجهتين وبخلي لونها دهبي\r\nلعجوة عضان تطرا بحط عليها شوي زيت او زبدة ورشة هال', NULL, '1', '2024-06-09 20:34:50', '2024-06-09 20:34:50'),
(98, 53, 1, 1, 'Step 1', 'خطوة 1', 'Spread the butter on the bread', NULL, NULL, '1', '2024-06-09 21:22:23', '2024-06-09 21:22:23'),
(99, 52, 1, 1, 'Step 1', 'خطوة 1', 'Step 1 buy lean good quality meat (tenderloin )\r\nStep 2 cut 1 to 1 1/2 centimeters pieces put meat between plastic covers\r\nStep 3 drizzle some olive oil\r\nStep 4 flatten the meat as thinly as possible\r\nStep 5 place on top of your favorite greens \r\nDrizzle with pesto & balsamic vinegar', 'الخطوة الأولى: شراء اللحوم الخالية من الدهون ذات النوعية الجيدة (لحم المتن)\r\nالخطوة 2 قطع قطع من 1 إلى 1 1/2 سم ووضع اللحم بين الأغطية البلاستيكية\r\nالخطوة 3 رش بعض زيت الزيتون\r\nالخطوة 4: قم بتسوية اللحم إلى أقصى درجة ممكنة\r\nالخطوة 5 ضعها فوق الخضار المفضلة لديك   \r\nرش مع البيستو والخل البلسمي', NULL, '1', '2024-06-09 21:35:21', '2024-06-09 21:35:21'),
(100, 54, 1, 1, 'Step 1', 'خطوة 1', 'Two letters bas', NULL, NULL, '1', '2024-06-09 21:42:55', '2024-06-09 21:42:55'),
(101, 55, 1, 1, 'Step 1', 'خطوة 1', 'In a medium bowl, place the egg whites with the brown sugar, and stir well.\r\nAfter continuous stirring using the hand mixer, the sugar dissolves completely with the eggs.\r\nThen, add the flour with 4 tablespoons of milk, then liquid butter, vanilla, and a pinch of salt.\r\nWork on mixing all the ingredients by hand until you get a homogeneous and soft consistency.\r\nIn a frying pan over low heat, put half a cup of the mixture, then spread it on the surface until the fish is thin.\r\nAfter the underside is cooked, turn the biscuits over to the other side.\r\nHold the biscuit while it is hot, roll it into a cone and secure it.\r\nRepeat the same steps until the quantity runs out, and you get delicious ice cream cookies.', 'في وعاء متوسط، يتم وضع بياض البيض مع السكر البني، والتقليب جيدا.\r\nبعد التقليب المستمر باستخدام المضرب اليدوي، يذور السكر مع البيض تماما.\r\nحينها، يتم إضافة الدقيق مع 4 ملاعق من الحليب ثم الزبدة السائلة والفانيليا ورشة من الملح.\r\nالعمل على خلط كل المكونات يدويا، حتى الحصول على قوام متجانس ولين.\r\nفي مقلاة على نار هادئة، يتم وضع مقدار نصف كوب من المزيج، ثم فرده على السطح حتى يكون رقيق السمك.\r\nبعد أن ينضج الجانب السفلي، يتم قلب البسكريت على الجانب الآخر.\r\nالإمساك بالبسكويت وهو ساخن، ولفه بشكل مخروطي وتثبيته.\r\nتكرار نفس الخطوات حتى تنتهي الكمية، والحصول على بكويت الآيس كريم الشهي.', NULL, '1', '2024-06-09 22:36:49', '2024-06-09 22:36:49'),
(103, 56, 1, 1, 'Step 1', 'خطوة 1', 'Step 1\r\nPreheat the oven to 175°C and place the oven rack in the middle level.\r\nStep 2\r\nSprinkle the eggplant pieces with salt and let the juices drain.\r\nStep 3\r\nHeat vegetable oil in a deep frying pan, dry the eggplant and fry in batches until golden. Leave it aside and let the excess oil drain.\r\nStep 4\r\nIn the same pan, heat olive oil in a frying pan over medium heat and fry the onion until soft, add the garlic and tomato paste and cook for another 1-2 minutes.\r\nStep five\r\nAdd crushed tomatoes, hot water, MAGGI Chicken Broth, red pepper and rosemary and simmer over medium heat for 15 minutes.\r\nStep six\r\nIn a mixing bowl, combine the feta cheese, ricotta cheese, cream, parsley and olives and mix gently.Step 7\r\nSpoon 3-4 tablespoons of tomato sauce into the bottom of the baking tray. Add a layer of lasagna sheets, sprinkle with 1/3 of the fried eggplant, 6-7 tablespoons of tomato sauce and cheese mixture, layer another row of lasagna sheets and repeat with remaining ingredients.\r\nStep 8\r\nSprinkle the top with grated Parmesan cheese and bake in the oven for 30-40 minutes until cooked through and the cheese is slightly golden on top.', 'الخطوة 1\r\nيسخن الفرن إلى 175 درجة مئوية ويوضع رف الفرن في منتصف المستوى.\r\nالخطوة 2\r\nتُرش قطع الباذنجان بالملح وتترك العصائر تصرّ.\r\nالخطوه 3\r\nيُسخن الزيت النباتي في مقلاة عميقة ويُجفف الباذنجان ويُقلى على دفعات حتى يصبح ذهبيًا. يُترك جانباً ويُترك الزيت الفائض يُفرغ.\r\nوراق اللازانيا ، ورشي 1/3 من الباذنجان المقلي ، 6-7 ملاعق من صلصة الطماطم وخليط الجبن ، وطبقي صفًا آخر من أوراق اللازانيا وكرري المكونات المتبقية.\r\nالخطوة 8\r\nيُرش الجزء العلوي بجبنة البارميزان المبشورة ويخبز في الفرن لمدة 30-40 دقيقة حتى ينضج بالكامل والجبن ذهبي قليلاً في الأعلى.الخطوة 4\r\nفي نفس المقلاة ، يُسخن زيت الزيتون في مقلاة على نار متوسطة الحرارة ويُقلى البصل حتى يصبح طريًا ، يُضاف الثوم ومعجون الطماطم ويُطهى لمدة 1-2 دقيقة أخرى.\r\nالخطوة الخامسة\r\nأضيفي الطماطم المسحوقة والماء الساخن ومرق الدجاج ماجي والفلفل الأحمر وإكليل الجبل واتركيها على نار متوسطة لمدة 15 دقيقة.\r\nالخطوة السادسة\r\nفي وعاء خلط ، اخلط جبن الفيتا ، جبنة الريكوتا ، الكريمة ، البقدونس والزيتون وامزجها برفق.\r\nالخطوة 7\r\nتُسكب ملعقة من 3-4 ملاعق كبيرة من صلصة الطماطم في قاع صينية الخبز. أضيفي طبقة من أ', NULL, '1', '2024-06-09 23:19:49', '2024-06-09 23:19:49'),
(104, 57, 1, 1, 'Step 1', 'خطوة 1', 'Place the eggs and vanilla in the electric mixer and beat them well.\r\n\r\n- Add 2 cups of yogurt and whisk them again.\r\n\r\nWe use empty yogurt cups to prepare the amounts of sugar and flour, adding a cup of sugar to the size of an empty yogurt cup, and whisking them again until the sugar dissolves and blends with the mixture.\r\n\r\nMix 4 cups of flour to the size of the previous cup of yogurt with a bag of baking powder, then add them to the previous mixture gradually and whisk well. We can continue mixing using a hand mixer if we notice that the mixture has become thick on the electric mixer.\r\n\r\n- We prepare a cake tray and grease it with a little oil, then a layer of flour so that the raw materials do not stick to it, and put the cake mixture in it.\r\n\r\n- Place it in the oven at 180 degrees for approximately 45 minutes, or until cooked.', 'يتم وضع البيض مع الفانيليا فى الخلاط الكهربائى ونخفقهم جيداً.\r\n\r\n-        نضيف إليهم عدد 2 كوب زبادى ونخفقهم مرة أخرى.\r\n\r\n-        نستخدم أكواب الزبادى الفارغة فى تحضير مقادير السكر والدقيق، بحيث يتم إضافة كوب من السكر بمعيار كوب الزبادى الفارغ، ونخفقهم مرة أخرى حتى يذوب السكر ويتجانس مع الخليط.\r\n\r\n-        يتم خلط 4 أكواب من الدقيق بمعيار كوب الزبادى السابق مع كيس من البيكينج بودر، ثم نضيفهم للخليط السابق بالتدريج ونخفق جيدا، ويمكن أن نستكمل الخفق باستخدام مضرب يدوى إذا لاحظنا أن الخليط أصبح سميك على الخلاط الكهربائى.\r\n\r\n-        نحضر صينية الكيكة ويتم دهنا بقليل من الزيت، ثم طبقة من الدقيق حتى لا تلتصق الروانى بها، ونضع فيها خليط الكيكة.\r\n\r\n-        ندخلها الفرن على درجة حرارة 180 لمدة 45 دقيقة تقريباً، أو حتى تنضج.', NULL, '1', '2024-06-09 23:58:07', '2024-06-09 23:58:07'),
(105, 58, 1, 1, 'Step 1', 'خطوة 1', 'في وعاء كبير اخلطي الزبدة والسكر البودرة حتى يصبح الخليط كريميًا.\r\nأضيفي البيض والفانيليا واخفقي جيدًا.\r\nأضيفي الدقيق والملح واخفقي حتى يصبح الخليط متماسكًا.\r\nغطي العجينة واتركيها في الثلاجة لمدة ساعة على الأقل.', 'في وعاء كبير اخلطي الزبدة والسكر البودرة حتى يصبح الخليط كريميًا.\r\nأضيفي البيض والفانيليا واخفقي جيدًا.\r\nأضيفي الدقيق والملح واخفقي حتى يصبح الخليط متماسكًا.\r\nغطي العجينة واتركيها في الثلاجة لمدة ساعة على الأقل', NULL, '1', '2024-06-11 19:24:22', '2024-06-11 19:25:40'),
(106, 60, 1, 1, 'Step 1', 'خطوة 1', '1\r\nWash the chicken, add vinegar and salt, wash and marinate after cutting and removing the skin with the marinade for at least two hours.\r\n\r\n2\r\nSauté the onions and add a little tomato sauce, then add the squeezed tomatoes and stir, then add the chicken with the mixture and add a little spices (coriander / curry)\r\n\r\n3\r\nPour boiling water over it to cover the chicken only, add salt and leave for 25 minutes', '1\r\nيغسل الدجاج ويوضع عليه الخل والملح ويغسل ويتبل بعد التقطيع ونزع الجلد بالتتبيلة لمدة ساعتين على الاقل\r\n2\r\nنحمس البصل ونضيف له قليل من صلصة الطماطم ثم نضيف الطماطم المعصورة ونقلب ثم نضيف الدجاج مع الخلطه ونضيف له قليل من البهارات (كزبرة / كاري)\r\n3\r\nنصب فوقه الماء المغلي يغطي الدجاج فقط ونضع الملح ونتركه ٢٥ دقيقة', NULL, '1', '2024-06-11 20:53:40', '2024-06-11 20:54:53'),
(107, 61, 1, 1, 'Step 1', 'خطوة 1', 'Fry the garlic with the country butter, then add salt, pepper and hot pepper to taste, then add the liver, kidneys and hearts and stir well.', 'شوحي الثوم مع السمنة البلدي ثم ضيفي الملح والفلفل والفلفل الحار حسب الرغبة ثم ضعي الكبدة والكلاوي والقلوب وقلبيهم جيدًا', NULL, '1', '2024-06-11 21:12:06', '2024-06-11 21:12:06'),
(108, 62, 1, 1, 'Step 1', 'خطوة 1', '1\r\nThe starch dissolves well in a cup of cold milk.\r\n2\r\nIn a pot on the fire, put the milk and leave it to boil.\r\n3\r\nAdd sugar and leave to boil, then add the dissolved starch to the mixture, stir well so that it does not clump, and leave it on the fire until it thickens.\r\n4\r\nAdd the mastic and rose water to the pot and leave on the heat for a minute.', '1\r\nيذوب النشا في كوب من الحليب البارد جيداً.\r\n2\r\nفي قدر على النار، يوضع الحليب ويترك ليغلي.\r\n3\r\nيضاف إليه السكر ويترك ليغلي ثم يوضع النشا المذوب إلى الخليط، يحرك جيداً حتى لا يتكتل ويترك على النار حتى يصبح كثيفاً.\r\n4\r\nتضاف المستكة وماء الورد إلى القدر ويترك على النار لمدة دقيقة.', NULL, '1', '2024-06-12 16:46:39', '2024-06-12 16:46:39'),
(109, 63, 1, 1, 'Step 1', 'خطوة 1', 'The oven is preheated, then beat the egg with vanilla, sugar or artificial sweetener,  butter, and cinnamon in the mixing bowl at a slow speed for a minute and then increase the speed.\r\nBeat the eggs with butter and cinnamon well until the mixture becomes a creamy consistency', 'تم تسخين الفرن مسبقاً، ثم تخفق البيضة مع الفانيلا، والسكر أو المحلي الصناعي،  والزبدة، والقرفة في وعاء الخفق على سرعة بطيئة مدة دقيقة ومن ثم يتم زيادة السرعة.\r\nيتم خفق البيض مع الزبدة والقرفة جيداً حتى يصبح الخليط ذا قوام كريمي', NULL, '1', '2024-06-12 17:03:37', '2024-06-12 17:03:37'),
(110, 63, 1, 1, 'Step 2', 'خطوة 2', 'Mix the flour, cocoa, baking soda, and salt together in another bowl and sift them with a strainer.\r\nAdd this mixture of solids to the egg mixture gradually, then add the coffee to the mixture as well.\r\nStir the chocolate cake mixture by hand slowly in one direction, until the cake mixture is well mixed', 'خلط كل من الدقيق، والكاكاو، والبيكنج صودا، والملح مع بعضهم في وعاء آخر ويتم تنخيلهم بالمصفاة.\r\nيضاف خليط المواد الصلبة هذا على خليط البيض بشكل تدريجي، ثم تضاف القهوة إلى الخليط أيضاً.\r\nيحرك خليط كيك الشوكولاتة يدوياً باتجاه واحد بشكل بطيء، حتى يمتزج خليط الكيك جيداً', NULL, '1', '2024-06-12 17:04:41', '2024-06-12 17:04:41'),
(111, 64, 1, 1, 'Step 1', 'خطوة 1', 'Using an electric mixer, beat the cream and sugar at high speed until doubled.\r\nAdd mascarpone cheese, cream cheese, vanilla, and 1/4 cup mango juice.\r\nPour 1 cup of mango juice, dip the finger cake. Arrange in pyrex (size 25 cm square)', 'باستخدام خلاطه كهربائية، تخفق الكريمة والسكر على سرعه عاليه إلى ان تتضاعف.\r\nتضاف جبنة الماسكاربوني والجبن الكريمي والفانيلا و ١/٤ كوب عصير المانجو.\r\nيصب ١ كوب عصير مانجو ، يغمس كيك الاصابع. يصف في البايركس (بحجم ٢٥ سم مربع)', NULL, '1', '2024-06-12 17:19:32', '2024-06-12 17:19:32'),
(112, 64, 1, 1, 'Step 2', 'خطوة 2', 'Add half the amount of mango cubes and cream. Half a second layer of dipped finger cake, then the rest of the mango cubes and cream. Add 1/4 cup mango juice on top.', 'م تضاف نص كمية مكعبات المانجو والكريمة. نصف طبقه ثانيه من كيك الاصابع المغمس ثم باقي مكعبات المانجو والكريمة. يُضاف ١/٤ كوب عصير مانجو على السطح.', NULL, '1', '2024-06-12 17:20:06', '2024-06-12 17:20:06'),
(113, 65, 1, 1, 'Step 1', 'خطوة 1', '1 We put the yeast in a bowl with half a cup of warm water and a spoonful of sugar and leave it for a few minutes until it rises, then we mix it with the flour, oil, salt and milk powder, knead all of these ingredients well, then leave it in a place at a warm temperature until it ferments.', '1نضع الخميرة فى وعاء مع نصف كوب ماء دافئ وملعقة من السكر ويترك بضع دقائق حتى يرتفع، ثم نقوم بخلطه مع الدقيق والزيت والملح والحليب البودرة وتعجن كل تلك المكونات جيدًا ثم تترك فى مكان بدرجة حرارة دافئة حتى تختمر.', NULL, '1', '2024-06-12 18:09:25', '2024-06-12 18:09:25'),
(114, 65, 1, 1, 'Step 2', 'خطوة 2', 'To make the mixture, we cut the colored peppers, onion slices, and tomatoes into small cubes, then “sauté” them a little over low heat, adding the thyme.', 'لعمل الخلطة نقوم بتقطيع الفلفل الألوان وشرائح البصل والطماطم إلى مكعبات صغيرة ثم نقوم \"بتشويحهم\" قليلًا على نار هادئه مع اضافة الزعتر .', NULL, '1', '2024-06-12 18:10:02', '2024-06-12 18:10:02'),
(115, 65, 1, 1, 'Step 3', 'خطوة 3', '3 After the dough is well fermented, we spread it in a tray and spread tomato sauce over it, to which we can add a little vinegar, garlic powder, basil, and black pepper', '3 بعد أن تخمر العجينة جيدًا نقوم بفردها فى صينية وندهن فوقها صلصة الطماطم والتى يمكن أن نضيف إليها قليلًا من الخل وبودرة الثوم والريحان والفلفل الأسود.', NULL, '1', '2024-06-12 18:10:33', '2024-06-12 18:10:33'),
(116, 65, 1, 1, 'Step 4', 'خطوة 4', 'Distribute the olives, cheese, and other ingredients of the mixture evenly over the dough. Place it in the oven at a medium temperature for 20 minutes, then cut the pizza and serve it hot.', 'وزع الزيتون والجبن والمكونات الأخرى للخلطة على العجينه بشكل متساوِ وتوضع فى الفرن على درجة حرارة متوسطة لمدة 20 دقيقة ثم تقطع البيتزا وتقدم ساخنة.', NULL, '1', '2024-06-12 18:11:05', '2024-06-12 18:11:05'),
(117, 66, 1, 1, 'Step 1', 'خطوة 1', 'Prepare the dough by putting the flour in a bowl and adding salt and cardamom. Add the butter and rub the mixture using your hands, then make a hole in the middle of the dough. Place instant yeast in this hole, add warm milk and knead the mixture until a cohesive dough is formed.', 'قوم بتحضير العجين بوضع الطحين في وعاء ويضاف إليه الملح والهيل. توضع الزبدة ونفرك الخليط باستعمال اليدين، وبعد ذلك نقوم بعمل حفرة في وسط العجين. توضع الخميرة الفورية في هذه الحفرة، ونضع الحليب الدافئ ونعجن الخليط حتى يتم تشكل عجينة متماسكة', NULL, '1', '2024-06-12 18:30:08', '2024-06-12 18:30:08'),
(118, 66, 1, 1, 'Step 2', 'خطوة 2', 'We cover the dough tightly to prevent air from entering it using a plastic bag, and leave it to ferment and double in size.', 'نغطّي العجين بإحكام لمنع دخول الهواء فيها باستخدام كيس بلاستيكي، ونتركها لتتخمر ويتضاعف حجمها.', NULL, '1', '2024-06-12 18:31:19', '2024-06-12 18:31:19'),
(119, 66, 1, 1, 'Step 3', 'خطوة 3', 'After the dough has doubled in size and fermented, we divide it into two parts. Roll out the first section using a rolling pin and form a large circle (half a centimeter thick). Spread the date paste, making it smaller than the size of the dough. Put the date paste on top of the dough. We roll the dough into a cylindrical shape and tape the edges well. We cut the cylindrical dough into two parts and roll it with our hands to make it thinner and longer. Place the dough on a smooth surface, press it slightly, and cut it into desired sizes. Cut the second part of the dough into equal balls. We fill it with walnuts mixed with sugar and rose water. Place the balls in the mold after filling.', 'بعد تضاعف حجم العجين واختمارها نقسمها إلى قسمين. نفرد القسم الأول بواسطة الشوبك ونكون دائرة كبيرة (يكون سمكها نصف سنتيمتر). نفرد معجون التمر ويكون حجمها أصغر من حجم العجين. نضع معجون التمر فوق العجين. نقوم بلف العجين بشكل أسطواني ونقوم بإلصاق الأطراف جيداً. نقطع العجين الأسطوانية قسمين ونقوم ببرمها باليدين لتصبح أقل سماكة وأطول حجماً. توضع العجين على سطح أملس ونقوم بالضغط عليها قليلاً وتقطّع إلى أحجام حسب الرغبة. نقطّع القسم الثاني من العجين على شكل كرات متساوية. نقوم بحشوها بالجوز المخلوط بالسكر وماء الورد. توضع الكرات في القالب بعد إتمام الحشوة.', NULL, '1', '2024-06-12 18:32:53', '2024-06-12 18:32:53'),
(120, 67, 1, 1, 'Step 1', 'خطوة 1', 'In an electric grinder or blender, chop the chickpeas, onions, garlic, and vegetables twice until we get a smooth mixture.', 'في فرامه كهربائية او خلاط كهربائي نفرم كل من الحمص والبصل والثوم والخضار مرتين حتى نحصل على مزيج ناعم', NULL, '1', '2024-06-12 18:50:21', '2024-06-12 18:50:21'),
(121, 68, 1, 1, 'Step 1', 'خطوة 1', '. Peel the potatoes, then dig them up.\r\n. Fry the potatoes in oil until they turn a little brown.\r\n. Then we put it on towels or tissues to absorb the excess oil', '. نقشر البطاطا ثم نحفرھا -\r\n. نقلي البطاطا بالزیت حتى تشقر شوي -\r\n. و بعدھا نحطھا على ورق نشاف أو محارم لتمتص الزائد من الزیت', NULL, '1', '2024-06-12 19:28:14', '2024-06-12 19:28:14'),
(122, 68, 1, 1, 'Step 2', 'خطوة 2', 'We fry the meat and season it with salt and spices, then add the pine nuts and leave the filling to cool.\r\n. Stuff the potatoes with the meat until you fill them completely.\r\n. Dissolve the tomato paste in the broth, season, and let it boil.\r\n. Arrange the stuffed potatoes in the pot, then cover them with broth.', 'نقلي اللحمة و نتبلھا بالملح و البھار و بعدھا نضیف الصنوبر و ندع الحشوة لتبرد -\r\n. تحشى البطاطا باللحمة بحیث تملئیھا بشكل كامل -\r\n. نذوب رب البندورة بالمرق و نتبل و ندعھا حتى تغلي -\r\n. نرتب البطاطا المحشیة في الطنجرة ثم نغمرھا بالمرق -', NULL, '1', '2024-06-12 19:28:50', '2024-06-12 19:28:50'),
(123, 69, 1, 1, 'Step 1', 'خطوة 1', '1. Mix the cheese with parsley in a bowl and leave it aside.\r\n\r\n2. In another bowl, beat the egg with the milk and oil.\r\n\r\n3. Cut the dough into equal-sized triangles.\r\n\r\n4. Grease a triangle of dough with a little of the egg mixture and put a little filling on the end.\r\n\r\n5. Roll the dough into a roll.\r\n\r\n6. Repeat until the quantity runs out.', '1. اخلطي الجبن مع البقدونس في وعاء واتركيه جانباً.\r\n\r\n2. اخفقي في وعاء آخر بيضة مع الحليب والزيت.\r\n\r\n3. قطّعي العجينة إلى مثلثات متساوية الحجم.\r\n\r\n4. ادهني مثلث من العجينة بالقليل من مزيج البيض وضعي الطرف القليل من الحشوة.\r\n\r\n5. لفّي العجينة على شكل رول.\r\n\r\n6. أعيدي الكرة حتى انتهاء الكمية.', NULL, '1', '2024-06-12 19:41:27', '2024-06-12 19:41:27'),
(124, 69, 1, 1, 'Step 2', 'خطوة 2', '7. Drain the pools on an oven tray covered with parchment paper.\r\n\r\n8. Beat the egg and brush it on the surface of the pieces, then sprinkle a little black seed on the surface.', '7. صفّي البرك في صينية فرن مغلّفة بورق زبدة.\r\n\r\n8. خفقي البيضة وادهني بها وجه القطع ثمّ انثري القليل من حبة البركة على الوجه.\r\n\r\n9. اخبزي البرك في فرن محمّى مسبقاً على حرارة 200 درجة مئوية لحوالي 20 دقيقة.\r\n\r\n10. أخرجي الصينية من الفرن وقدّمي البرك ساخنة.', NULL, '1', '2024-06-12 19:42:13', '2024-06-12 19:42:13'),
(125, 70, 1, 1, 'Step 1', 'خطوة 1', 'After washing the chicken pieces, marinate them in a bowl with salt, black pepper, red pepper, ground garlic, and lemon for half an hour.\r\n2\r\nWash the rice, soak it in water for 10 minutes, then drain it.', 'بعد غسل قطع الدجاج، تنقع في وعاء بالملح والفلفل الأسود والفلفل الأحمر والثوم المطحون والليمون لمدّة نصف ساعة.\r\n2\r\nيغسل الأرز ينقع في الماء لمدّة 10 دقائق ثم يصفى.', NULL, '1', '2024-06-12 19:56:02', '2024-06-12 19:56:02'),
(126, 71, 1, 1, 'Step 1', 'خطوة 1', 'Place in the blender: a cup of milk or milk, eggs, oil, and sugar, and mix them well in the blender.', 'يوضع في الخلاط:كاس لبن او حليب و البيض و الزيت و السكر و اخلطيهم جيداً في الخلاط .', NULL, '1', '2024-06-12 21:44:46', '2024-06-12 21:44:46'),
(127, 71, 1, 1, 'Step 2', 'خطوة 2', 'n another bowl, mix the flour, coconut, and a spoonful of baking powder. Pour the ingredients in the blender over the ingredients in the bowl and mix them well.\r\n- Pour the mixture into a tray greased with a little oil, then break a bag of Pakistani vermicelli and place it on the top of the cake before putting it in the oven, and bake it in the oven until it is done.', 'في زبديه أخرى امزجي الطحين و جوز الهند و ملعقة بيكنج بودر وصبي المقادير التي في الخلاط على المقادير التي في الزبديه واخلطيهم جيداً .\r\n– صبي الخليط في صينيه مدهونه بالقليل من الزيت ثم كسري كيس شعيريه باكستانيه و ضعيه على وجه الكيكه قبل ادخالها الفرن و اخبزيها في الفرن حتى تنضج .', NULL, '1', '2024-06-12 21:45:23', '2024-06-12 21:45:23'),
(128, 71, 1, 1, 'Step 3', 'خطوة 3', 'After the cake is cooked, pour a can of Nestle milk over it and leave it for a while until the cake absorbs the milk, then serve.', 'بعد ماتستوي الكيكه صبي عليها علبة حليب نستله و دعيها قليلاً حتى تتشرب الكيكه الحليب ثم تقدم', NULL, '1', '2024-06-12 21:46:24', '2024-06-12 21:46:24'),
(129, 72, 1, 1, 'Step 1', 'خطوة 1', 'In a dish, sift the flour, baking powder, soda and salt, leave it aside.\r\n1. In the mixer bowl, put the butter, brown sugar, and sugar. Attach the whisk and turn on medium speed until the mixture is smooth.\r\n2. Add the egg and vanilla. Continue whisking until the eggs disappear and the mixture is well combined.\r\n3. Add the flour mixture and work to mix until you get a soft dough. Do not increase the operating time. Add two-thirds of the chocolate chips.', 'في طبق انخلي الدقيق، البيكنج باودر، الصودا و الملح ، اتركيه جانبا.\r\n1. في وعاء الخلاط ضعي الزبدة، السكرالبني و السكر، ثبتي مضرب التقليب وشغلي على سرعة متوسطة ليصبح الخليط ناعما.\r\n2. أضيفي البيضة والفانيليا، إستمري بالخفق ليختفي البيض ويتجانس الخليط جيدا.\r\n3. اضيفي خليط الدقيق وشغلي ليختلط وتحصلي على عجينة لينة. لا تكثري من وقت التشغيل. أضيفي ثلثي كمية الشوكلت شيبس.', NULL, '1', '2024-06-12 21:56:37', '2024-06-12 21:56:37'),
(130, 72, 1, 1, 'Step 2', 'خطوة 2', 'Bring a wide plate, cut the dough into 16 balls, roll it randomly to form a ball, but do not make it a smooth ball. The shape should be curvy. Place it in the plate so that it forms one layer.\r\n5. Cover the dough balls with nylon, then place them in the refrigerator for 30 minutes', 'أحضري طبق واسع، قطعي العجينة ١٦ كرة، دحرجيها بشكل عشوائي لتصبح بشكل الكرة، ولكن لا تجعليها كرة ملساء ،الشكل يجب ان تكون متعرجة الشكل، ضعيها في الطبق بحيث تكون طبقة واحدة.\r\n5. غلفي كرات العجينة بالنايلون ثم ضعيها في البراد لمدة ٣٠ دقيقة.', NULL, '1', '2024-06-12 21:57:15', '2024-06-12 21:57:15'),
(131, 72, 1, 1, 'Step 3', 'خطوة 3', 'Place the wire rack in the oven. Preheat the oven to 160 degrees Celsius. Bring short-rimmed trays and place parchment paper in them.\r\n7. Place the cookies on the trays, leaving an inch of space between each one. Leave it on the kitchen table for 5 minutes.\r\n8. Distribute the rest of the chocolate chips on the cookies. With your fingertip, press very slightly on the cookies so that the chocolate sticks together well. (Do not press too much as it will collapse during baking)', 'ثبتي الرف الشبكي في الفرن، سخني الفرن لدرجة حرارة ١٦٠ مئوية، احضري صواني قصيرة الحافة، ضعي فيها ورق زبدة.\r\n7. ضعي قطع الكوكيز على الصواني، مع ترك مسافة بوصة بين كل منها. أتركيها على طاولة المطبخ ٥ دقائق.\r\n8. وزعي بقية الشوكلت شيبس على قطع الكوكيز. بطرف أصبعك اضغطي قليلا جدا على الكوكيز لتتلاصق الشوكلت جيدا. (لا تضغطي كثيرا لأنها ستنخفض أثناء الخبز)', NULL, '1', '2024-06-12 21:57:53', '2024-06-12 21:57:53'),
(132, 72, 1, 1, 'Step 4', 'خطوة 4', '9. Bake the cookies for 15-20 minutes. Take the trays out of the oven, leave the cookies in the trays for a few minutes, then transfer them to a wire rack and leave them to cool completely.', '9. اخبزي الكوكيز ١٥ – ٢٠ دقيقة. أخرجي الصواني من الفرن، اتركي الكوكيز في الصواني لبضع دقائق ثم انقليه على الشبك واتركيه ليبرد تماما.', NULL, '1', '2024-06-12 21:58:28', '2024-06-12 21:58:28'),
(133, 73, 1, 1, 'Step 1', 'خطوة 1', 'Boil the chopped carrots with water over the fire, and add cloves while boiling the carrots.', 'سلق الجزر المفروم مع الماء على النار، وإضافة قرنفل أثناء سلق الجزر.', NULL, '1', '2024-06-12 22:53:06', '2024-06-12 22:53:06'),
(134, 73, 1, 1, 'Step 2', 'خطوة 2', 'On low heat, stirring occasionally, until the milk dries. Add the sweetened condensed milk, mix the ingredients well, and cook over low heat until the mixture dries, stirring from time to time. Add ghee, mix the ingredients, and cook for an additional ten minutes.', 'على نار خفيفة مع تحريكه لوقت لآخر، حتى يجف الحليب. إضافة الحليب المكثّف المحلى ومزج المكوّنات جيدًا، وطهيه على نار خفيفة حتى يجفّ المزيج مع التحريك من وقت إلى آخر. إضافة السمنة ومزج المكوّنات وطهيها لمدّة عشر دقائق إضافية.', NULL, '1', '2024-06-12 22:55:06', '2024-06-12 22:55:06'),
(135, 73, 1, 1, 'Step 3', 'خطوة 3', 'Decorate the dessert with nuts and raisins and serve it hot.', 'تزيين الحلوى بالمكسّرات والزبيب وتقديمها ساخنة.', NULL, '1', '2024-06-12 22:56:14', '2024-06-12 22:56:14'),
(136, 24, 1, 1, 'Step 1', 'خطوة 1', 't 1', '11', NULL, '1', '2024-06-18 07:45:48', '2024-06-18 07:45:48'),
(137, 24, 1, 1, 'Step 2', 'خطوة 2', '1t', NULL, 'step_media_path_50373.png', '1', '2024-06-18 07:46:35', '2024-06-18 07:46:35'),
(140, 74, 1, 1, 'Step 2', 'خطوة 2', NULL, 'بهارات التشمن هي التي تعطي للسجق النكهة الأصلية ويتم تحضيره في المنزل وهو عبارة عن خليط من \r\nملعقتان من قشر الرمان الميبس \r\nملعقتان من الكمون\r\nملعقتان من الحلبة\r\nلتنشيف قشر الرمان يتم غسله جيدا ووضعه جانبا وليس من الضروري وضعه تحت الشمس\r\nثم يتم طحنه جيدا ونخله جيدا', 'step_media_path_20614.jpg', '1', '2024-06-18 19:22:53', '2024-06-18 19:22:53'),
(141, 74, 1, 1, 'Step 2', 'خطوة 2', NULL, 'في حال عدم توفر لحم الغنم او عدم الرغبة بتناوله يمكن إستبداله بلحم العجل\r\nويفضل ان يحتوي اللحم على نسبة جيدة من الدهون', 'step_media_path_96843.jpg', '1', '2024-06-18 19:32:06', '2024-06-18 19:32:06'),
(142, 1, 1, 1, 'Step 2', 'خطوة 2', 'step with image - test 2', 'خطوة مع الصورة - اختبار 2', 'step_media_path_83460.jpg', '1', '2024-06-19 08:15:31', '2024-06-19 08:15:31'),
(143, 1, 1, 1, 'Step 3', 'خطوة 3', 'no image one', NULL, NULL, '1', '2024-06-19 08:16:44', '2024-06-19 08:16:44'),
(144, 33, 1, 1, 'Step 1', 'خطوة 1', 'h', NULL, NULL, '1', '2024-06-22 08:17:13', '2024-06-22 08:17:13'),
(145, 76, 1, 1, 'Step 1', 'خطوة 1', 'Mince the Parsley  and mix it with lemon', NULL, NULL, '1', '2024-06-25 21:11:09', '2024-06-25 21:11:09'),
(146, 33, 1, 1, 'Step 2', 'خطوة 2', NULL, 'طماطم', NULL, '1', '2024-06-27 14:50:03', '2024-06-27 14:50:03'),
(147, 3, 1, 1, 'Step 1', 'خطوة 1', 'asassd', NULL, NULL, '1', '2024-06-29 10:46:01', '2024-06-29 10:46:01'),
(148, 77, 1, 1, 'Step 1', 'خطوة 1', NULL, 'لتحضير عجينة اللوز الخارجية  ضروري جدا تحضيرها على مرحلتين المرحلة الاولى عندما نضيف بودرة اللوز مع السكر البودرة وبياض الثلاث بيضات ثم ترييح العجينة في البراد نصف ساعة \r\nوفي المرحلة الثانية نضيف بياض الست بيضات وماء الزهر وروح اللوز حتى تصبح خليط سائل قليلا ونستخدم كيس الكريما لسهولة التشكيل', NULL, '1', '2024-06-29 22:10:41', '2024-06-29 22:10:41'),
(149, 77, 1, 1, 'Step 2', 'خطوة 2', NULL, 'روح اللوز مكون مهم جدا لاعطاء النكهة الاصلية للغريبة الاسطنبولية', NULL, '1', '2024-06-29 22:12:40', '2024-06-29 22:12:40'),
(150, 77, 1, 1, 'Step 3', 'خطوة 3', NULL, 'ممكن حفظ الغريبة الاسطنبولية لفترات طويلة جدا بالفريزر لكن كل قطعة بكيس صغير خاص للضيافات', NULL, '1', '2024-06-29 22:13:51', '2024-06-29 22:13:51'),
(151, 79, 1, 1, 'Step 1', 'خطوة 1', 'iilku', 'تتمن', 'step_media_path_98312.mp4', '1', '2024-06-30 11:32:46', '2024-06-30 11:32:46'),
(152, 82, 1, 1, 'Step 1', 'خطوة 1', 'seeds', NULL, NULL, '1', '2024-06-30 11:58:19', '2024-06-30 11:58:19'),
(153, 84, 1, 1, 'Step 1', 'خطوة 1', NULL, 'دك صدور الدجاج لتصبح رقيقه', NULL, '1', '2024-07-01 00:50:00', '2024-07-01 00:50:00'),
(154, 84, 1, 1, 'Step 2', 'خطوة 2', NULL, 'وضع البهارات اللازمه', NULL, '1', '2024-07-01 00:50:31', '2024-07-01 00:50:31'),
(155, 84, 1, 1, 'Step 3', 'خطوة 3', NULL, 'وضع الجبن و غلق الدجاج', NULL, '1', '2024-07-01 00:51:10', '2024-07-01 00:51:10'),
(156, 84, 1, 1, 'Step 4', 'خطوة 4', NULL, 'تغليف صدور الدجاج بالطحين', NULL, '1', '2024-07-01 00:51:32', '2024-07-01 00:51:32'),
(157, 84, 1, 1, 'Step 5', 'خطوة 5', NULL, 'وضع الصدور في خليط البيض و الحليب', NULL, '1', '2024-07-01 00:51:51', '2024-07-01 00:51:51'),
(158, 84, 1, 1, 'Step 6', 'خطوة 6', NULL, 'تغليف الدجاج مرة اخري بالبقسماط المطحون', NULL, '1', '2024-07-01 00:52:18', '2024-07-01 00:52:18'),
(159, 84, 1, 1, 'Step 7', 'خطوة 7', NULL, 'قلي الدجاج في الزيت المغلي جيدا ثم التقديم للطعام', NULL, '1', '2024-07-01 00:52:45', '2024-07-01 00:52:45'),
(160, 85, 1, 1, 'Step 1', 'خطوة 1', NULL, 'غسل الدجاج جيدا و اضافة بعض من الدقيق و الملح و الماء', NULL, '1', '2024-07-01 01:04:54', '2024-07-01 01:04:54'),
(161, 85, 1, 1, 'Step 2', 'خطوة 2', NULL, 'اضافة الصوصات و التوابل', NULL, '1', '2024-07-01 01:05:19', '2024-07-01 01:05:19'),
(162, 85, 1, 1, 'Step 3', 'خطوة 3', NULL, 'اضافة الحليب و البيض', NULL, '1', '2024-07-01 01:05:42', '2024-07-01 01:05:42'),
(163, 85, 1, 1, 'Step 4', 'خطوة 4', NULL, 'تغليف الدجاج بطبقة بقسماط خشن', NULL, '1', '2024-07-01 01:06:22', '2024-07-01 01:06:22'),
(164, 85, 1, 1, 'Step 5', 'خطوة 5', NULL, 'وضع الدجاج في الزيت و تقديمه', NULL, '1', '2024-07-01 01:06:47', '2024-07-01 01:06:47'),
(165, 87, 1, 1, 'Step 1', 'خطوة 1', NULL, 'بعد خلط المكونات يتم تقديمها طازجة', NULL, '1', '2024-07-01 15:36:05', '2024-07-01 15:36:05'),
(166, 88, 1, 1, 'Step 1', 'خطوة 1', NULL, 'تقدم طازجة', NULL, '1', '2024-07-01 16:41:08', '2024-07-01 16:41:08'),
(167, 89, 1, 1, 'Step 1', 'خطوة 1', NULL, 'مع معلقة زيت زيتون نضيف الطماطم و الثوم و الملح و بهارات', NULL, '1', '2024-07-01 16:54:50', '2024-07-01 16:54:50'),
(168, 89, 1, 1, 'Step 2', 'خطوة 2', NULL, 'اضافة معلقتين صلصه طماطم و ربع كوب مياه ثم الخلط', NULL, '1', '2024-07-01 16:58:25', '2024-07-01 16:58:25'),
(169, 89, 1, 1, 'Step 3', 'خطوة 3', NULL, 'نضيف ٤/١ كوبايه كريمه طبخ و لو القوام ثقيل ممكن نخففه شويه', NULL, '1', '2024-07-01 16:59:26', '2024-07-01 16:59:26'),
(170, 89, 1, 1, 'Step 4', 'خطوة 4', NULL, 'نضيف المكرونه المسلوقه و جبنه  و نغطى عليها دقيقه لحد ما الجبنه تسيح', NULL, '1', '2024-07-01 17:03:05', '2024-07-01 17:03:05'),
(171, 78, 1, 1, 'Step 1', 'خطوة 1', NULL, 'لطحن المستكة يجب اضافة نصف ملعقة صغيرة من السكر البودرة لسهولة الطحن ثم اضافتها للحليب قبل الغلي لاعطاء الطعمة المميزة', NULL, '1', '2024-07-04 21:11:39', '2024-07-04 21:11:39'),
(172, 78, 1, 1, 'Step 2', 'خطوة 2', NULL, 'اضفت في المقادير حليب مرتين\r\nالمرة الاولى لتحضير الهيطلية وهي ثلاثة ليتر \r\nوالمرة الثانية لتحضير قطر الحليب \r\nوانا ذكرت كرب حليب \r\nملعقتين سكر\r\nملعقة كبيرة ماء الزهر \r\nهذه المقادير لكل كوب حليب \r\nاذا اردنا تحضير كوبان حليب نضيف اربع ملاعق كبيرة سكر وملعقتان ماء زهر', NULL, '1', '2024-07-04 21:16:28', '2024-07-04 21:16:28'),
(173, 78, 1, 1, 'Step 3', 'خطوة 3', NULL, 'اضافة الماء البارد جدا يجب ان يكون بشكل لطيف حتى لاننزع شكل الهيطلية \r\nوتوضع مع الماء بالثلاجة حتى تنتهي الكمية لايجب ابدا ان تبقى بلا ماء', NULL, '1', '2024-07-04 21:21:55', '2024-07-04 21:21:55'),
(174, 90, 1, 1, 'Step 1', 'خطوة 1', NULL, 'يمكن استبدال الماسكربون بأي جبن كريمي متوفر', NULL, '1', '2024-07-04 22:56:17', '2024-07-04 22:56:17'),
(175, 91, 1, 1, 'Step 1', 'خطوة 1', NULL, 'ممكن حفظ الكمية بالفريزر لاشهر طويلة ولكن يحب عزل الطبقات بنايلون لعدم الالتصاق وترك مسافة بين كل قطعة وأخرى', NULL, '1', '2024-07-04 23:28:55', '2024-07-04 23:28:55'),
(176, 92, 1, 1, 'Step 1', 'خطوة 1', NULL, 'البرغل الناعم كوب ونصف لكن لم استطع اضافة النصف في المكونات', NULL, '1', '2024-07-05 22:59:11', '2024-07-05 22:59:11'),
(177, 92, 1, 1, 'Step 2', 'خطوة 2', NULL, 'دهن السمنة على وجه كرات الكبة خطوة ضرورية جدا حتى نحصل على النكهة المطلوبة', NULL, '1', '2024-07-05 23:01:05', '2024-07-05 23:01:05'),
(178, 92, 1, 1, 'Step 3', 'خطوة 3', NULL, 'ممكن ان نضع كرات الكبة في الصينية مباشرة او استخدام الاسياخ الخشبية ولاننسى دهن الصينية بالسمنة جيدا', NULL, '1', '2024-07-05 23:02:24', '2024-07-05 23:03:10'),
(179, 93, 1, 1, 'Step 1', 'خطوة 1', 'Finely grind the biscuits, then mix them with butter until combined and form them into a cheesecake mold', 'يطحن البسكويت طحن ناعم ومن ثم يخلط مع الزبده حتى يتجانس ويشكل بقالب التشيزكيك', 'step_media_path_27528.mov', '1', '2024-07-07 11:43:21', '2024-07-07 11:43:21'),
(180, 93, 1, 1, 'Step 2', 'خطوة 2', 'Beat the whipping cream with vanilla until the cream doubles in size and thickens, then transfer it to a separate bowl', 'تخفق كريمه الخفق مع الفانيليا حتى يتضاعف حجم الكريمه وتتماسك ومن ثم ينقل في وعاء منفصل', NULL, '1', '2024-07-07 11:58:23', '2024-07-07 11:58:23'),
(181, 93, 1, 1, 'Step 3', 'خطوة 3', 'Mix cream cheese with sweetened sugar, lemon juice and lemon zest until the consistency becomes smooth', 'تخلط الجبنة الكريمية مع السكر المحلي و عصير الليمون وبشر الليمون إلى ان يصبح القوام ناعم', NULL, '1', '2024-07-07 11:59:28', '2024-07-07 11:59:28'),
(182, 94, 1, 1, 'Step 1', 'خطوة 1', NULL, 'خطوة مهمة جدا اضافة الطحين بالتدريج لايجب الحصول على عجين جاف تماما لذلك نضيف الماء  على مراحل ونعجبن', NULL, '1', '2024-07-08 23:35:42', '2024-07-08 23:35:42'),
(183, 94, 1, 1, 'Step 2', 'خطوة 2', NULL, 'ترييح العجين عشر دقائق يكفي', NULL, '1', '2024-07-08 23:36:49', '2024-07-08 23:36:49'),
(184, 94, 1, 1, 'Step 3', 'خطوة 3', NULL, 'في حال عدم توفر حليب اليودرة ممكن الغائه', NULL, '1', '2024-07-08 23:38:10', '2024-07-08 23:38:10'),
(185, 95, 1, 1, 'Step 1', 'خطوة 1', 'test', NULL, NULL, '1', '2024-07-10 09:47:46', '2024-07-10 09:47:46'),
(186, 99, 1, 1, 'Step 1', 'خطوة 1', '- Preheat the oven to 180 c.\r\n- Core, and cut the apples into 1/4-inch slices.', '- نحمي الفرن على حرارة ١٨٠ س.\r\n- نقطع التفاح على شكل هلال ونتأكد من إزالة البذور منها .', NULL, '1', '2024-07-17 13:41:53', '2024-07-17 13:41:53'),
(187, 99, 1, 1, 'Step 2', 'خطوة 2', 'In a large pan, melt the butter and transfer the apples into the pan. Add sugar. Cook for 3 minuts while stirring.', '- نبدأ بإذابة الزبدة على مقلاة ساخنة ثم نضيف التفاح ونقلب مع السكر لما يقارب ٣ دقائق.', NULL, '1', '2024-07-17 13:42:26', '2024-07-17 13:42:26'),
(188, 99, 1, 1, 'Step 3', 'خطوة 3', '- In a small bowl, add cornstarch and orange juice and mix until the cornstarch dissolves.Add the mixture to the apple sauce and cook, gently stirring for 3 mins.\r\n- Remove from the heat  and add the ( spices , vanilla extract, and salt)and transfer the apple mixture into a  baking dish. Set aside.', '- في وعاء منفصل نذيب النشا مع عصير البرتقال ثم نضيف السائل لخليط التفاح و نطهو لثلاث دقائق اضافية.\r\n- نزيل المقلاة عن النار ونضيف كل البهارات و الفانيلا ورشة الملح', NULL, '1', '2024-07-17 13:42:57', '2024-07-17 13:42:57'),
(189, 99, 1, 1, 'Step 4', 'خطوة 4', '- n a medium bowl, mix together the dry ingredients; flour, sugar, orange zest, baking powder, and salt. Add milk, melted butter, and vanilla and mix until just combined.\r\n- Pour the batter over the apple mixture and spread roughly.\r\n- Bake for 40-50 min until golden brown.', '- لتحضير خليط الكيك  …نبدء بخلط المواد الجافة ( الطحين والسكر والبيكينغ باودر و رشة الملح وبرش البرتقال) ثم نضيف الحليب والفانيلا و الزبدة الذائبة،نحرك جيدا ونسكب الخليط فوق خليط التفاح مع محاولة تغطيته كاملا.\r\n- والان على الفرن المحمى مسبقا لمدة ٤٠-٥٠ دقيقة حتى يصبح خليط الكيك ذهبي اللون ثم نترك الكوبلر يبرد لمدة ١٥ دقيقة .', NULL, '1', '2024-07-17 13:43:29', '2024-07-17 13:43:29'),
(190, 99, 1, 1, 'Step 5', 'خطوة 5', '. Serve with vanilla ice cream', 'يقدم مع بوظة الفانيلا.', NULL, '1', '2024-07-17 13:44:06', '2024-07-17 13:44:06'),
(191, 98, 1, 1, 'Step 1', 'خطوة 1', NULL, 'اضافة اكواب الطحين تكون بالتدريج وقد نحتاج اربع اكواب ونصف احيانا وممكن خمسة حتى نحصل  على عجينة  طرية', NULL, '1', '2024-07-17 23:08:15', '2024-07-17 23:08:15'),
(192, 98, 1, 1, 'Step 2', 'خطوة 2', NULL, 'للقلي الزيت يجب ان يكون محمى مسبقا وعند البدء بالقلي نخفف قليلا النار تحت الزيت', NULL, '1', '2024-07-17 23:09:36', '2024-07-17 23:09:36'),
(193, 100, 1, 1, 'Step 1', 'خطوة 1', NULL, 'المقادير التي ضفتها في المرحلة الاخيرة وكلها بمقدار  50 جرام هي لرسمة السجادة', NULL, '1', '2024-07-18 23:24:26', '2024-07-18 23:24:26'),
(194, 101, 1, 1, 'Step 1', 'خطوة 1', 'Mix the meet with the noudles', NULL, NULL, '1', '2024-07-24 20:03:10', '2024-07-24 20:03:10'),
(195, 103, 1, 1, 'Step 1', 'خطوة 1', NULL, 'ممكن حفظ الوصفة في الثلاجة لمدة لاتقل عن اربعة اشهر اذا كانت مغطاة باحكام', NULL, '1', '2024-07-25 22:53:15', '2024-07-25 22:53:15'),
(196, 106, 1, 1, 'Step 1', 'خطوة 1', 'We rinse the rice for 30 minutes', NULL, NULL, '1', '2024-07-28 07:48:32', '2024-07-28 07:48:32'),
(197, 107, 1, 1, 'Step 1', 'خطوة 1', 'heat the pan', NULL, NULL, '1', '2024-07-28 13:31:55', '2024-07-28 13:31:55'),
(198, 108, 1, 1, 'Step 1', 'خطوة 1', NULL, 'نذوب الشوكلاه في وعا', NULL, '1', '2024-07-28 13:54:53', '2024-07-28 13:54:53'),
(199, 109, 1, 1, 'Step 1', 'خطوة 1', NULL, 'نشعل الفرن علي درجة حرارة ١٨٠ درجة', NULL, '1', '2024-07-30 13:16:42', '2024-07-30 13:16:42');
INSERT INTO `tutorial_steps` (`id`, `tutorial_id`, `step_sort`, `step_ref_id`, `title_en`, `title_ar`, `description_en`, `description_ar`, `step_media_path`, `active_flag`, `created_at`, `updated_at`) VALUES
(200, 109, 1, 1, 'Step 2', 'خطوة 2', NULL, 'نبدأ بخلط المواد الجافة معا ( الطحين والملح و السكر وبرش الليمون )', NULL, '1', '2024-07-30 13:17:07', '2024-07-30 13:17:07'),
(201, 109, 1, 1, 'Step 3', 'خطوة 3', NULL, 'نضيف مكعبات الزبده الباردة ونحاول خلطها مع المواد الجافة بالاصابع ام بمساعدة محضر الطعام', NULL, '1', '2024-07-30 13:17:56', '2024-07-30 13:17:56'),
(202, 109, 1, 1, 'Step 4', 'خطوة 4', NULL, 'نبدا باضافة الماء بالتدريج حتى نحصل على عجينة متماسكة', NULL, '1', '2024-07-30 13:18:26', '2024-07-30 13:18:26'),
(203, 109, 1, 1, 'Step 5', 'خطوة 5', NULL, 'نغلف العجين بورق النايلون وتترك في الثلاجة لمدة نصف ساعة', NULL, '1', '2024-07-30 13:18:48', '2024-07-30 13:18:48'),
(204, 109, 1, 1, 'Step 6', 'خطوة 6', NULL, 'نمد ثلثي العجين ونغلف قاعدة قالب قياس ٢٢ سم', NULL, '1', '2024-07-30 13:19:22', '2024-07-30 13:19:22'),
(205, 109, 1, 1, 'Step 7', 'خطوة 7', NULL, 'باستخدام شوكة نقوم بعمل ثقوب بالعجين', NULL, '1', '2024-07-30 13:19:33', '2024-07-30 13:19:33'),
(206, 109, 1, 1, 'Step 8', 'خطوة 8', NULL, 'نضع كمية مربى المشمش كاملة فوق العجين ونمدها على كامل القالب', NULL, '1', '2024-07-30 13:19:47', '2024-07-30 13:19:47'),
(207, 109, 1, 1, 'Step 9', 'خطوة 9', NULL, 'نبرش الكمية المتبقية من العجين على وجه مربى المشمش باستخدام مبرشة', NULL, '1', '2024-07-30 13:20:24', '2024-07-30 13:20:24'),
(208, 109, 1, 1, 'Step 10', 'خطوة 10', NULL, 'نخبزها لمدة ٣٥-٤٠ دقيقة أو حتى يصبح لون العجين ذهبي اللون.', NULL, '1', '2024-07-30 13:20:41', '2024-07-30 13:20:41'),
(209, 109, 1, 1, 'Step 11', 'خطوة 11', NULL, 'تترك لتبرد تماما قبل التقديم', NULL, '1', '2024-07-30 13:20:51', '2024-07-30 13:20:51'),
(210, 110, 1, 1, 'Step 1', 'خطوة 1', NULL, 'لنبدأ  بطهي النودلز أقل من الوقت المنصوح به حسب التعليمات المرفقة لها حيث انها ستكمل عملية الطهي مع الخضار ثم نصفها من الماء الساخن ونغسلها بالماء البارد  ونضعها جانبا.', NULL, '1', '2024-07-30 14:04:43', '2024-07-30 14:04:43'),
(211, 110, 1, 1, 'Step 2', 'خطوة 2', NULL, 'في مقلاة ساخنة نقوم باضافة الزيت و الزنجبيل و الثوم  ونقليها لنصف دقيقة.', NULL, '1', '2024-07-30 14:04:55', '2024-07-30 14:04:55'),
(212, 110, 1, 1, 'Step 3', 'خطوة 3', NULL, 'نضيف كل الخضراوات و نطهوها لمدة تتراوح ما بين دقيقتين الى ثلاث.', NULL, '1', '2024-07-30 14:05:11', '2024-07-30 14:05:11'),
(213, 110, 1, 1, 'Step 4', 'خطوة 4', NULL, 'في هذه الاثناء نحضر الصلصة بخلط جميع مكوناتها معا في وعاء منفصل ثم نضيفها على الخضار', NULL, '1', '2024-07-30 14:05:30', '2024-07-30 14:05:30'),
(214, 110, 1, 1, 'Step 5', 'خطوة 5', NULL, 'نخفض حرارة النار الى وسط ونضيف النودلز و نتركها تطهى معا لدقيقتين اضافيتين', NULL, '1', '2024-07-30 14:05:55', '2024-07-30 14:05:55'),
(215, 110, 1, 1, 'Step 6', 'خطوة 6', NULL, 'تزين بشرائح البصل الأخضر و السمسم و تقدم ساخنة', NULL, '1', '2024-07-30 14:06:05', '2024-07-30 14:06:05'),
(216, 111, 1, 1, 'Step 1', 'خطوة 1', NULL, 'نقطع حبات الباذنجان من النصف بشكل طولي ثم نقوم بتشريحها من الداخل دون الوصول الى القشرة.', NULL, '1', '2024-07-30 14:44:48', '2024-07-30 14:44:48'),
(217, 111, 1, 1, 'Step 2', 'خطوة 2', NULL, 'ندهن كل قطعة بقليل من زيت الزيتون و القليل من الملح والفلفل ثم نخبزها في فرن ساخن على درجة ١٨٠ لمدة ٢٠- ٢٥دقيقة أو حتى يصبح القلب طريا.', NULL, '1', '2024-07-30 14:45:27', '2024-07-30 14:45:27'),
(218, 111, 1, 1, 'Step 3', 'خطوة 3', NULL, 'على مقلاة ساخنة نضيف الزبدة والزيت ثم البصل المفروم و نطهو البصل حتى يذبل.', NULL, '1', '2024-07-30 14:45:46', '2024-07-30 14:45:46'),
(219, 111, 1, 1, 'Step 4', 'خطوة 4', NULL, 'نضيف اللحم المفروم و نستمر بطهيه على نار عالية حتى تجف كل السوائل الموجوده فيه', NULL, '1', '2024-07-30 14:45:55', '2024-07-30 14:45:55'),
(220, 111, 1, 1, 'Step 5', 'خطوة 5', NULL, 'نضيف الثوم الفلفل الاخضر لخليط اللحم ونقلب لدقيقتين اضافيتين.', NULL, '1', '2024-07-30 14:46:03', '2024-07-30 14:46:03'),
(221, 111, 1, 1, 'Step 6', 'خطوة 6', NULL, 'نضيف معجون الطماطم و عصير الطماطم و البهارات ونتركها تتسبك على نار متوسطة لمدة ٥ دقائق', NULL, '1', '2024-07-30 14:46:14', '2024-07-30 14:46:14'),
(222, 111, 1, 1, 'Step 7', 'خطوة 7', NULL, 'نخرج حبات الباذنجان من الفرن ونضيف معلقة كبيرة من الزبدة لكل قطعة مع القليل من جبنة الموزاريلا.', NULL, '1', '2024-07-30 14:46:40', '2024-07-30 14:46:40'),
(223, 111, 1, 1, 'Step 8', 'خطوة 8', NULL, 'نهرس قلب الباذنجان مع الزبدة والجبنة مع المحافظة على شكل القشرة', NULL, '1', '2024-07-30 14:46:54', '2024-07-30 14:46:54'),
(224, 111, 1, 1, 'Step 9', 'خطوة 9', NULL, 'نضيف ملعقتين كبيرتين من صلصة اللحم والطماطم لحبة الباذنجان', NULL, '1', '2024-07-30 14:47:07', '2024-07-30 14:47:07'),
(225, 111, 1, 1, 'Step 10', 'خطوة 10', NULL, 'ثم تزين بالمزيد من الاجبان و البقدونس الطازج و تقدم ساخنة', NULL, '1', '2024-07-30 14:47:22', '2024-07-30 14:47:22'),
(226, 112, 1, 1, 'Step 1', 'خطوة 1', NULL, 'نقع الطحالات مع الليمون وقشر الليمون وزيت الزيتون والملح لمدة ساعتين', NULL, '1', '2024-07-30 20:12:12', '2024-07-30 20:12:12'),
(227, 112, 1, 1, 'Step 2', 'خطوة 2', NULL, 'نجهز الحشوة بقدونس طماطم ثوم شطة لية بلديي زيت زيتون عصير ليمون بابريكا كمون ملح وفلفل', NULL, '1', '2024-07-30 20:13:59', '2024-07-30 20:13:59'),
(228, 112, 1, 1, 'Step 3', 'خطوة 3', NULL, 'نحشو الطحال ونجهزهم بالصينية', NULL, '1', '2024-07-30 20:14:34', '2024-07-30 20:14:34'),
(229, 112, 1, 1, 'Step 4', 'خطوة 4', NULL, 'نضيف على الوجه مية السماق', NULL, '1', '2024-07-30 20:15:53', '2024-07-30 20:15:53'),
(230, 112, 1, 1, 'Step 5', 'خطوة 5', NULL, 'ندخلهم على الفرن لمدة ساعة ونصف على درجة حرارة ١٨٠', NULL, '1', '2024-07-30 20:16:38', '2024-07-30 20:16:38'),
(231, 113, 1, 1, 'Step 1', 'خطوة 1', NULL, 'نقطع حبات اليوسفي / الماندرين إلى نصفين ونزيل الدواخل', NULL, '1', '2024-08-04 10:40:20', '2024-08-04 10:40:20'),
(232, 113, 1, 1, 'Step 2', 'خطوة 2', NULL, 'نعصر الماندرين و نصفيه', NULL, '1', '2024-08-04 10:40:33', '2024-08-04 10:40:33'),
(233, 113, 1, 1, 'Step 3', 'خطوة 3', NULL, 'نضيف الكريمة والسكر إلى الاناء ونتركه علي النار حتى يغلي على نار وسط مع التحريك ليذوب السكر', NULL, '1', '2024-08-04 10:41:10', '2024-08-04 10:41:10'),
(234, 113, 1, 1, 'Step 4', 'خطوة 4', NULL, 'نخفف النار ونتركه يغلي لمدة 3 دقائق مع التحريك المستمر', NULL, '1', '2024-08-04 10:41:41', '2024-08-04 10:41:41'),
(235, 113, 1, 1, 'Step 5', 'خطوة 5', NULL, 'نرفعه عن النار ونصفيه ونضيف عصير اليوسفي اليه', NULL, '1', '2024-08-04 10:42:55', '2024-08-04 10:42:55'),
(236, 113, 1, 1, 'Step 6', 'خطوة 6', NULL, 'نتركه 10 دقائق حتي يبرد', NULL, '1', '2024-08-04 10:43:28', '2024-08-04 10:43:28'),
(237, 113, 1, 1, 'Step 7', 'خطوة 7', NULL, 'نسكبه داخل حبات اليوسفي وعالبراد 3-4 ساعات او ليلة كاملة.', NULL, '1', '2024-08-04 10:43:49', '2024-08-04 10:43:49'),
(238, 113, 1, 1, 'Step 8', 'خطوة 8', NULL, 'نزينها بشوكولاته مبشوره وبرش البرتقال او سكر مكرمل', NULL, '1', '2024-08-04 10:44:09', '2024-08-04 10:44:09'),
(239, 114, 1, 1, 'Step 1', 'خطوة 1', NULL, 'نتبّل شرائح السلمون بالملح، الفلفل الأسود', NULL, '1', '2024-08-04 10:57:31', '2024-08-04 10:57:31'),
(240, 114, 1, 1, 'Step 2', 'خطوة 2', NULL, 'في مقلاة غير لاصقة، نقلي شرائح السلمون بالزيت و الزبدة على الطرفين 2-3 دقيقة حتى تنضج تماماً.', NULL, '1', '2024-08-04 10:57:40', '2024-08-04 10:57:40'),
(241, 114, 1, 1, 'Step 3', 'خطوة 3', NULL, 'في نفس المقلاة نضيف الثوم ، قطع الليمون ، الهليون', NULL, '1', '2024-08-04 10:57:47', '2024-08-04 10:57:47'),
(242, 114, 1, 1, 'Step 4', 'خطوة 4', NULL, 'نرفع السلمون من المقلاة ونضعه جانباً نقلّب المكونات حتى تذبل ثمّ نضيف عصير الليمون وبشرة الليمون – الخل – وقليل من الماء', NULL, '1', '2024-08-04 10:57:55', '2024-08-04 10:57:55'),
(243, 114, 1, 1, 'Step 5', 'خطوة 5', NULL, 'نضع حبوب الكيبر ثم نضيف كريمة الطبخ والزبدة ونترك الصلصة على النار حتى تغلي', NULL, '1', '2024-08-04 10:58:01', '2024-08-04 10:58:01'),
(244, 114, 1, 1, 'Step 6', 'خطوة 6', NULL, 'نضيف بالملح، الفلفل الأسود ، اكليل الجبل والبقدونس .', NULL, '1', '2024-08-04 10:58:16', '2024-08-04 10:58:16'),
(245, 114, 1, 1, 'Step 7', 'خطوة 7', NULL, 'نعيد شريحة السلمون الى الصلصة ونتركها 5 دقايق لتتشرب الصلصة', NULL, '1', '2024-08-04 10:58:22', '2024-08-04 10:58:22'),
(246, 114, 1, 1, 'Step 8', 'خطوة 8', NULL, 'نزين بالبقدونس .', NULL, '1', '2024-08-04 10:58:27', '2024-08-04 10:58:27'),
(247, 115, 1, 1, 'Step 1', 'خطوة 1', NULL, 'منقطع حبات اليوسفي إلى نصفين ومنزيل الدواخل', NULL, '1', '2024-08-05 18:38:51', '2024-08-05 18:38:51'),
(248, 116, 1, 1, 'Step 1', 'خطوة 1', NULL, 'نقوم بخلط اللحمة جيدا ونشكلهم على شكل أصابع طولية أو كرات', NULL, '1', '2024-08-05 21:23:53', '2024-08-05 21:23:53'),
(249, 116, 1, 1, 'Step 2', 'خطوة 2', NULL, 'ندخلهم الثلاجة ريثما نقوم بتحضير الخضار', NULL, '1', '2024-08-05 21:24:23', '2024-08-05 21:24:23'),
(250, 116, 1, 1, 'Step 3', 'خطوة 3', NULL, 'تحضير الخضار و نضيف عليهم ملح و زيت زيتون', NULL, '1', '2024-08-05 21:26:23', '2024-08-05 21:26:23'),
(251, 116, 1, 1, 'Step 4', 'خطوة 4', NULL, 'ونضعهم في صينية فرن مغطاة بورق ألمنيوم وورق الزبدة على حرارة 180  ( 15-20 دقيقة ) ليطروا وتفوح منهم رائحة الشواء', NULL, '1', '2024-08-05 21:26:44', '2024-08-05 21:26:44'),
(252, 116, 1, 1, 'Step 5', 'خطوة 5', NULL, 'نقطع الخضار المشوية ونخلطهم جيدا ونوزعهم في صينية الفرن', NULL, '1', '2024-08-05 21:26:52', '2024-08-05 21:26:52'),
(253, 116, 1, 1, 'Step 6', 'خطوة 6', NULL, 'نرتب أصابع اللحمة فوق الخضار وندخلهم الفرن لتستوي اللحمة', NULL, '1', '2024-08-05 21:27:04', '2024-08-05 21:27:04'),
(254, 116, 1, 1, 'Step 7', 'خطوة 7', NULL, 'في وعاء، نضع السكر والخميرة والماء، ونقلب جيدًا، ثم نضعه في مكان دافئ لمدة 15 دقيقة.', NULL, '1', '2024-08-05 21:27:25', '2024-08-05 21:27:25'),
(255, 116, 1, 1, 'Step 8', 'خطوة 8', NULL, 'في وعاء كبير، نضع الدقيق والزيت وخليط الخميرة، ونعجن باستخدام الايدي حتى نحصل على عجين طري ومتماسك.', NULL, '1', '2024-08-05 21:27:54', '2024-08-05 21:27:54'),
(256, 116, 1, 1, 'Step 9', 'خطوة 9', NULL, 'نغطي العجين بفوطة نظيفة، ونتركها في مكان دافئ لمدة 40 دقيقة.', NULL, '1', '2024-08-05 21:28:20', '2024-08-05 21:28:20'),
(257, 116, 1, 1, 'Step 10', 'خطوة 10', NULL, 'نفرد العجينة فوق صينية الكفتة وندهنها ب خليط ( صفار البيض – معلقة حليب ) ونزين بحبة البركة و السمسم', NULL, '1', '2024-08-05 21:28:32', '2024-08-05 21:28:32'),
(258, 116, 1, 1, 'Step 11', 'خطوة 11', NULL, 'نضع صينية اللحم والخضار في الفرن 15-20 دقيقة لتحمر العجينة', NULL, '1', '2024-08-05 21:28:40', '2024-08-05 21:28:40');

-- --------------------------------------------------------

--
-- Table structure for table `tutorial_tags`
--

CREATE TABLE `tutorial_tags` (
  `id` bigint(20) NOT NULL,
  `tutorial_id` bigint(20) NOT NULL,
  `tag` varchar(80) NOT NULL,
  `created_at` timestamp NULL DEFAULT NULL,
  `updated_at` timestamp NULL DEFAULT NULL
) ENGINE=InnoDB DEFAULT CHARSET=utf8mb4;

--
-- Dumping data for table `tutorial_tags`
--

INSERT INTO `tutorial_tags` (`id`, `tutorial_id`, `tag`, `created_at`, `updated_at`) VALUES
(1, 1, 'tag_1', '2024-04-12 17:16:06', '2024-04-12 17:16:06'),
(2, 4, 'burger_', '2024-04-13 14:05:57', '2024-04-13 14:05:57'),
(3, 4, 'wagyu', '2024-04-13 14:05:57', '2024-04-13 14:05:57'),
(4, 4, 'golden_ramsay', '2024-04-13 14:05:57', '2024-04-13 14:05:57'),
(5, 8, 'bugar_', '2024-04-14 19:39:28', '2024-04-14 19:39:28'),
(6, 8, 'wagyu_burger_', '2024-04-14 19:39:28', '2024-04-14 19:39:28'),
(7, 11, 'good', '2024-04-29 19:47:53', '2024-04-29 19:47:53'),
(8, 11, 'كوسا', '2024-04-29 19:47:53', '2024-04-29 19:47:53'),
(9, 12, 'ةةة', '2024-05-05 20:37:05', '2024-05-05 20:37:05'),
(11, 20, 'ؤؤؤؤؤ', '2024-05-08 15:33:29', '2024-05-08 15:33:29'),
(13, 32, 'arabic', '2024-05-15 21:31:11', '2024-05-15 21:31:11'),
(14, 32, 'dfadf_fasf_asf', '2024-05-15 21:31:11', '2024-05-15 21:31:11'),
(15, 33, 'healthy_food', '2024-05-16 18:04:04', '2024-05-16 18:04:04'),
(16, 33, 'recipe', '2024-05-16 18:04:04', '2024-05-16 18:04:04'),
(17, 33, 'salad', '2024-05-16 18:04:04', '2024-05-16 18:04:04'),
(18, 33, 'low_calories', '2024-05-16 18:04:04', '2024-05-16 18:04:04'),
(19, 31, 'ggg', '2024-05-23 18:14:44', '2024-05-23 18:14:44'),
(20, 39, 'اكلات_هنديه', '2024-05-26 08:12:19', '2024-05-26 08:12:19'),
(21, 50, 'سرؤء_', '2024-06-08 15:29:33', '2024-06-08 15:29:33'),
(22, 50, 'يؤئءؤ', '2024-06-08 15:29:33', '2024-06-08 15:29:33'),
(23, 50, 'fsv', '2024-06-08 15:29:33', '2024-06-08 15:29:33'),
(24, 50, 'zxcgfd', '2024-06-08 15:29:33', '2024-06-08 15:29:33'),
(25, 50, 'ئءؤشسيب', '2024-06-08 15:29:33', '2024-06-08 15:29:33'),
(26, 50, 'يبلار', '2024-06-08 15:29:33', '2024-06-08 15:29:33'),
(27, 50, 'شسي', '2024-06-08 15:29:33', '2024-06-08 15:29:33'),
(28, 50, 'بلبيل', '2024-06-08 15:29:33', '2024-06-08 15:29:33'),
(29, 76, 'Armenian', '2024-06-25 21:01:34', '2024-06-25 21:01:34'),
(30, 81, 'مصر', '2024-06-30 11:47:13', '2024-06-30 11:47:13'),
(31, 84, 'دجاج', '2024-07-01 00:32:45', '2024-07-01 00:32:45'),
(32, 84, 'وجبة_لذيذة', '2024-07-01 00:32:45', '2024-07-01 00:32:45'),
(33, 85, 'وصفات_مي_ماهر', '2024-07-01 00:56:13', '2024-07-01 00:56:13'),
(34, 85, 'دجاج_بانيه', '2024-07-01 00:56:13', '2024-07-01 00:56:13'),
(35, 86, 'salad', '2024-07-01 14:30:24', '2024-07-01 14:30:24'),
(36, 86, 'chicken_salad', '2024-07-01 14:30:24', '2024-07-01 14:30:24'),
(37, 86, 'low_calories', '2024-07-01 14:30:24', '2024-07-01 14:30:24'),
(38, 87, 'salad', '2024-07-01 15:17:19', '2024-07-01 15:17:19'),
(39, 87, 'sweet_potato', '2024-07-01 15:17:19', '2024-07-01 15:17:19'),
(40, 88, 'salad', '2024-07-01 15:40:16', '2024-07-01 15:40:16'),
(41, 88, 'low_calorie', '2024-07-01 15:40:16', '2024-07-01 15:40:16'),
(42, 89, 'معكرونه', '2024-07-01 16:45:27', '2024-07-01 16:45:27'),
(43, 99, 'Qater', '2024-07-17 13:24:53', '2024-07-17 13:24:53'),
(44, 99, 'jordan_', '2024-07-17 13:24:53', '2024-07-17 13:24:53'),
(45, 99, 'desserts', '2024-07-17 13:24:53', '2024-07-17 13:24:53'),
(46, 109, 'تارت', '2024-07-30 13:00:41', '2024-07-30 13:00:41'),
(47, 109, 'المشمش', '2024-07-30 13:00:41', '2024-07-30 13:00:41'),
(48, 109, 'المبروشة', '2024-07-30 13:00:41', '2024-07-30 13:00:41'),
(49, 109, 'لذيذة', '2024-07-30 13:00:41', '2024-07-30 13:00:41'),
(50, 110, 'نودلز', '2024-07-30 13:37:37', '2024-07-30 13:37:37'),
(51, 110, 'اكل_صيني', '2024-07-30 14:06:10', '2024-07-30 14:06:10'),
(52, 110, 'خضار', '2024-07-30 14:06:10', '2024-07-30 14:06:10'),
(53, 111, 'الباذنجان', '2024-07-30 14:34:54', '2024-07-30 14:34:54'),
(54, 111, 'وجبة_لذيذة', '2024-07-30 14:34:54', '2024-07-30 14:34:54'),
(55, 111, 'شهيه', '2024-07-30 14:34:54', '2024-07-30 14:34:54'),
(56, 112, 'طحالات', '2024-07-30 19:56:17', '2024-07-30 19:56:17'),
(57, 112, 'حشو_نار', '2024-07-30 19:56:17', '2024-07-30 19:56:17'),
(58, 113, 'المندرين', '2024-08-04 10:24:13', '2024-08-04 10:24:13'),
(59, 113, 'حلي', '2024-08-04 10:24:13', '2024-08-04 10:24:13'),
(60, 113, 'يوسفي', '2024-08-04 10:24:13', '2024-08-04 10:24:13'),
(61, 113, 'سهله', '2024-08-04 10:24:13', '2024-08-04 10:24:13'),
(62, 114, 'السلمون', '2024-08-04 10:47:33', '2024-08-04 10:47:33'),
(63, 114, 'بيكاتا', '2024-08-04 10:47:33', '2024-08-04 10:47:33'),
(64, 114, 'صوص_الليمون', '2024-08-04 10:47:33', '2024-08-04 10:47:33'),
(65, 116, 'كفتة', '2024-08-05 20:57:29', '2024-08-05 20:57:29'),
(66, 116, 'مشوية', '2024-08-05 20:57:29', '2024-08-05 20:57:29'),
(67, 116, 'طريقة_تركية', '2024-08-05 20:57:29', '2024-08-05 20:57:29'),
(68, 117, 'جبنة', '2024-08-05 21:33:26', '2024-08-05 21:33:26'),
(69, 117, 'لذيذة', '2024-08-05 21:33:26', '2024-08-05 21:33:26');

-- --------------------------------------------------------

--
-- Table structure for table `tutorial_views`
--

CREATE TABLE `tutorial_views` (
  `id` bigint(20) NOT NULL,
  `tutorial_id` bigint(20) NOT NULL,
  `device_token_id` varchar(300) NOT NULL,
  `created_date` timestamp NOT NULL DEFAULT current_timestamp() ON UPDATE current_timestamp()
) ENGINE=InnoDB DEFAULT CHARSET=utf8mb4;

-- --------------------------------------------------------

--
-- Table structure for table `users`
--

CREATE TABLE `users` (
  `id` bigint(20) UNSIGNED NOT NULL,
  `name` varchar(190) NOT NULL,
  `f_name` varchar(225) DEFAULT NULL,
  `l_name` varchar(225) DEFAULT NULL,
  `facebook_provider_id` varchar(50) DEFAULT NULL,
  `google_provider_id` varchar(50) DEFAULT NULL,
  `apple_provider_id` varchar(50) DEFAULT NULL,
  `email` varchar(50) NOT NULL,
  `MOBILE` varchar(255) DEFAULT NULL,
  `ACCOUNT_VERIFIED_FLAG` tinyint(1) DEFAULT NULL,
  `email_verified_at` timestamp NULL DEFAULT NULL,
  `password` varchar(100) DEFAULT NULL,
  `api_token` text DEFAULT NULL,
  `avatar_path` varchar(200) DEFAULT 'default.png',
  `gender` enum('male','female') DEFAULT NULL,
  `age` varchar(225) DEFAULT NULL,
  `blocked_chefs_ids` text DEFAULT NULL,
  `last_login_at` timestamp NULL DEFAULT NULL,
  `device_token` text DEFAULT NULL,
  `os` enum('android','ios') NOT NULL,
  `device_id` varchar(50) DEFAULT NULL,
  `ip` varchar(20) DEFAULT NULL,
  `EULA_accepted` tinyint(4) NOT NULL DEFAULT 0,
  `account_active` tinyint(1) NOT NULL DEFAULT 1,
  `created_at` timestamp NULL DEFAULT NULL,
  `updated_at` timestamp NULL DEFAULT NULL,
  `LOCATION` text DEFAULT NULL,
  `country` varchar(225) DEFAULT NULL
) ENGINE=InnoDB DEFAULT CHARSET=utf8mb4;

--
-- Dumping data for table `users`
--

INSERT INTO `users` (`id`, `name`, `f_name`, `l_name`, `facebook_provider_id`, `google_provider_id`, `apple_provider_id`, `email`, `MOBILE`, `ACCOUNT_VERIFIED_FLAG`, `email_verified_at`, `password`, `api_token`, `avatar_path`, `gender`, `age`, `blocked_chefs_ids`, `last_login_at`, `device_token`, `os`, `device_id`, `ip`, `EULA_accepted`, `account_active`, `created_at`, `updated_at`, `LOCATION`, `country`) VALUES
(251, 'Hossam', NULL, NULL, NULL, NULL, NULL, 'h.abdelqader123@gmail.com', NULL, 0, '2023-11-22 19:47:44', '123123', 'XYZ', 'default.png', NULL, NULL, NULL, NULL, 'ABC', 'android', NULL, NULL, 0, 1, '2023-11-22 19:47:44', NULL, 'KWT', NULL),
(256, 'zayed 3', 'ahmed', 'ibrahim', 'facebook_provider_id_id', NULL, NULL, 'mo20130123@gmail.com', NULL, NULL, NULL, '$2y$10$PcGsCteV97kAowMPBescJOcwS1aVCPqn191c.DCbG.zYkVZNTKbRe', 'fiY5JTIHwbodHLrlz9z7PsPIKVHNAFb4IDYX0eGEQBw8RWJHDZJVD4hD7Aj51UFxUsXLW1wVKQTDnsuA', 'default.png', 'male', '12', '[21]', NULL, '2wdwdwdw', 'android', NULL, NULL, 0, 1, '2024-02-28 21:00:17', '2024-08-09 21:52:18', NULL, NULL),
(257, 'zayed 2', NULL, NULL, NULL, NULL, NULL, 'mo20130123@gmail.com2', NULL, NULL, NULL, '$2y$10$ws2.wzVueEqY.vrIcqQBiO9hu7KM2tG7e3pZW1LktByi0blO1b/3a', '7qmA4aNHRPPflyR8kSV294bX7TnlvIeTIBTBHXvh7SIadRGFg5h3ZJfUtD6lQKX8I8tPNSElBU1M3OVw', 'default.png', NULL, NULL, NULL, NULL, '2wdwdwdw', 'android', NULL, NULL, 0, 1, '2024-03-01 13:05:21', '2024-03-01 13:05:21', NULL, NULL),
(259, 'zayed 2', NULL, NULL, NULL, NULL, NULL, 'mo20130123@gmail.com4', NULL, NULL, NULL, '$2y$10$Se.YpLG0OsPUqNHy1lpB8u62AFTnk4oEv5zMhAdyy2yVPhoz7xkUK', 'WfBvGffAKTAOuQrDYxTJOU4KGwNij7nbMWHq9IEp6AoGSVUI7Bi0qgJyQM3vTI0OEyBrv8yNHLIyl3MK', 'default.png', NULL, NULL, NULL, NULL, '2wdwdwdw', 'android', NULL, NULL, 0, 1, '2024-03-01 18:02:22', '2024-03-01 18:02:22', NULL, NULL),
(260, 'zayed 2', NULL, NULL, NULL, NULL, NULL, 'mo20130123@gmail.com5', NULL, NULL, NULL, '$2y$10$RHy.JtQbQlVoXlwHmtObxeQqWAV0kQajM2U86zmSqcQ7KrzLeVUW6', 'je5GKNtG1ksQ9kAXBVBcXgZ87Q2rVl56qAzbkStO2fWpEzOdluvCkBcrrgX1xslxBJFSsFz6QBnTU9xK', 'default.png', NULL, NULL, NULL, NULL, '2wdwdwdw', 'android', NULL, NULL, 0, 1, '2024-03-01 18:04:09', '2024-03-01 18:04:09', NULL, NULL),
(261, 'zayed 2', NULL, NULL, NULL, NULL, NULL, 'mo20130123@gmail.com6', NULL, NULL, NULL, '$2y$10$pOts3K1mDSIpUCzFYcpZwuXlP6gawW0qzpI243EVr5taU6ImAYrWu', 'Kn5c5EWUJjI6IeEapVHCQmIGjENfyrfYS2ipWmlDifGPkIzyUjpOYx1HhG5371wKcspCG7ngcfAvaC7W', 'default.png', NULL, NULL, NULL, NULL, '2wdwdwdw', 'android', NULL, NULL, 0, 1, '2024-03-01 19:19:19', '2024-03-01 19:19:19', NULL, NULL),
(262, 'zayed 2', NULL, NULL, NULL, NULL, NULL, 'mo20130123@gmail.com7', NULL, NULL, NULL, '$2y$10$a.Lht.J5VQ0wa35ly3aTRuvchvC9oBbaGLFWQwLN5yS/RIhsNo2O2', 'C4Ex7xHzXXl31JwQmBttWIjJhetO4eQaArbk2OviMb1E4nmZKdfPSrMfXGKRNeDQV29lZ8b7krQAgVer', 'default.png', NULL, NULL, NULL, NULL, '2wdwdwdw', 'android', NULL, NULL, 0, 1, '2024-03-01 19:19:44', '2024-03-01 19:19:44', NULL, NULL),
(263, 'zayed 2', NULL, NULL, NULL, NULL, NULL, 'mo20130123@gmail.com8', NULL, NULL, NULL, '$2y$10$MBDw68ct1/hvoEhNZ58K2.nZ3zL0TEmXyF1hoXw7BaBwzGlbdZKPS', 'g3uGx8fm00y06skEnaKJvbDVJIcHqj3rLLUojmejRNL92YwO9UJy0FrJkPyIcvfU0Maogq4eVkUb8eXq', 'default.png', NULL, NULL, NULL, NULL, '2wdwdwdw', 'android', NULL, NULL, 0, 1, '2024-03-01 19:21:01', '2024-03-01 19:21:01', NULL, NULL),
(264, 'zayed 2', NULL, NULL, NULL, NULL, NULL, 'mo20130123@gmail.com9', NULL, NULL, NULL, '$2y$10$TNZQdka0Y8BWlPxqbjEiVuViMzU656dtRpgQPS/Y1VotzW2eJgXoW', 'PkbgFZ8q1rj8EXjEwbUK0JeJMApW53F89IIjzToj6KQmu4rGfQvsTsIgIm5pN5CEIcWxH5a1eeJFRc96', 'default.png', NULL, NULL, NULL, NULL, '2wdwdwdw', 'android', NULL, NULL, 0, 1, '2024-03-01 19:22:31', '2024-03-01 19:22:31', NULL, NULL),
(265, 'zayed 2', NULL, NULL, NULL, NULL, NULL, 'mo20130123@gmail.com10', NULL, NULL, NULL, '$2y$10$TRu8iEc6bG4ugFJbHjBw1.1mg/47XQqhS0BWdaS1HNxAjAvcDXlqC', 'NqpKAvf0Ks69Dxn4HJDW3tMKGv5KJzwkEvLBT762Koyqzc7JtxblXQ3rkOYYUTucjDVni2pnp15FKyoB', 'default.png', NULL, NULL, NULL, '2024-03-02 11:08:03', '2wdwdwdw', 'android', NULL, NULL, 0, 1, '2024-03-02 11:08:03', '2024-03-02 11:08:03', NULL, NULL),
(266, 'zayed 2', NULL, NULL, NULL, NULL, NULL, 'mo20130123@gmail.com11', NULL, NULL, NULL, '$2y$10$OWTD91Q4bnh9fwfCxmPfaex40rQaCNkEWrz16rlG7y9O/hCs38Ley', 'FZrsLjxPF33SSjkqgKMbYXnoXYHoj2xp7PeoX7lVsphdlJpop6TS0keEzZBEByedC2nOpqZaxnEmhyKi', 'default.png', NULL, NULL, NULL, '2024-03-02 11:12:48', '2wdwdwdw', 'android', NULL, NULL, 0, 1, '2024-03-02 11:12:48', '2024-03-02 11:12:48', NULL, NULL),
(267, 'zayed 2', NULL, NULL, NULL, NULL, NULL, 'mo20130123@gmail.com12', NULL, NULL, NULL, '$2y$10$m4akRCdPRTWcd85BKLkKeeesAD6nqa/KVFkqGBj/Yc5C08yOk.18a', 'dr8ikeJIQYmE4uhgFPsMPFYSsVO64aMAJI1nkzS73By1bSGrsKE9Dm3LmMsG7YJ1wyy2drcy7xTSNULT', 'default.png', NULL, NULL, NULL, '2024-03-02 13:48:32', '2wdwdwdw', 'android', NULL, NULL, 0, 1, '2024-03-02 13:48:32', '2024-03-02 13:48:32', NULL, NULL),
(268, 'zayed 2', NULL, NULL, NULL, NULL, NULL, 'mo20130123@gmail.com13', NULL, NULL, NULL, '$2y$10$nLcU.KKN2feBFiMUkKD0c.3OFQVBiASwyHhTgIhrLF0bYhQxudTYy', 'EEk2F2v8NXCXJDscmTSDIuyOLymYgBGofrYziwyEYO1rJoCAVuFEvZn8yl8DwdsbhrzkUlSKeON2653q', 'default.png', NULL, NULL, NULL, '2024-03-02 13:53:05', '2wdwdwdw', 'android', NULL, NULL, 0, 1, '2024-03-02 13:53:06', '2024-03-02 13:53:06', NULL, NULL),
(269, 'zayed 2', NULL, NULL, NULL, NULL, NULL, 'mo20130123@gmail.com14', NULL, NULL, NULL, '$2y$10$0yVvo5gT6tJSBVxzTPPc5O8V3VDTwjYuT6ArbgmwGwK5TTDilJBKK', 'Q8ftarfOSPItjH8dab7ek1cpoe5S310da4zgHOEtydZU9oQ7wwwDRj4i7dWUd83519pMLiSg2bOJcRfz', 'default.png', NULL, NULL, NULL, '2024-03-02 13:56:45', '2wdwdwdw', 'android', NULL, NULL, 0, 1, '2024-03-02 13:56:45', '2024-03-02 13:56:45', NULL, NULL),
(270, 'zayed 2', NULL, NULL, NULL, NULL, NULL, 'mo20130123@gmail.com15', NULL, NULL, NULL, '$2y$10$j31H8IwS0YoqCBkcHKMqKezgZ8wp0/pgF3C62/O7TRQNq11kmtvLO', 'gjpQKRzGEwgEPhFRYRtONeFvfWB0fg1wxvAxXaD9dhRg5nmddg6Tm6kyL0lWiKnqUoCSiILAenkpsK76', 'default.png', NULL, NULL, NULL, '2024-03-02 13:56:54', '2wdwdwdw', 'android', NULL, NULL, 0, 1, '2024-03-02 13:56:54', '2024-03-02 13:56:54', NULL, NULL),
(271, 'zayed 2', NULL, NULL, NULL, NULL, NULL, 'mo20130123@gmail.com16', NULL, NULL, NULL, '$2y$10$BWn0hYhWZc.vuvGJXGEb0.jobkgh7Uc.sRk5ai0tBE9HnQ7MgXDYu', 'l0lbSciwKmyHypabQ6uLGPU5alhd1562DWG03Rj1ISuWY2Sk2FouYi11eclu3MabuBXXhKqIQOVBWUoZ', 'default.png', NULL, NULL, NULL, '2024-03-02 14:01:44', '2wdwdwdw', 'android', NULL, NULL, 0, 1, '2024-03-02 14:01:44', '2024-03-02 14:01:44', NULL, NULL),
(272, 'zayed 2', NULL, NULL, NULL, NULL, NULL, 'mo20130123@gmail.com17', NULL, NULL, NULL, '$2y$10$h1e7Paa78n17.wd6t9aBee9Fnc1BvixYAhdqKAKf5Tf46DyoAfg.2', 'JKPfI3N5SQUvBDRJko240kgIFr92unRtMO3rknyKTK7nh2NawI4VnY9IT2nK1hAxE4Q8NoqZTvLEPV2z', 'default.png', NULL, NULL, NULL, '2024-03-02 14:03:21', '2wdwdwdw', 'android', NULL, NULL, 0, 1, '2024-03-02 14:03:21', '2024-03-02 14:03:21', NULL, NULL),
(273, 'zayed 2', NULL, NULL, NULL, NULL, NULL, 'mo20130123@gmail.com18', NULL, NULL, NULL, '$2y$10$e1giyiaH67bmJf5EsE6d/OiUrPoXoA2zONjmXXpcna6N1hGUPMTfe', 'dLg0dtUMQKCg2jaVYIbFpCYNQNRHecqX1xKurwABY0dmpOLNpeI8eWcqsKJzSNZe0wJRKXxNSPxCPrgK', 'default.png', NULL, NULL, NULL, '2024-03-02 14:04:08', '2wdwdwdw', 'android', NULL, NULL, 0, 1, '2024-03-02 14:04:08', '2024-03-02 14:04:08', NULL, NULL),
(274, 'zayed 2', NULL, NULL, NULL, NULL, NULL, 'mo20130123@gmail.com19', NULL, NULL, NULL, '$2y$10$vQdymL7SGai40D3MirZwGesAkicwv4uyPRnnQ3qFS0VsRfHtpsoTm', 'zZBQZx1bor8bI3WKlM105DcYK5xSum2EGOFZnn3f9Vl4gDxfk01fmIGNs8vF9bYoEpDBKxdsr6qJPq1n', 'default.png', NULL, NULL, NULL, '2024-03-02 14:06:50', '2wdwdwdw', 'android', NULL, NULL, 0, 1, '2024-03-02 14:06:50', '2024-03-02 14:06:50', NULL, NULL),
(275, 'zayed 2', NULL, NULL, NULL, NULL, NULL, 'mo20130123@gmail.com20', NULL, NULL, NULL, '$2y$10$YftPHm6ya5MK5MBIbg.sP.k4oehREK02DKiCCNOtsTwy4a8B7ykkG', 'nURWpiYp6pGIdJXnpFkKNYP31irSIZh8cb1VrepmNjm7BNUHIRDJWTABlqo58AdDgA0T2j2x1sGAw8GL', 'default.png', NULL, NULL, NULL, '2024-03-02 14:10:32', '2wdwdwdw', 'android', NULL, NULL, 0, 1, '2024-03-02 14:10:32', '2024-03-02 14:10:32', NULL, NULL),
(276, 'zayed 2', NULL, NULL, NULL, NULL, NULL, 'mo20130123@gmail.com21', NULL, NULL, NULL, '$2y$10$G9KoCQNYLHdKgdPdZ58QNeFJgwj2aQafNPwMzaxWCemqnEDMkmuGG', 'RSbU1BIZ6l4BfUD4Qq9WCme8vre5cit8iA6nCCXAfx3bIRQmkaJ0TlbBH9KocEmBTAp6wsqMkm8t9I73', 'default.png', NULL, NULL, NULL, '2024-03-02 14:11:19', '2wdwdwdw', 'android', NULL, NULL, 0, 1, '2024-03-02 14:11:19', '2024-03-02 14:11:19', NULL, NULL),
(277, 'zayed 2', NULL, NULL, NULL, NULL, NULL, 'mo20130123@gmail.com22', NULL, NULL, NULL, '$2y$10$NcVLO21xM5yRpFO9ckXpw.usXFiqeQKb4bOw1B2BcMM66F2.ngVXy', '2acdVplglY862ltFPAebMBH0cPCax1rEPQEWdwOWYMgf7kJ8SVn22hbX22orQXtYr1GagXrbYpHm6G4D', 'default.png', NULL, NULL, NULL, '2024-03-02 14:17:44', '2wdwdwdw', 'android', NULL, NULL, 0, 1, '2024-03-02 14:17:44', '2024-03-02 14:17:44', NULL, NULL),
(278, 'zayed 2', NULL, NULL, NULL, NULL, NULL, 'mo20130123@gmail.com23', NULL, NULL, NULL, '$2y$10$wZXkGllqgPOp6rV3Amjov.cvbGSpy6DrASimcXcJbL5Jir9veagk6', 'QHxiu6U8FuKpCq2yxxdyotZgs2YXRVWxkJ3xFNiv9tIKWVBOxp3v3mvW0WKJOtPrlA1s0Zfr096AXHkD', 'default.png', NULL, NULL, NULL, '2024-03-02 14:19:02', '2wdwdwdw', 'android', NULL, NULL, 0, 1, '2024-03-02 14:19:02', '2024-03-02 14:19:02', NULL, NULL),
(279, 'zayed 2', NULL, NULL, NULL, NULL, NULL, 'mo20130123@gmail.com24', NULL, NULL, NULL, '$2y$10$L56JpHzjfqyPpJxq2xEyQOZ1CxW8fXUvkUcm.imAK.kWA/jedrAqW', 'WMsAqFvGKPCO2iusnUhyt5inT3OuW29194ZW52oKFHW02bppaeNH9kKnsUIeVytKWDipL2Sr4jozOtHs', 'default.png', NULL, NULL, NULL, '2024-03-02 14:30:24', '2wdwdwdw', 'android', NULL, NULL, 0, 1, '2024-03-02 14:30:25', '2024-03-02 14:30:25', NULL, NULL),
(280, 'zayed 2', NULL, NULL, NULL, NULL, NULL, 'mo20130123@gmail.com25', NULL, NULL, NULL, '$2y$10$oPSJydVdUvINye1d8LJeleVULYWomvy8kIrsGwwW90si5kJXAmL0e', 'GBd57knMLrxW5iJN8FNgtJ0I1ek8S4kKQ8IbEW8iwp7JRle535zV1mUYiRd9js2EbvBp735HtnkdgIow', 'default.png', NULL, NULL, NULL, '2024-03-02 14:31:39', '2wdwdwdw', 'android', NULL, NULL, 0, 1, '2024-03-02 14:31:39', '2024-03-02 14:31:39', NULL, NULL),
(281, 'zayed 2', NULL, NULL, NULL, NULL, NULL, 'mo20130123@gmail.com26', NULL, NULL, NULL, '$2y$10$1VyuP6.5gR/Eh5xHkNqC.O2KwEaqAH3fAhgw7.XIyN7Db07WrDLCK', 'FO1nSCSUqjGcyKdgVBztu2KUFasPC5GVCbkPW7iRwLpzY0cgVGs3w94NTl4c1jonSeGPk7C5eYh8z1Ky', 'default.png', NULL, NULL, NULL, '2024-03-02 14:34:32', '2wdwdwdw', 'android', NULL, NULL, 0, 1, '2024-03-02 14:34:32', '2024-03-02 14:34:32', NULL, NULL),
(282, 'zayed 2', NULL, NULL, NULL, NULL, NULL, 'mo20130123@gmail.com27', NULL, NULL, NULL, '$2y$10$ckwt47U1iATAVWVPyqRqV.Pa8rIDv2NyNKSMpxdTXuAvVgvh4t4vW', 'H188OPQfdUOMlX92ehBNNjK2zf5Impq6vExdrieQKDQ5rskVbgePHEaWTN3wNIGeQoqCo6UGYaYc3bpV', 'default.png', NULL, NULL, NULL, '2024-03-02 14:35:08', '2wdwdwdw', 'android', NULL, NULL, 0, 1, '2024-03-02 14:35:08', '2024-03-02 14:35:08', NULL, NULL),
(283, 'zayed 2', NULL, NULL, NULL, NULL, NULL, 'mo20130123@gmail.com28', NULL, NULL, NULL, '$2y$10$569X.3VQ/C62NCi/NKfkaeNTURIvNmptpCNrbwKS0Ye4.rHv4GF8a', 'TrGQqjHZvqKP9PRYrWzXutEf6Mu2MaOAmD82Z9LSAokpekCMOTN6lsDqyTXfNmEwvkDzejzY5UPUGXdd', 'default.png', NULL, NULL, NULL, '2024-03-02 14:43:03', '2wdwdwdw', 'android', NULL, NULL, 0, 1, '2024-03-02 14:43:03', '2024-03-02 14:43:03', NULL, NULL),
(284, 'zayed 2', NULL, NULL, NULL, NULL, NULL, 'mo20130123@gmail.com29', NULL, NULL, NULL, '$2y$10$UJX4V5opKvWnBZblOVhNnuK4awrj7O10GCKPLav67FGAQAcpHrVje', 'yOMKmvRH4VHftczL2oegD5ioh9FcINx4m6LscLiMwsr2vlawOjFmXeUtRXoeJUaSkQ1gRaEMZtLozxba', 'default.png', NULL, NULL, NULL, '2024-03-02 14:53:45', '2wdwdwdw', 'android', NULL, NULL, 0, 1, '2024-03-02 14:53:45', '2024-03-02 14:53:45', NULL, NULL),
(285, 'zayed 2', NULL, NULL, NULL, NULL, NULL, 'mo20130123@gmail.com30', NULL, NULL, NULL, '$2y$10$8Y/GmuRlsG4kV0tjfU26l.8wTbEIa.7xgAkKWP.GkW441TtySF43C', 'WQVtxvknRpXni96uEcxqa61lXAv29TEuRtB9rNjFQ44C4popaPQNFglWOQq9oyC3TfRpTrWZHgXj2IVf', 'default.png', NULL, NULL, NULL, '2024-03-03 21:16:08', '2wdwdwdw', 'android', NULL, NULL, 0, 1, '2024-03-03 21:16:09', '2024-03-03 21:16:09', NULL, NULL),
(286, 'zayed 2', NULL, NULL, NULL, NULL, NULL, 'mo20130123@gmail.com31', NULL, NULL, NULL, '$2y$10$2dDO/qAzPLrEDk8RfUorDu3rnfaKpd2JLJXtu.QJK4hfU6GKsVjWy', 'zqaRg6J9uZSRddtFENqCOPIaYaxG5WGrFkwBESAHWCVtU4VygWuvIPRyNI6eoN7ZrrU952gKObhdufqy', 'default.png', NULL, NULL, NULL, '2024-03-03 21:17:21', '2wdwdwdw', 'android', NULL, NULL, 0, 1, '2024-03-03 21:17:21', '2024-03-03 21:17:21', NULL, NULL),
(287, 'zayed 2', NULL, NULL, NULL, NULL, NULL, 'mo20130123@gmail.com32', NULL, NULL, NULL, '$2y$10$TwPoVf2yBaTJIGgReHTGlu.cypnbWsoX39Wg7oopYhi45UIrSodge', '3MsmdqFriUZxJSbvsVuFWj1hDG1YGhHF9l5N204j2MRmeN8EX5jIT0YGY6JLeTBFq9Mm4efu4Meh3amF', 'default.png', NULL, NULL, NULL, '2024-03-03 21:17:33', '2wdwdwdw', 'android', NULL, NULL, 0, 1, '2024-03-03 21:17:33', '2024-03-03 21:17:33', NULL, NULL),
(288, 'zayed 2', NULL, NULL, NULL, NULL, NULL, 'test@gmail.com', NULL, NULL, NULL, '$2y$10$Y.tr54SxbqBVUPw0XnsjUuYcq8DFUDFdl3e4EWkDRHwOIN2b2.5cG', 'SjREx6k40fAE6Yd86WQflkNh04I6ADZObYjDnZIXNwNLsjn2mUPi3Svalm250SUicqiw0h7u4EXq5Sua', 'default.png', NULL, NULL, NULL, '2024-03-11 18:51:56', '2323', 'android', NULL, NULL, 0, 1, '2024-03-10 08:00:44', '2024-03-11 18:51:56', NULL, NULL),
(289, 'ahmed 2', NULL, NULL, NULL, NULL, NULL, 'ahmed2020@yahoo.com', NULL, NULL, NULL, '$2y$10$0iHT3iF8QNLYotvi9lxCbOCxDPLdSwAQrivZjR58XiwCHglZ9c0Ye', 'OaBbHlHzyZ8GN0C5K7bQk123Aq48y4u7Pg2VkOtYeXfM2VH5bdmhLO6NBvJfcD7l883PT2YAFysl3v4a', 'default.png', NULL, NULL, NULL, '2024-03-11 18:36:28', '2323', 'android', NULL, NULL, 0, 1, '2024-03-11 18:35:52', '2024-03-11 18:36:28', NULL, NULL),
(290, 'testale 2', NULL, NULL, NULL, NULL, NULL, 'testalerg@gmail.com', NULL, NULL, NULL, '$2y$10$wziSXHi6GzIW.REk5ppuTOeT9Q8vwNhy4FPd5zAPiY.jrmy5mmTHa', 'T2hfqdYEgNKaZ8ARqxZOs9XxWwQI371MwvpyOZZIEsuvCHvt8N4KBLTYDGB9vhQnWb1TIpgIVMcmYsss', 'default.png', NULL, NULL, NULL, '2024-03-11 21:09:06', '2323', 'android', NULL, NULL, 0, 1, '2024-03-11 21:00:52', '2024-03-11 21:09:06', NULL, NULL),
(291, 'testale 2', NULL, NULL, NULL, NULL, NULL, 'testalerg1@gmail.com', NULL, NULL, NULL, '$2y$10$TCc02R1A3.Osfwa/5WiEEe3hLbZbaXXCY7W6KdtGqNLg1POcfT2qy', '5J6qtc1OlDCiedPhsgufBrRuc6143yI2zjXYmPRpfmtcHFZg9c5GukvmoGeHqJ2TMLouVM6Oz7cxwgqG', 'default.png', NULL, NULL, NULL, '2024-03-11 21:38:34', '2323', 'android', NULL, NULL, 0, 1, '2024-03-11 21:37:52', '2024-03-11 21:38:34', NULL, NULL),
(292, 'testale 2', NULL, NULL, NULL, NULL, NULL, 'noor@gmail.com', NULL, NULL, NULL, '$2y$10$QmJnOdPYrIbaExEn2POFROf4QWHVPD0AbXz6Neku/8ZGVvfKTV8sK', 'XlVd30nvmKZTPvSfnIHx3E7YziF5hvQW9lsVVre8C1e10hlOLdFqtfxQLMoUK9lr8zXB4368hY5FeCow', 'default.png', NULL, NULL, NULL, '2024-03-11 21:50:03', '2wdwdwdw', 'android', NULL, NULL, 0, 1, '2024-03-11 21:50:03', '2024-03-11 21:50:03', NULL, NULL),
(293, 'noor', NULL, NULL, NULL, NULL, NULL, 'noor@gmail', NULL, NULL, NULL, '$2y$10$P/wyDcHo.JBHco9d0nfbsO4rghTUW0dXH6UPk9p6XVPrCIHOOaS9.', '5qBCYcjoRsN82LHIPbtgjfu4GyKwIVT65iiKVvQ1aO01BSrlLvIXwTdr4avMnVB0tf1SdH4nHxd91VOe', 'default.png', NULL, NULL, NULL, '2024-03-11 21:50:56', '2wdwdwdw', 'android', NULL, NULL, 0, 1, '2024-03-11 21:50:56', '2024-03-11 21:50:56', NULL, NULL),
(294, 'noor chang', NULL, NULL, NULL, NULL, NULL, 'noor1@gmail.com', NULL, NULL, NULL, '$2y$10$9tWN6nL/JjZcGOxqfjbaB.sk497i5dkTul.CZGIza/pnYMDBnP0KC', 'nbkgIYyTK8HyU3M2Ko9zfFpmvIH9pSofgM8kJn8Zbj6618qyEFoI4ez7Mv7GaJWoQgmZcBTxaMxDitmT', 'default.png', NULL, NULL, NULL, '2024-03-11 21:53:14', '2323', 'android', NULL, NULL, 0, 1, '2024-03-11 21:52:37', '2024-03-11 22:08:52', NULL, NULL),
(295, 'zayed 2', NULL, NULL, NULL, NULL, NULL, 'mo0123@gmail.com4', NULL, NULL, NULL, '$2y$10$7MJZP13LCnKpisSmA8n2NOfQEVRNP1TgiutVUzoKjTn3qqxFKw5Xi', 'irhVavV9FJkYEHre2hgNSwqJui8ZYUe7GLmrBPsl4GVoROcWTGiYzHsjbkcHEWgkWLlv80Wsp2NpXHta', 'default.png', NULL, NULL, NULL, '2024-03-11 22:23:12', '2323', 'android', NULL, NULL, 0, 1, '2024-03-11 22:21:47', '2024-03-11 22:23:12', NULL, NULL),
(296, 'zayed 2', NULL, NULL, NULL, NULL, NULL, 'noortest@gmail.com4', NULL, NULL, NULL, '$2y$10$BRTjteKbc5wVpax2s96NBuMVkiO/1xgo161gu8XZQ/2r5fzR4jqMa', 'MkH0uCxDOg73Tkk1l3fybtINc2nq5g9Wmy0i38IdjOlZ4518mcy6LxO9YwlVjtVUs3cfH0Asn61kyZn7', 'default.png', NULL, NULL, NULL, '2024-03-13 22:35:09', '2wdwdwdw', 'android', NULL, NULL, 0, 1, '2024-03-13 22:35:09', '2024-03-13 22:35:09', NULL, NULL),
(297, 'zayed 2', NULL, NULL, NULL, NULL, NULL, 'noortest@gmail', NULL, NULL, NULL, '$2y$10$SXfcSGnFufU9O6AVda3hje/RugYtXP7qu.tBfBDcvsBQw0Ud18qcC', 'ktwbuFJdPj6Bh0Y0uQenGeB1WNfHls3bUsLRSxiW0OpZxSUf3rbQeNoqDI8qon2BGb9IuJhol390vIJT', 'default.png', NULL, NULL, NULL, '2024-03-13 22:35:38', '2wdwdwdw', 'android', NULL, NULL, 0, 1, '2024-03-13 22:35:38', '2024-03-13 22:35:38', NULL, NULL),
(298, 'zayed 3', NULL, NULL, NULL, NULL, NULL, 'gasemtest@gmail.com', NULL, NULL, NULL, '$2y$10$Faoo2n7NvG.pBkD0driQUOfCX3AryhoT/XJEBTPIQpysbmU6QD3Ta', 'nlPU25895Mkx29z5bMG7Y0Dkn1AqIeCHoG4OvNezm6LyFRDamalXXSttnG5BNuYRpaM8NrQg5KfA8CfC', 'default.png', NULL, NULL, NULL, '2024-03-23 20:44:19', '2323', 'android', NULL, NULL, 0, 1, '2024-03-14 21:26:23', '2024-03-23 20:44:19', NULL, NULL),
(299, 'gasem', 'go', 'go', NULL, NULL, NULL, 'gk@chefshub.net', NULL, NULL, NULL, '$2y$10$Yg/Ny6YhfOnCJC7LQw9K4egeVQmEqzGw/ef/uMLmLTXaioQu76pe2', '3FEpwTlbd2YNw5YArksJddugQXWgqagNFzYLDVsVi5G9EXVioQmV2SxaH2wwnaoxJdz6c4yoaBtkJO7K', 'default.png', 'male', NULL, NULL, '2024-05-22 14:28:03', '4FCE8231-691B-434C-A98B-6D84A0EE373E', 'ios', NULL, NULL, 0, 1, '2024-03-16 19:49:09', '2024-05-22 14:28:03', NULL, NULL),
(300, 'zayed 2', NULL, NULL, NULL, NULL, NULL, 'noreply@chefshub.site', NULL, NULL, NULL, '$2y$10$Oc7LzjQJxprzd605t9IsLebboYVgVLrDFMDqmfKWyYx148XxW6RoW', '24TNpgR1HNs9hikNU8F9lYWruFff4juQ9PS1F41nGfVc9dKAoVHDrgQETw8zXaV0kSjxHzB4MlggzB78', 'default.png', NULL, NULL, NULL, '2024-03-17 22:20:16', '2wdwdwdw', 'android', NULL, NULL, 0, 1, '2024-03-17 22:20:16', '2024-03-17 22:20:16', NULL, NULL),
(301, 'zayed 3', NULL, NULL, NULL, NULL, NULL, 'ahmedahmed@gmail.com', NULL, NULL, NULL, '$2y$10$QyPWzWK1s88HWVxZr.sWVeMi3HI0goHFjTx7sjBSu3vqlrkmxECcO', 'kindFPYZP8kIDbbfjISPPllRcwZlbuEOax1Dd78vtW96YVoY9EAS7L4biBd27exlZxMUI3YJJsgrA6Ir', 'default.png', NULL, NULL, NULL, '2024-05-01 08:44:39', '3BFD1906-70D6-4B7B-8E2F-B10D1DB88691', 'ios', NULL, NULL, 0, 0, '2024-03-19 21:11:31', '2024-05-01 08:44:45', NULL, NULL),
(302, 'gasem', NULL, NULL, NULL, NULL, NULL, 'chefshubapp@gmail.com', NULL, NULL, NULL, '$2y$10$Iwp.jOP68uTI1x1pav4GbOpJL.m4HGIEQBH1QpuWX5tYTJLyQYytG', 'uFd93H0uhhRSUDF3WchXnb5ECWyPnW9gmtHIGUlf1iibD0daDZy3xeQFbjRwBqArOzGknxF646glvA9p', 'default.png', NULL, NULL, NULL, '2024-03-21 23:07:17', '2wdwdwdw', 'android', NULL, NULL, 0, 1, '2024-03-21 23:07:17', '2024-03-21 23:07:17', NULL, NULL),
(303, 'zayed 3', NULL, 'ibrahim', NULL, '107860357313007661659', NULL, '', NULL, 1, '2024-05-10 20:38:30', NULL, 'idyqD4XKh80J1UeZamqHfh5gVHnQIFQ9pnSW2bt9QyHwnsjoXAZXxgswlwETIpRCzx7n7GlPZW2dVJM6', 'default.png', 'male', '12', NULL, '2024-05-10 20:38:30', '681BE1C8-3D2D-4C92-B83B-E51A80AD6E9D', 'ios', NULL, NULL, 0, 0, '2024-03-26 23:29:19', '2024-05-11 13:28:30', NULL, NULL),
(304, 'Ahmad Ibrahim', NULL, NULL, NULL, NULL, '001810.1050fb90c8f146908e7470b497e72fc5.2334', 'ahmadibrahim2020@yahoo.com', NULL, 1, '2024-05-12 21:48:39', NULL, 'zvH89Kgepuy2cMFjneKShmcxG7w7UkhCafT30ovaZFbEgGffoLqvvF3rczvhGaiHSjmf6SwLKxguQkl9', 'default.png', NULL, NULL, NULL, '2024-05-12 21:48:39', 'AA5684B4-F688-4362-B7D5-7BD1CF6902A9', 'ios', NULL, NULL, 0, 0, '2024-03-26 23:34:52', '2024-05-12 21:49:04', NULL, NULL),
(305, 'Ahmed', NULL, NULL, NULL, NULL, NULL, 'ahmedahmed2@gmail.com', NULL, NULL, NULL, '$2y$10$H9YTZc6q.JEUIQObMM8HQ.EyNBOP5m/BxS3fwiClwqT5g0xSSFkUe', 'hNVf05rOadTtmahZp8qJurlesVm7MHncT2s4qstuNdWFrJSCGgUutYFdTnwgv0U1I5gLbaoQ16zVO2HR', 'default.png', NULL, NULL, NULL, '2024-04-09 09:23:49', '9366DBA0-651F-458A-A96C-30762A7B1617', 'ios', NULL, NULL, 0, 1, '2024-04-08 22:55:23', '2024-04-09 09:23:49', NULL, NULL),
(306, 'أحمد', NULL, NULL, NULL, NULL, NULL, 'ahmedahmed3@gmail.com', NULL, NULL, NULL, '$2y$10$qh3NW6Bbi2j76dh.PW278uKl7R0SudydCH07S1EePNz/CUfm4.D9C', 'oSRaPd97qr3SSe6X8TdiHfZobFUSEqI0hd01j2OhmXUCS1MMq8JC87Fsr7W5pnyA38aQzlrVjUzxkklR', 'default.png', NULL, NULL, NULL, '2024-04-09 13:40:36', '9366DBA0-651F-458A-A96C-30762A7B1617', 'ios', NULL, NULL, 0, 1, '2024-04-09 09:56:54', '2024-04-09 13:40:36', NULL, NULL),
(307, 'zayed 2', NULL, NULL, NULL, NULL, NULL, 'ahmedahmed4@gmail.com', NULL, NULL, NULL, '$2y$10$BW5KM1Z1kDqtZA7i11X8yO.d1s26c5ETw/9z4fT7W7A897PS.LfVu', 'DhRgudQs89Mb7flLE7B6PkD4AMd2gv6ElXCEgVBV3qSGyFSdfhgpYqHiQxuBi2LyazaEeqvbD2UOvkmN', 'default.png', NULL, NULL, NULL, '2024-04-09 10:02:38', '2wdwdwdw', 'android', NULL, NULL, 0, 1, '2024-04-09 10:02:38', '2024-04-09 10:02:38', NULL, NULL),
(308, 'zayed 2', NULL, NULL, NULL, NULL, NULL, 'a_n222233@yahoo.com', NULL, NULL, NULL, '$2y$10$LFyPcqeANeg9ngxjk3r7NuRua3jZDIrnF.poP9D15Dh2QRYFy8W.q', 'pfUYHnpw9k2O9pwNSph7aDHxZsA4BAImt4lcdhkb4OEy0DqZ9Jn247DYmQURV1AThtVVaQFsHB5WneI5', 'default.png', NULL, NULL, NULL, '2024-04-09 14:37:55', '2wdwdwdw', 'android', NULL, NULL, 0, 1, '2024-04-09 14:37:55', '2024-04-09 14:46:56', NULL, NULL),
(309, 'zayed 65', NULL, 'ibrahimm', NULL, NULL, NULL, 'ahmedahmed20@yahoo.com', NULL, 1, '2024-05-17 13:31:05', '$2y$10$rNAZ4ZxLEPBqnOZHtOu9muqn15vJmwRKxlNrlJGtS2d6oHGNqA1k2', 'z31MMY37tJbTGRd8akfcGbDEktJ1v3EYAf3gviZnPastrMLFtkHPhWqEV7o9odOvuw9QQofDLyWB6SbW', 'default.png', 'male', '24/05/2009', '[52,49,40]', '2024-08-03 08:41:27', '2323', 'android', NULL, NULL, 0, 1, '2024-04-12 09:30:34', '2024-08-03 14:46:39', NULL, NULL),
(310, 'zayed 2', NULL, NULL, NULL, NULL, NULL, 'ahmedahmed202@yahoo.com', NULL, 1, '2024-04-12 17:49:20', '$2y$10$PJvCSClgd2JQ/pPZ9kXXnuOjqfqWxgkSWUHJumtayUByIjssyrjHO', 'BxZ2PBsLR1Nyt4HmDywRhoved7xrYrVvxqB67OiWX8AFqsZorQVSWmzqRvSYOxv96BPkU676HwZQqDWs', 'default.png', NULL, NULL, NULL, '2024-04-12 20:32:39', '9366DBA0-651F-458A-A96C-30762A7B1617', 'ios', NULL, NULL, 0, 1, '2024-04-12 17:36:32', '2024-04-12 20:32:39', NULL, NULL),
(311, 'zayed 2', NULL, NULL, NULL, NULL, NULL, 'ahmedahmed2022@yahoo.com', NULL, 1, '2024-04-12 20:34:27', '$2y$10$EdmW7jdLAVVDOaY.7TFZHut3leMkPjTcCIAzx81vOI6vC8QLjAMX6', 'dFnSy586liBJeiTJoNXprvzjoMii88iowWNrJ2qUkdtYN4pZSbKucOaei6maXIfQ7nkHkFAMQkuYRglC', 'default.png', NULL, NULL, NULL, '2024-04-13 06:39:39', '9366DBA0-651F-458A-A96C-30762A7B1617', 'ios', NULL, NULL, 0, 1, '2024-04-12 20:32:10', '2024-04-13 06:39:39', NULL, NULL),
(314, 'Haggadah', NULL, NULL, NULL, NULL, NULL, 'ahmed20200@yahoo.com', NULL, NULL, NULL, '$2y$10$i2Aud4y/mK0BHZyJBByme.LY3peDHpvb9jCqJ0Rllt4SuyUHFd5hu', 'rENmtrU6R3lkTjKZIBhMBH1aKf2aYfXyWOCjaNbgCXecqqaeb2RnTQa7JN4vXfKupBm3CufPlPCBVpXK', 'default.png', NULL, NULL, NULL, '2024-04-13 06:41:29', '9366DBA0-651F-458A-A96C-30762A7B1617', 'ios', NULL, NULL, 0, 1, '2024-04-13 06:41:29', '2024-04-13 06:41:29', NULL, NULL),
(315, 'Test1', NULL, NULL, NULL, NULL, NULL, 'testemail@g.com', NULL, NULL, NULL, '$2y$10$heN6bv5RSnrNDvFa5UD2JecXsil1u71nkIPXnX8s2vgrAaZJnwa1W', 'Js9K5ChneXuQ4icqrmHgIczhqfkQNWJq9RcYQrXknysfUUQkuZrC3qBPlKsDwW8MPPEaVtbSZz2VwdUO', 'default.png', NULL, NULL, NULL, '2024-04-13 08:40:52', '4EA7ED5E-F43D-4F87-9161-64421EFEF253', 'ios', NULL, NULL, 0, 1, '2024-04-13 08:40:52', '2024-04-13 08:40:52', NULL, NULL),
(316, 'Test1', NULL, NULL, NULL, NULL, NULL, 'testemai1@g.com', NULL, NULL, NULL, '$2y$10$/yo.LGoDq0C8pZojyuAHI.H7t9SLr..WCFFpsG/ZtKB7x.hmVjtRq', 'JJm7JzuxdfuxeoovxF0hvLuRihfmFyXtXftQnAcPlHBQECK3geL89eJEVX6IYBDz4ZpDa3cGILLnEy64', 'default.png', NULL, NULL, NULL, '2024-04-13 08:43:20', '4EA7ED5E-F43D-4F87-9161-64421EFEF253', 'ios', NULL, NULL, 0, 1, '2024-04-13 08:41:26', '2024-04-13 08:43:20', NULL, NULL),
(318, 'Javsvsv', NULL, NULL, NULL, NULL, NULL, 'test2727@gn.com', NULL, NULL, NULL, '$2y$10$ywtr0vmVxNPiUhlO8CA3VuPR3faLM/.NQzHTa8nOmJFoP0dVXmKT2', 'cFX5wuvPXBwzYXntqLZjCgDa364bAdI9k9IklJVoADAwRtRwUFfIE8cNTEc7ySDlzCgiWFYadG0IZxr8', 'default.png', NULL, NULL, NULL, '2024-04-13 08:51:14', '9366DBA0-651F-458A-A96C-30762A7B1617', 'ios', NULL, NULL, 0, 1, '2024-04-13 08:51:14', '2024-04-13 08:51:14', NULL, NULL),
(319, 'Havsvsv', NULL, NULL, NULL, NULL, NULL, 'ahmedw@g.com', NULL, NULL, NULL, '$2y$10$BhH3xlf5KyZUHH5r8aWFLO.MrMa93PVvCQMuoS8vSoEGS06DeMvAu', 'FpU8dR1pHBMj6wEIMN1wH6KzoCsSv2cOICVW6yQ9jOLQy1Dlz5z3ET1D1dy21x1S4bbVcYji2nwZiVan', 'default.png', NULL, NULL, NULL, '2024-04-13 09:27:01', 'CE5D8FDE-D860-419B-8B16-2A273676E8B7', 'ios', NULL, NULL, 0, 1, '2024-04-13 08:55:58', '2024-04-13 09:27:01', NULL, NULL),
(320, 'Test', NULL, NULL, NULL, NULL, NULL, 'test2@g.com', NULL, NULL, NULL, '$2y$10$wRPs3y22e.Gy/CausVzci.3zzJ3I9FjD7xNVkfONMpxUch5IC0xZi', 'nOTMQHzO0X1IGzqIRcWGD0eUAnMJZgLUakCXCW2PehPASislBBzNmkXefvr6ntKtVnXcvQ88CVnpzHBk', 'default.png', NULL, NULL, NULL, '2024-04-13 09:17:24', '4EA7ED5E-F43D-4F87-9161-64421EFEF253', 'ios', NULL, NULL, 0, 1, '2024-04-13 09:17:24', '2024-04-13 09:17:24', NULL, NULL),
(321, 'Ahmed', NULL, NULL, NULL, NULL, NULL, 'ahmedmedo@g.com', NULL, NULL, NULL, '$2y$10$KLUzifcvO2WGTgPES2gsauhKE7O011rk/P54NNku18Bfobn0cXNUC', 'L2IXSQHuKvUnSKsbGYMel9qEvOlk9iC7MpbYO6YRmCXyFhkZ0XFAVTci7dNIQKfQKA6WCymt7bMXKm5Y', 'default.png', NULL, NULL, NULL, '2024-04-13 09:34:16', 'CE5D8FDE-D860-419B-8B16-2A273676E8B7', 'ios', NULL, NULL, 0, 1, '2024-04-13 09:34:16', '2024-04-13 09:34:16', NULL, NULL),
(322, 'Ahmed', NULL, NULL, NULL, NULL, NULL, 'ahmedu@g.com', NULL, NULL, NULL, '$2y$10$ulVFvwt3NMe1AosjBw8rr.Fj7WmUeEo0A3eZqbvLkSefFS7P1OQJW', '6ZqB7sN9PTMlBwLjQ9ICZ18mukSmSC1vJWIZMo0ZftS4oerdkvwXT2H4SUZCGGMhZVUoX9nsEjoB1dbC', 'default.png', NULL, NULL, NULL, '2024-04-13 11:40:05', '9366DBA0-651F-458A-A96C-30762A7B1617', 'ios', NULL, NULL, 0, 1, '2024-04-13 09:48:50', '2024-04-13 11:40:05', NULL, NULL),
(323, 'Gas', NULL, NULL, NULL, NULL, NULL, 'hussam.cto@chefshub.ne', NULL, NULL, NULL, '$2y$10$WYWbOzys/WT5.mrVn7RqA.lunBtjz6Uid9iumXZp6w9ggJwu/HoJ2', 'iXy9ilzCB8fAYo5RT9ZkvzYVFNJM9vDGxHe8Cbk5b2l4fqDmdqIaNpq6ynDE3ujIpSF3XxcUzOZud5Vu', 'default.png', NULL, NULL, NULL, '2024-04-13 14:22:41', 'EBDAD052-1C00-44D3-9E88-DEFE4CDDF9A4', 'ios', NULL, NULL, 0, 1, '2024-04-13 14:22:41', '2024-04-13 14:22:41', NULL, NULL),
(324, 'Gffs', NULL, NULL, NULL, NULL, NULL, 'g@gasem.bi', NULL, NULL, NULL, '$2y$10$mp0kEX6UxTYmVfdg.JqHpeNDLlmfUZwf4lSj51rC3slOVQCQSIM5C', 'uC1z2wRVH6lEMid3dArKr4DurMXeS1rVhhp5KGs24s3SxE1Oni2ykkoLeeJGMjEsJr61eGZ7KsB2ztV5', 'default.png', NULL, NULL, NULL, '2024-04-13 14:24:35', 'EBDAD052-1C00-44D3-9E88-DEFE4CDDF9A4', 'ios', NULL, NULL, 0, 1, '2024-04-13 14:24:35', '2024-04-13 14:24:35', NULL, NULL),
(325, 'Hhgscsc', NULL, NULL, NULL, NULL, NULL, 'gggg@g.com', NULL, NULL, NULL, '$2y$10$9RRq.I8OD7m01zZBXh7AzOIza3fdCm6V4yaKKmpxSt2MZAERtLGra', 'Bl4qVdxhxUP49WlQDu3ENI4TwkDnYPfv9x9Q4yB5sQg2WQj3iy4GZKfrx6MvLAxlbrBkkNlB5PWbvURh', 'default.png', NULL, NULL, NULL, '2024-04-13 14:45:00', '9366DBA0-651F-458A-A96C-30762A7B1617', 'ios', NULL, NULL, 0, 1, '2024-04-13 14:45:00', '2024-04-13 14:45:00', NULL, NULL),
(326, 'Ndbsbsv', NULL, NULL, NULL, NULL, NULL, 'havsvsv@gmail.com', NULL, NULL, NULL, '$2y$10$lKoiqpfg.aUOBcN8fniPyOFbqVryYBIqsHogKiKR9suSERcuQcGaO', 'aua6ggyb9I3U7CYAUoWt4qgGi7ITYwSqJitMn4rTlESvCFo0sIySe2Xph42LzcMBnjNSbjT2afIr8F25', 'default.png', NULL, NULL, NULL, '2024-04-13 14:47:14', '9366DBA0-651F-458A-A96C-30762A7B1617', 'ios', NULL, NULL, 0, 1, '2024-04-13 14:47:14', '2024-04-13 14:47:14', NULL, NULL),
(327, 'Bsvsvs', NULL, NULL, NULL, NULL, NULL, 'uavacsv@gma.com', NULL, NULL, NULL, '$2y$10$y0gn9qEDmOFSJsM7pedVYuuq1nBjvhiTwUPZLzemfoUbI/STBuvGC', 'WZw0XyWjkc94cD3FyCpaHCJ42wS9aqXIcYC6dEWnYgGlJemj1fuELftyvqwymC5a9IBuubqutHZLHaoR', 'default.png', NULL, NULL, NULL, '2024-04-13 14:48:56', '9366DBA0-651F-458A-A96C-30762A7B1617', 'ios', NULL, NULL, 0, 1, '2024-04-13 14:48:56', '2024-04-13 14:48:56', NULL, NULL),
(328, 'Javavsv', NULL, NULL, NULL, NULL, NULL, 'jabavssv@hhh.com', NULL, NULL, NULL, '$2y$10$Dpx99YROnn/uNATgQUzYWOdJlSELC5uKs3MF0/XRk0ztoSSV.NtXC', '9rgSkcpIHsckJMizL8YDJAs21l7tN0R9suFAGVPqQ3Y8nIg1puDZ0bU6kx7Lx3WXrcxLuEuyAtivpi1d', 'default.png', NULL, NULL, NULL, '2024-04-13 14:51:01', '9366DBA0-651F-458A-A96C-30762A7B1617', 'ios', NULL, NULL, 0, 1, '2024-04-13 14:51:01', '2024-04-13 14:51:01', NULL, NULL),
(329, 'Hahahaha', NULL, NULL, NULL, NULL, NULL, 'jagsvsv@gma.com', NULL, NULL, NULL, '$2y$10$FGlv.kmwk2kK.BwPm4GQCuR1imvaFtNRaOcANZ5J84HQBZ/3DEZOO', '7ygAmhtoL3lTLouCqWHAvsnWplmrfxAtc3LTmApz210gTij8lQjxsJI49xV2rHN6wMNs40gfYIjOnynk', 'default.png', NULL, NULL, NULL, '2024-04-13 16:18:06', '9366DBA0-651F-458A-A96C-30762A7B1617', 'ios', NULL, NULL, 0, 1, '2024-04-13 14:52:45', '2024-04-13 16:18:06', NULL, NULL),
(330, 'Amin Zeitouni', NULL, NULL, NULL, NULL, '001261.a4ec18f074644de8a53dadb94dce4200.1945', 'mazetuni@hotmail.com', NULL, 1, '2024-07-07 17:10:30', NULL, 'a9Z0UBYijtruZirO6lP1yqd3C39zGXuMCLOvwGFF3EobkVpBlIOrkb4Xb3S7FYE0cAG7PscZIuJvcaAB', 'default.png', NULL, NULL, NULL, '2024-07-07 17:10:30', '2486E25A-0B2C-48C3-9437-D97FF62D59D8', 'ios', NULL, NULL, 0, 1, '2024-04-14 19:45:18', '2024-07-07 17:10:30', NULL, NULL),
(331, 'go', NULL, NULL, '23232323', NULL, '23232323', 'm@m.com', NULL, 1, '2024-04-26 15:38:55', NULL, NULL, 'default.png', NULL, NULL, NULL, '2024-04-26 15:38:55', '2323', 'android', NULL, NULL, 0, 1, '2024-04-15 15:54:18', '2024-04-26 15:38:55', NULL, NULL),
(332, 'Thomas Barbieri', NULL, NULL, NULL, NULL, '000620.bbde248ac1f741e2ad98f8e97481a5b2.1948', 'mpxjnz2kdm@privaterelay.appleid.com', NULL, 1, '2024-04-21 19:48:43', NULL, NULL, 'default.png', NULL, NULL, NULL, '2024-04-21 19:48:43', '65D27D6B-BA1B-47CD-BB7A-BC6137E33785', 'ios', NULL, NULL, 0, 1, '2024-04-21 19:48:43', '2024-04-21 19:48:43', NULL, NULL),
(333, 'Hussam', NULL, NULL, NULL, NULL, NULL, 'hussam@gmail.com', NULL, NULL, NULL, '$2y$10$f7NFtreLti85yRgCPAdyGeftFgC.Bcgi0XJGta4P89HxiUhzDsD5O', '6eh2z4qr1t8RXl5k1SFCdUdLHVxZ3mdutfNAze47xtPs89E62J8W09f0xqWaj9LcC4SSGHZRWqheVTxi', 'default.png', NULL, NULL, NULL, '2024-04-23 20:44:29', 'DA2B0ACE-4C00-4C45-9757-3C5C3234E883', 'ios', NULL, NULL, 0, 1, '2024-04-23 20:44:29', '2024-04-23 20:44:29', NULL, NULL),
(335, 'Ruth Johnson', NULL, NULL, NULL, NULL, '000451.fb44377a1d584d139793e1f9ad28563c.0052', 'b5g9nnkkdd@privaterelay.appleid.com', NULL, 1, '2024-04-26 00:52:17', NULL, NULL, 'default.png', NULL, NULL, NULL, '2024-04-26 00:52:17', '1CF0309D-B89A-4CA8-8EA1-B59EFD0C561F', 'ios', NULL, NULL, 0, 1, '2024-04-26 00:52:17', '2024-04-26 00:52:17', NULL, NULL),
(336, 'Loretta Mapes', NULL, NULL, NULL, NULL, '001527.94c341cfcca34c4da7a7637678779b99.1555', 'dkdjvhh52y@privaterelay.appleid.com', NULL, 1, '2024-05-14 15:55:14', NULL, 'VsOWnkoS7vZbeVFhjThB0F7mlJbq4B2tiyyHMG5Ync44egTzPc8XXz5yOZw3MfGG7zWuTigwQNYQ7BjB', 'default.png', NULL, NULL, NULL, '2024-05-14 15:55:14', '0CA6553B-2D5B-44E1-99D7-D9C312ED6681', 'ios', NULL, NULL, 0, 1, '2024-04-29 15:55:52', '2024-05-14 15:55:14', NULL, NULL),
(337, 'Maria Mortimer', NULL, NULL, NULL, NULL, '000838.87c2b0cdcf9445d1bc4fee0c7a11f309.0806', 'k8zb5sfkqy@privaterelay.appleid.com', NULL, 1, '2024-05-02 08:06:04', NULL, 'YOssKK9F8Yi2wODgxX7TE2nVLCsj72A2BtnQmM6ncGlfFyaZUUXPYs6O5Rk7pLPuVJZ94YxmFYGASxAF', 'default.png', NULL, NULL, NULL, '2024-05-02 08:06:04', '773CFB78-0914-4FEC-A534-AEF0477CD0A9', 'ios', NULL, NULL, 0, 1, '2024-05-02 08:06:04', '2024-05-02 08:06:04', NULL, NULL),
(338, 'zayed 2', NULL, NULL, NULL, NULL, NULL, 'ahmedahmed201@yahoo.com', NULL, NULL, NULL, '$2y$10$MqKDtt9Z5XPUZP8RyFwJi.h.gWnl65GAqeWqsv1GAqmVWmvdG7BYK', 'YBHki0i6L1W4FNr2HYpnxEI3ukfuh1VwmxUd9iojjCRKKDek1ILvDfZ51ni4rf7hREsGNkqvdpKNsewq', 'default.png', NULL, NULL, NULL, '2024-06-01 03:37:07', '2323', 'android', NULL, NULL, 0, 1, '2024-05-04 21:04:18', '2024-06-01 03:37:07', NULL, NULL),
(339, 'Ernestine Leon', NULL, NULL, NULL, NULL, '000836.2950dbd2ea0a4efeba717d4698eb778a.2235', 'fmr2zc5zv8@privaterelay.appleid.com', NULL, 1, '2024-05-05 22:35:25', NULL, 'w3pmbUrgvVtxexUEx6teJu1cwKG7uJhDnXRlXFC27IwhqrJtkC2BeUFNFIKCDhwszyyjgViswwpxHs3W', 'default.png', NULL, NULL, NULL, '2024-05-05 22:35:25', '7EAB3CDB-AC9C-4FA7-9A11-DAA262C34BE7', 'ios', NULL, NULL, 0, 1, '2024-05-05 22:35:25', '2024-05-05 22:35:25', NULL, NULL),
(341, 'Jean Morton', NULL, NULL, NULL, NULL, '000457.e0ca662269e8461a99bed460663f5710.1925', '8t7tpg7w2c@privaterelay.appleid.com', NULL, 1, '2024-05-09 19:25:38', NULL, '7ld2GEicCLbOvnvaAZFfOZ6vy9BF3vtMui9hWfpHfImiyZeSbzdxRormsU0VVLjBg0B9i04eVBDxU307', 'default.png', NULL, NULL, NULL, '2024-05-09 19:25:38', '2DE031B1-DBB1-4FDF-9526-83C680D40FF4', 'ios', NULL, NULL, 0, 1, '2024-05-09 19:25:38', '2024-05-09 19:25:38', NULL, NULL),
(342, 'zayed 2', NULL, NULL, NULL, NULL, NULL, 'ahmedahmed220@yahoo.com', NULL, NULL, NULL, '$2y$10$mCi0fercBoUTLk1puxTvcOVuLBUxndxrpdkHvj4pCIZ5Ai/hWPZfa', 'Rs2im0hrzgPAjnadHrAq7m3ttHdtxR0roB1aFo9Ughl58QlbvVp0t5em7nS3x2JFL6sGRd4ysqTohoTL', 'default.png', NULL, NULL, NULL, '2024-05-10 20:47:46', '681BE1C8-3D2D-4C92-B83B-E51A80AD6E9D', 'ios', NULL, NULL, 0, 1, '2024-05-10 20:47:26', '2024-05-11 11:08:18', NULL, NULL),
(343, 'Jacqueline Byrne', NULL, NULL, NULL, NULL, '000019.587c63072a144bd99e525eb648af653e.1047', 'tcz4jn9xy4@privaterelay.appleid.com', NULL, 1, '2024-05-11 10:47:10', NULL, 'E1xKg5yloKHc0v2hhgnGz8YEgGNVnw5Ih9Hs0OpJPMqaNlutPpVheLkpeDzd8RCstXBnpOFtqpuIuBRo', 'default.png', NULL, NULL, NULL, '2024-05-11 10:47:10', 'E77B1BBE-6905-40A2-BE0F-69A78BE658E6', 'ios', NULL, NULL, 0, 1, '2024-05-11 10:47:10', '2024-05-11 10:47:10', NULL, NULL),
(344, 'Amin Zeitouni', NULL, NULL, NULL, '110983347428250882402', NULL, 'mazetuni@gmail.com', NULL, 1, '2024-05-12 22:11:51', '$2y$10$V4HIJ9QGmrSR4lQISOS6GeEvxbBEfsvCxKC/kJp7j.MJVzbJbnYHC', 'ygUbbmnSqFfFUQCPFs86ibGLdvHr0VZePwbosoWSL8SiStatSbGIcPchEvMhCb1FiabUCXL4qYYdMz5C', 'default.png', NULL, NULL, NULL, '2024-06-07 18:07:21', '2486E25A-0B2C-48C3-9437-D97FF62D59D8', 'ios', NULL, NULL, 0, 1, '2024-05-12 22:10:39', '2024-06-07 18:07:21', NULL, NULL),
(345, 'Test User', NULL, NULL, NULL, NULL, NULL, 'test321@gmail.com', NULL, NULL, NULL, '$2y$10$J/IvCffuqloMOi6MbWkCd.Ifc70/AIgYNtFfvV1rEzv1jU3NGbidC', 'swEBlQ6mAO5wVWbwi7gGYgTTCxLGSZvjnd5PAZTy4gfi0P5svANuPtDIDd0RX65N2QOil7CJ8rtEeTPJ', 'default.png', NULL, NULL, NULL, '2024-05-12 22:12:08', 'E57DEFE3-420C-495B-8069-9BC77C32C153', 'ios', NULL, NULL, 0, 1, '2024-05-12 22:12:08', '2024-05-12 22:12:08', NULL, NULL),
(348, 'Terry Clay', NULL, NULL, NULL, NULL, '001877.61a875ca7c7c4f18949a0816ccda78bd.0131', 'gy4nzym92r@privaterelay.appleid.com', NULL, 1, '2024-05-14 01:31:25', NULL, 'rhzb2naDHJFYgXDXFHOzJ4cxQdk0aPumL7XSJ65rMRVw1ci2gS90jIj5EjA1jQsz4q51Q7A2EuTl4d2L', 'default.png', NULL, NULL, NULL, '2024-05-14 01:31:25', '5F3F6907-5E9A-432D-853D-4B11702CD9EF', 'ios', NULL, NULL, 0, 1, '2024-05-14 01:31:25', '2024-05-14 01:31:25', NULL, NULL),
(350, 'Ahmed', NULL, NULL, NULL, NULL, NULL, 'ahmedahmed233@gmail.com', NULL, NULL, NULL, '$2y$10$kJD1AJvyoYB1FwQV5wPZmuBBdlG/L3rNGDktS6T.X9fnDcKwgM4J6', 'gmQd8MmUCShvwNUHKR1gybAXDmCRQ1znEQUIujYLdG8UV1734eHFnRBOQT9wLQuxwXPrrikqR8o1duOc', 'default.png', NULL, NULL, NULL, '2024-05-14 04:34:55', '2801D99C-1B47-4207-AC0A-C122E21319DE', 'ios', NULL, NULL, 0, 1, '2024-05-14 04:34:55', '2024-05-14 04:34:55', NULL, NULL),
(354, 'Ahmed', NULL, NULL, NULL, NULL, NULL, 'ahmedahmed2020@gmail.com', NULL, NULL, NULL, '$2y$10$273AuYgYzUTHGYHwUE3gPewvwRiMpX1z9LLTQwDRosJNSNUDs2bkK', 'bclVIQ06q3PHlr87JMKH2s3sRgRrqC6nePkBt8Wm2dXcOVEvAppLrNnUqyCWnO26bGOVAt8rFJ1Tsey4', 'default.png', NULL, NULL, NULL, '2024-05-14 05:01:35', '2801D99C-1B47-4207-AC0A-C122E21319DE', 'ios', NULL, NULL, 0, 1, '2024-05-14 05:01:35', '2024-05-14 05:01:35', NULL, NULL),
(355, 'Ahmed', NULL, NULL, NULL, NULL, NULL, 'ahmedgg@gm.com', NULL, NULL, NULL, '$2y$10$/g82rAs.81z.PAYFdEmBmORzudPk1n6N34oB8mJUcKMIV/krHc9da', 'SkJDdSZHqluW8IA4mnRdG1r3SJDfq1i7uZoujpKydgFtUBpQjbGTHgDUpqR0Rruf9ZbI2M8HrN6J9FeD', 'default.png', NULL, NULL, NULL, '2024-05-14 06:28:58', '2801D99C-1B47-4207-AC0A-C122E21319DE', 'ios', NULL, NULL, 0, 1, '2024-05-14 06:28:58', '2024-05-14 06:28:58', NULL, NULL),
(356, 'Ahme', NULL, NULL, NULL, NULL, NULL, 'ahmedhhh@gm.com', NULL, NULL, NULL, '$2y$10$9I3JHa/6Q8hrPKvvRYIoqOFCfdPDy1XOyIm1Sukz04OuC5a8.bVR6', '19lSUTNGYiRBZPv62GYk9LNkuXzU1b3NKIPKLyuSSelljAKGSzSpzd4s9LM1eW0AdWQIoG1k7XNvgsln', 'default.png', NULL, NULL, NULL, '2024-05-14 08:22:06', '2801D99C-1B47-4207-AC0A-C122E21319DE', 'ios', NULL, NULL, 0, 1, '2024-05-14 08:22:06', '2024-05-14 08:22:06', NULL, NULL),
(357, 'Hsgscg', NULL, NULL, NULL, NULL, NULL, 'havcac@gg.com', NULL, NULL, NULL, '$2y$10$i1stx0Pcq7biW2z6bsLPvOrIbZtQ5joehlal4l7RoL2/TJ7ad7D/u', 'CMMejN2peQgAUukQXCCDzxQ3UdjsPTmb7ZdrRHBy0xrMadSZIk677Qdni4gjuJfVXVd3F169J8FehaaF', 'default.png', NULL, NULL, NULL, '2024-05-14 08:26:17', '2801D99C-1B47-4207-AC0A-C122E21319DE', 'ios', NULL, NULL, 0, 1, '2024-05-14 08:26:17', '2024-05-14 08:26:17', NULL, NULL),
(358, 'Aaaaa', NULL, NULL, NULL, NULL, NULL, 'dghasjdga@yah.com', NULL, NULL, NULL, '$2y$10$Om1PtAjgHZgREiy4ll5k8OWQTqFQXz7DCgjoQrodecO5ECVN7ek0u', 'QuzduDU3cZt3PX86SPkD9eI2yLHV96EPm898WIuzIJIZUmGHJ2SiSiThoJ1lrM8UzivNz3NYgJNgXgLr', 'default.png', NULL, NULL, NULL, '2024-05-14 16:33:58', '840302FA-34FF-472A-9852-5B46814348E9', 'ios', NULL, NULL, 0, 1, '2024-05-14 16:33:58', '2024-05-14 16:33:58', NULL, NULL),
(363, 'Tommy Holst', NULL, NULL, NULL, NULL, '001459.df7d5773c2dc4412b7905515c50fdec9.0312', 'vk9mcjjmxh@privaterelay.appleid.com', NULL, 1, '2024-05-15 03:12:18', NULL, 'MiFM571RO6j6OedrhjHz0frJy6ZRrGZossCjx5GonaThPGbyDHpRvXxUWqWyqDVxWPK95sTOa4kWEmbN', 'default.png', NULL, NULL, NULL, '2024-05-15 03:12:18', '9CEA4BFC-90EE-4DC0-8F24-3577A3CBB714', 'ios', NULL, NULL, 0, 1, '2024-05-15 03:12:18', '2024-05-15 03:12:18', NULL, NULL),
(364, 'Gk', NULL, NULL, NULL, NULL, NULL, 'gas@gmail.com', NULL, NULL, NULL, '$2y$10$IroZxJ5gi4U2WX3zZ2IscOHuDMiaO5xie1tvsLDQju5txoq5vFgyO', 'HLO6N1ZbKOdIe0pLMRlW3BuShkrgTIDfS0kHV1SnwI7m9RgsJjinkKNuaAOLRSOuM8pTB7DkfDwLM058', 'default.png', NULL, NULL, NULL, '2024-05-15 18:47:11', '4FCE8231-691B-434C-A98B-6D84A0EE373E', 'ios', NULL, NULL, 0, 1, '2024-05-15 18:47:11', '2024-05-15 18:47:11', NULL, NULL),
(367, 'قاسم', NULL, NULL, NULL, NULL, NULL, 'g@g.com', NULL, NULL, NULL, '$2y$10$pb6H4jSlEQlWo.rcxZjbqO0PNIDAQPUoxkOmJGQNJV5uQ.zx0EdAC', 'Ge5heKbnb0dlzyHR69TKKW54Q7noCNGxuUXBET89pN6VuOG2bUSzzr91ZaforTv3nmRBVrWGxpgfb9Yk', 'default.png', NULL, NULL, NULL, '2024-05-16 17:29:21', '4FCE8231-691B-434C-A98B-6D84A0EE373E', 'ios', NULL, NULL, 0, 1, '2024-05-16 17:29:21', '2024-05-16 17:29:21', NULL, NULL),
(368, 'Clarence Demelis', NULL, NULL, NULL, NULL, '001441.aa2feabb962f44b5ae5ad884b1ff30a1.2033', 'mdy4v22ddt@privaterelay.appleid.com', NULL, 1, '2024-05-16 20:33:54', NULL, 'qaijL4bl845NMXni4xs9mhxeCK5KjMvyNtEyMwJ8dj94Hm8s6rH4k8LasEmjv2xh1vfR17tDUYJIZZOU', 'default.png', NULL, NULL, NULL, '2024-05-16 20:33:54', '54F4E238-8613-40A1-B7AD-353A8DFC9B74', 'ios', NULL, NULL, 0, 1, '2024-05-16 20:33:54', '2024-05-16 20:33:54', NULL, NULL),
(369, 'Hussam', 'hussa', 'Abdelfattah', NULL, NULL, NULL, 'hussam.cto@chefshub.net', NULL, 1, '2024-05-18 12:47:06', '$2y$10$tCB2WkJ5H9NpY4PjgwjFZOtn.Lkk43Lec1qPu/Wsq1HaEJq6YiOy6', '2Nb0y5pCexqz23s5p0JUIyKCjiSDmtUovpSEVPRPtX1Z6hBKzaz8MCN2HWZoheGFcW9pf5qCB60o6kK3', 'default.png', 'male', NULL, NULL, '2024-05-18 12:47:06', '4FCE8231-691B-434C-A98B-6D84A0EE373E', 'ios', NULL, NULL, 0, 1, '2024-05-18 12:46:31', '2024-05-18 12:48:12', NULL, NULL),
(370, 'Daniel West', NULL, NULL, NULL, NULL, '000558.22941f655aac4aeea0c631f7c86cefaa.0038', 'gkhmr8jw8g@privaterelay.appleid.com', NULL, 1, '2024-05-21 00:38:16', NULL, 'S44Xcc44jVth47virygF4QTNsmjobuuOTuWCaT9o7dILNJnnU4H9ihgdO5Ci0MhdM8dwoujKPPHwUnpl', 'default.png', NULL, NULL, NULL, '2024-05-21 00:38:16', 'E9059715-9B51-4E91-AD59-AA09AE5790DA', 'ios', NULL, NULL, 0, 1, '2024-05-21 00:38:16', '2024-05-21 00:38:16', NULL, NULL),
(371, 'Michael Bergman', NULL, NULL, NULL, NULL, '000853.feb2207be6e24a17b7a39980adeb95b6.0232', '9799m8qxtq@privaterelay.appleid.com', NULL, 1, '2024-05-25 02:32:41', NULL, 'xYNtOCL3xECEqRiE1JLWFuCuFsJJR3tzhMCladkVP7uAQgusGpNpL54K5Pv14Gk0o66qn1TOZ3MmYSQx', 'default.png', NULL, NULL, NULL, '2024-05-25 02:32:41', '8D0AADE8-6210-4A94-88A7-FA74844B8053', 'ios', NULL, NULL, 0, 1, '2024-05-25 02:32:41', '2024-05-25 02:32:41', NULL, NULL),
(372, 'Paul Vannostrand', NULL, NULL, NULL, NULL, '000437.3531a2f661bd4da2bd3d4efae200f67a.0336', 'bw69m59yr7@privaterelay.appleid.com', NULL, 1, '2024-05-25 03:36:43', NULL, 'USk42PxxFzpW6wDrUXaD0VWK1ew5YvUd55uZjQeMSp1hO3AfNxee9H8yWPe2EuHyebjOWaxjsm2q7tLP', 'default.png', NULL, NULL, NULL, '2024-05-25 03:36:43', '74EAD58E-CC6A-42D4-A9DA-2E4F9466BF20', 'ios', NULL, NULL, 0, 1, '2024-05-25 03:36:43', '2024-05-25 03:36:43', NULL, NULL),
(373, 'aaaa', NULL, NULL, NULL, '1078603573130076616592222', NULL, 'aaaaaaaa@gm.com', NULL, 1, '2024-05-31 17:48:24', NULL, 'POXpTJx7AIm1ub8A2jpEavq5SuMM5WFaKbYLvJnNSXuPG1dllPovDcmgOi8tfQHqOGUL1v3sKqBpmfny', 'default.png', NULL, NULL, NULL, '2024-05-31 17:48:24', '2801D99C-1B47-4207-AC0A-C122E21319DE', 'ios', NULL, NULL, 0, 1, '2024-05-31 17:48:24', '2024-05-31 17:48:24', NULL, NULL),
(374, 'Janice Brown', NULL, NULL, NULL, NULL, '001480.34acff0ed5de45d8b42ef8e3a9db0e78.1750', '9cmk6txj29@privaterelay.appleid.com', NULL, 1, '2024-05-31 17:56:16', NULL, 'Jqsnn61NkkmczsiX9ofwMVPWSfdEb4vDlyrzcwJCi1pZKwXLzvKBxNeAQfC2kdOET5Ts9jd3HCDS72tc', 'default.png', NULL, NULL, NULL, '2024-05-31 17:56:16', '1AE845F9-02CA-4F68-A4AE-BB4385C9A330', 'ios', NULL, NULL, 0, 1, '2024-05-31 17:50:33', '2024-05-31 17:56:16', NULL, NULL),
(375, 'aaaa', NULL, NULL, NULL, '107860357313007661659222', NULL, 'ss@gma.com', NULL, 1, '2024-06-01 03:54:36', NULL, 'o7iaHO50KOKOop2WBnVqZv6fkv5krTc6HmPbBw4w9WRy4P1TQy2ocRCUvwbxNeM8IjPqcQnxSKSh8O0M', 'default.png', NULL, NULL, NULL, '2024-06-01 03:54:36', '2801D99C-1B47-4207-AC0A-C122E21319DE3', 'ios', NULL, NULL, 0, 1, '2024-06-01 03:54:36', '2024-06-01 03:54:36', NULL, NULL),
(380, 'aaaa', NULL, NULL, NULL, '10786035731300766165966', NULL, 'aaabbbcc@g.com', NULL, 1, '2024-06-01 06:34:02', NULL, '3R7zOdKGzyUwLYNI07A4IX0BjlZrsMcHW9g7Ljzrp2TxuNSIllxgfwqcpUytVneuDgXQw3SCDsmNeG1z', 'default.png', NULL, NULL, NULL, '2024-06-01 06:34:02', '2801D99C-1B47-4207-AC0A-C122E21319DE', 'ios', NULL, NULL, 0, 1, '2024-06-01 06:34:02', '2024-06-01 06:34:02', NULL, NULL),
(381, 'ahmed ibrahim', NULL, NULL, NULL, '106208369752845713390', NULL, 'ahmed.ibrahim@efreshli.com', NULL, 1, '2024-06-27 03:07:19', NULL, 'UlgZMabu1GCU11MwpFnnhMM7MR20jpUd3mXxBWmvyNMcjf1dBr6DYkE1ovj2Qwe4RSeXxdfUiLTNwbrF', 'default.png', NULL, NULL, NULL, '2024-06-27 03:07:19', 'B83BFA32-E525-45AB-A308-00F73131B29A', 'ios', NULL, NULL, 0, 1, '2024-06-01 06:56:20', '2024-06-27 03:07:19', NULL, NULL),
(385, 'Homer Fair', NULL, NULL, NULL, NULL, '000579.b096c029f1394e1c95cd7ee20ef0b211.2141', 'jd5fj8ydk6@privaterelay.appleid.com', NULL, 1, '2024-06-02 21:41:49', NULL, 'jnFXIpf38IrhQn9GABV4qes46tbWg6IgmDn9CoI9kic1HDuXyEtRUSB9cj1KLFk1ZDIVVkubf7QXz3ed', 'default.png', NULL, NULL, NULL, '2024-06-02 21:41:49', 'F4E018C5-E017-4D89-BF53-CCCD58E7BA88', 'ios', NULL, NULL, 0, 1, '2024-06-02 21:41:49', '2024-06-02 21:41:49', NULL, NULL),
(386, 'Abuser99', NULL, NULL, NULL, NULL, NULL, 'a@b.com', NULL, NULL, NULL, '$2y$10$nSGN0Awsh488D1WiapLby.C4RvfBXxJPOZPc6uh7u3WilY81drML2', 'P64kPb0N5dRd6uYpSZPl9jf5nLvz2fLOkdA9wiAL3gJ1Y1uTmwZQhmrJNYVrdX6xtjSLN6D2FNmOEQxm', 'default.png', NULL, NULL, NULL, '2024-06-21 03:16:44', 'C3C8B78C-5E73-4446-87E3-7F641F534496', 'ios', NULL, NULL, 0, 1, '2024-06-04 15:21:40', '2024-06-21 03:16:44', NULL, NULL),
(387, 'Oscar Fairley', NULL, NULL, NULL, NULL, '001904.b393be32a4e540e8b48d8cab0309e809.2048', 'btbdqcdtfb@privaterelay.appleid.com', NULL, 1, '2024-06-04 20:48:59', NULL, 'TMPgoOGGANZb3Padg2aKuQk4SElppkkJBW8AVG0mBDnmz1OJkd3H4tesl1P2kXLjadRsZdGHgZzJB97v', 'default.png', NULL, NULL, NULL, '2024-06-04 20:48:59', 'E3B8FCA4-B81A-46D6-8B0E-0EF8ED3EA156', 'ios', NULL, NULL, 0, 1, '2024-06-04 20:48:59', '2024-06-04 20:48:59', NULL, NULL),
(388, 'Ralph Bohler', NULL, NULL, NULL, NULL, '000607.e3d36dd1d6e946e9a9b175c4433fa50f.1511', 'vsxdqsf6mn@privaterelay.appleid.com', NULL, 1, '2024-06-06 15:11:58', NULL, 'loQSlRGzcus8UGWp65zBd7YlKKPeF0249scpXlIpng4tnCJBwY0clTTCU9wQnzVeQEcnHFfpR4eK5Fwi', 'default.png', NULL, NULL, NULL, '2024-06-06 15:11:58', '8EEB6C3C-C68F-46ED-BD66-C38CD35BC8D4', 'ios', NULL, NULL, 0, 0, '2024-06-06 15:11:58', '2024-06-06 15:12:32', NULL, NULL),
(389, 'Alicia Pellegrin', NULL, NULL, NULL, NULL, '000818.48e613969c0a43a5b5bd8a210cf2bc8c.1834', '4qghdf8vg6@privaterelay.appleid.com', NULL, 1, '2024-06-06 18:34:03', NULL, 'KzGBaQPVNh80FUP9VNQVeEhIpLhpbrnrxypAJm9oivQqG6IISZNN0wlaJvvHNUPDfkVnWodfc1Np5pDh', 'default.png', NULL, NULL, NULL, '2024-06-06 18:34:03', 'BF1A5354-F80B-4320-B479-9AEA62256268', 'ios', NULL, NULL, 0, 1, '2024-06-06 18:34:03', '2024-06-06 18:34:03', NULL, NULL),
(390, 'Skaggs', NULL, NULL, NULL, NULL, NULL, 'ahmedahmed401@g.com', NULL, NULL, NULL, '$2y$10$FLamr4NMuGuDiPCeqUD3g.Wqxz5FOhBVY6PD1fueQeWYLgINz9osu', 'FDHx1YnfbYNN5R25fp4WY8xgxRvn5wYJodbu4lOBD13n6dkukbdSTiH4oEvoTg7nOAb2sRXVZErtjmOs', 'default.png', NULL, NULL, NULL, '2024-06-07 14:09:13', '2801D99C-1B47-4207-AC0A-C122E21319DE', 'ios', NULL, NULL, 0, 1, '2024-06-07 14:09:13', '2024-06-07 14:09:13', NULL, NULL),
(391, 'Skaggs', NULL, NULL, NULL, NULL, NULL, 'ahmedahmed40@yahoo.com', NULL, 1, '2024-06-07 14:15:24', '$2y$10$AL2ld3W.PpMcX4mLJzAV6.NJpJvGdbU8gwDMhSrZkjkt3CGKgj.eO', 'q0hkdgCT3XB0kIReqAYIeWPJ97MkNwqILN9hZL7VDU9oZoTfCrkkZPmNJ8tgHPzQMJRXIZgCGxEvZ8J2', 'default.png', NULL, NULL, NULL, '2024-06-07 14:15:24', '2801D99C-1B47-4207-AC0A-C122E21319DE', 'ios', NULL, NULL, 0, 1, '2024-06-07 14:10:53', '2024-06-07 14:15:24', NULL, NULL),
(392, 'zayed 2', NULL, NULL, NULL, NULL, NULL, 'ahmedahmed2011@yahoo.com', NULL, NULL, NULL, '$2y$10$BQrKCPTVxIZX4EpZvJ8/peWpwaBsbxEI2RdwHz97qvnWLoaVCXpzm', 'bHUCKvqaJNXA7eQv3lkb7hbnve9NplGpEvH1foFC8Mp7c2FzVtQZlaHAgNyuiOPqfTwUpphcKndo2qBQ', 'default.png', NULL, NULL, NULL, '2024-06-07 14:37:41', '2wdwdwdw', 'android', NULL, NULL, 0, 1, '2024-06-07 14:37:41', '2024-06-07 14:37:41', NULL, NULL),
(393, 'zayed 2', NULL, NULL, NULL, NULL, NULL, 'ahmedahmed40@g.com', NULL, NULL, NULL, '$2y$10$tD/55ySNvVJGCKbTeZx8ieqFsQfavIs2/3P7ROUFLPOs1E3MeOiC2', 'AZ5OjXguLZw9trBzio1CRmcInMywVUcHOffkhprUviI3z2OkaQikhg5pqotOrAaraRAnC7laRO6eAXnC', 'default.png', NULL, NULL, NULL, '2024-06-07 14:38:21', '2wdwdwdw', 'android', NULL, NULL, 0, 1, '2024-06-07 14:38:21', '2024-06-07 14:38:21', NULL, NULL),
(394, 'zayed 2', NULL, NULL, NULL, NULL, NULL, 'ahmedahmed40@gmail.com', NULL, NULL, NULL, '$2y$10$0MSHG6ocv8KQVJ1DEjLl2uHUNuh2w1DjkP6gUbHUUHaiGCT/FIww6', 'e0UNk5Rxl2jY19O2zaUo22bl2lyJ1hmHaBc4DEpbAGaj9B6VsgDvvPOEa35aNgV6RQsHMPB4i0PprY3o', 'default.png', NULL, NULL, NULL, '2024-06-07 14:38:50', '2wdwdwdw', 'android', NULL, NULL, 0, 1, '2024-06-07 14:38:50', '2024-06-07 14:38:50', NULL, NULL),
(395, 'zayed 2', NULL, NULL, NULL, NULL, NULL, 'ahmedahmed401@gmail.com', NULL, NULL, NULL, '$2y$10$c3c1yh5ZDnO26MVnzQr.TeQh.HNFIZ3Q9NNW0wMaoSnvcIXnJAPaC', 'u8EQWQvMDlmXhgtjhOLrZZQuQgifxsBt3GT7xKVKl323oJW1ADVooy9N1p5ia9PWGOPnZYqWfmSm2roV', 'default.png', NULL, NULL, NULL, '2024-06-07 14:41:17', '2wdwdwdw', 'android', NULL, NULL, 0, 1, '2024-06-07 14:41:17', '2024-06-07 14:41:17', NULL, NULL),
(396, 'zayed 2', NULL, NULL, NULL, NULL, NULL, 'ahmedahmed4011@g.com', NULL, NULL, NULL, '$2y$10$W0isSRjHGTlgiJ0JnDQyeu9tTp8FP1Qj/F.5RGkAD5Tj2JQZaAMLW', 'xLsDNkTZn5CUEA4X8fDLXecDUHM068Zsv8V5BkQpJHaDf4VN2DTW1XPCITb8hWzgWndyPrOZhze4I37a', 'default.png', NULL, NULL, NULL, '2024-06-07 14:41:30', '2wdwdwdw', 'android', NULL, NULL, 0, 1, '2024-06-07 14:41:30', '2024-06-07 14:41:30', NULL, NULL),
(397, 'Javsv', NULL, NULL, NULL, NULL, NULL, 'ahmed50@yahoo.com', NULL, NULL, NULL, '$2y$10$dZY7UUbAO.6fWL2vCAxfq.4QsgAp1svLR5Q82X/EDQI/bJxxYCik6', 'w7E19jYRBAahyUYmnOie4lGfCGvwrmLQJCr4MGTEa2ZqAVNCZUNDyRIkj1cHeMG7ejlMW3E22iA05xhU', 'default.png', NULL, NULL, NULL, '2024-06-08 17:40:37', '2801D99C-1B47-4207-AC0A-C122E21319DE', 'ios', NULL, NULL, 0, 1, '2024-06-07 15:32:19', '2024-06-08 17:40:37', NULL, NULL),
(398, 'Sang Trudell', NULL, NULL, NULL, NULL, '001698.0e9145a7041a4968ab40684c0dc60b2f.1650', 'z6zg6qrcr7@privaterelay.appleid.com', NULL, 1, '2024-06-07 16:54:31', NULL, 'qEJSmnSJXf0mTZptox6A25lpFW6Aih45Zo53RyNkPJA28Irt9My0hk7Wdr66f2JwtyHxmMXCqBaK0Rh4', 'default.png', NULL, NULL, NULL, '2024-06-07 16:54:31', '1BD77538-EBE6-4930-B2B1-B2471F983669', 'ios', NULL, NULL, 0, 1, '2024-06-07 16:50:17', '2024-06-07 16:54:31', NULL, NULL),
(399, 'Florence Gray', NULL, NULL, NULL, NULL, '000107.cefa11a847084f84b6f6537037140fa7.0030', 'fzfr6f29gg@privaterelay.appleid.com', NULL, 1, '2024-06-08 00:30:39', NULL, 'cOhtJszzLFL7SlxCHkLMz5xLEBqupRQlZo1buo8186VdUCIx0dB7mubKsy3Pm9Mi8l8NAV6FdnFp5NqR', 'default.png', NULL, NULL, NULL, '2024-06-08 00:30:39', 'A76F5FFB-D25D-4562-9016-D5D33E9684F9', 'ios', NULL, NULL, 0, 1, '2024-06-08 00:30:39', '2024-06-08 00:30:39', NULL, NULL),
(400, 'Noreply', 'gasem', 'khazali', NULL, NULL, NULL, 'noreplay@chefshub.net', NULL, 1, '2024-06-08 07:45:09', '$2y$10$/VE/q7zf1ttYpVNOAbR1JupbDqgoZklS5rOvZymiTNFT2qwVDCm/.', 'yHyBU1RCwfoK42sZ8QNCsWckV6VueD2iRzXujQVJuX7cOhztnJI9kPZLvXwOVSe4KDdGlV2lYClOca6F', 'default.png', 'male', NULL, NULL, '2024-06-08 07:45:09', '15763F43-7106-4650-B477-78045B8FCC1D', 'ios', NULL, NULL, 0, 1, '2024-06-08 07:44:47', '2024-06-08 07:45:54', NULL, NULL),
(402, 'Aaaq', NULL, NULL, NULL, NULL, NULL, 'dd@fff.dxx', NULL, NULL, NULL, '$2y$10$xJL0N6x9s19H9vZSnE0gwO5PLvh2ZOY7IuKWrpIZ2BdunrJaVFzIa', '6tgKmsq5nsYNMTZhKwQFFHnHawF2rzeONALESRt1SbwUO35ZSKWwqKfZKzXkkLTMUQgqWM13BNjCPHkM', 'default.png', NULL, NULL, NULL, '2024-06-08 20:49:10', 'not_entered', 'android', NULL, NULL, 0, 1, '2024-06-08 20:49:10', '2024-06-08 20:49:10', NULL, NULL),
(403, 'test', NULL, NULL, NULL, NULL, NULL, 'g@h.com', NULL, NULL, NULL, '$2y$10$zX611adTkRlL8xwTfoSv..w4wqX9VWEGE62dc0Efl3MviAEkzeGoi', '86kHkQ585UWdQFeOLByBPiwHol5pOOPDGlvVq1ztKr5Vl0f5K1KmHTcpuoXIgtTSP0DFZy98dSjr3wvS', 'default.png', NULL, NULL, NULL, '2024-06-08 21:02:34', 'not_entered', 'android', NULL, NULL, 0, 1, '2024-06-08 21:01:37', '2024-06-08 21:02:34', NULL, NULL);
INSERT INTO `users` (`id`, `name`, `f_name`, `l_name`, `facebook_provider_id`, `google_provider_id`, `apple_provider_id`, `email`, `MOBILE`, `ACCOUNT_VERIFIED_FLAG`, `email_verified_at`, `password`, `api_token`, `avatar_path`, `gender`, `age`, `blocked_chefs_ids`, `last_login_at`, `device_token`, `os`, `device_id`, `ip`, `EULA_accepted`, `account_active`, `created_at`, `updated_at`, `LOCATION`, `country`) VALUES
(404, 'Mi', NULL, NULL, NULL, NULL, NULL, 'fff@ddd.fddd', NULL, NULL, NULL, '$2y$10$LeDq7mQelPwhp3WjBdI29uHeEbJA/buECEiRxzH5qSQtdNy/OVfri', 'OMI5sstnMuaY49dLrWjr7WjqaEfi1szNebrVe8F5JQ3QXiVtwv9qxWeDspx1Kd4j7X9GnkmZrpeaBwVd', 'default.png', NULL, NULL, NULL, '2024-06-08 21:02:04', 'not_entered', 'android', NULL, NULL, 0, 1, '2024-06-08 21:02:04', '2024-06-08 21:02:04', NULL, NULL),
(405, 'ggg', NULL, NULL, NULL, NULL, NULL, 'gggg@fdd.tf', NULL, NULL, NULL, '$2y$10$zFr55uVNeEvZClzrt5qBRe1iCVes/uOJvBrASoZgvdERCKp5/boku', 'Rs5ZVdSZdCzvRqyeQKIRJJrhc0m0yl43XBYK6584bl04FQEfrp3BkFcRPmSGWMt22JeNjLYtbSXHVt9H', 'default.png', NULL, NULL, NULL, '2024-06-08 21:48:17', 'not_entered', 'android', NULL, NULL, 0, 1, '2024-06-08 21:48:17', '2024-06-08 21:48:17', NULL, NULL),
(410, 'trdw', NULL, NULL, NULL, NULL, NULL, 'fff@ddd.fdd', NULL, NULL, NULL, '$2y$10$Wpqab2Qw7DA5UrR8I24GAeS0WjpIgN3I93gTrX8CmYFaQ4pFgAV42', 'PlhIVY4Qy9R9d63SBeJuqsKfkVEDUKX5M6CKdhjPZUNyYGyJyXpS1pkDs2ERYsgbyK5Be71YUkahm1PX', 'default.png', NULL, NULL, NULL, '2024-06-08 22:01:07', 'not_entered', 'android', NULL, NULL, 0, 1, '2024-06-08 22:01:07', '2024-06-08 22:01:07', NULL, NULL),
(412, 'kahsk', NULL, NULL, NULL, NULL, NULL, 'hhh@lshodmxokd.xo', NULL, NULL, NULL, '$2y$10$RriskEuxk2IMV6lCLQ9brebbhbHOhQdzC1oV1islgTZ4uBcvkZhKa', 'pdKV0JT80BElIJy80Ti2z3UneGeZauwEbwHfxLPRS9EMFWN3ThTf3idmbUuNXhdD4eoH19Vwx7ko0lCu', 'default.png', NULL, NULL, NULL, '2024-06-08 22:08:54', 'not_entered', 'android', NULL, NULL, 0, 1, '2024-06-08 22:08:54', '2024-06-08 22:08:54', NULL, NULL),
(416, 'xsafavd', NULL, NULL, NULL, NULL, NULL, 'rrrr@ffg.edszx', NULL, NULL, NULL, '$2y$10$8H0LbkgHi8wTDAhJ0wHJiujTT8X2..do7iOzZwoLRg1SVkBxqIC.q', 'HdOb55eKPkONDE47BUD8McE88GOPXjyD1VKOaWGt3xJl3HEpwkJU4Em8XZrsj3LOfB0vTQdQbZqEPmFG', 'default.png', NULL, NULL, NULL, '2024-06-08 22:23:26', 'not_entered', 'android', NULL, NULL, 0, 1, '2024-06-08 22:23:26', '2024-06-14 22:56:25', NULL, NULL),
(417, 'gooooo', NULL, NULL, NULL, NULL, NULL, 'xsax@ssd.ssx', NULL, NULL, NULL, '$2y$10$3uqgSVjRba4DO9pLcWz4TOsqcZKidrpNKVnO510PkDOdVFfjn7aVq', '522aho6YJxBiRBt7nEdMRdXXqDTIHMPshBFnlnetrmrjFPBJhgfXbrusqKHkIlXmY3XLfjyy5amugSAi', 'default.png', NULL, NULL, NULL, '2024-06-08 22:26:10', 'not_entered', 'android', NULL, NULL, 0, 1, '2024-06-08 22:26:10', '2024-06-08 22:26:10', NULL, NULL),
(418, 'mohhhh', NULL, NULL, NULL, NULL, NULL, 'yyy@dddd.conkglg', NULL, NULL, NULL, '$2y$10$bES2reRFl0itO9U8xtE1ee72XCAoo5eQj5ptUfyvE0WRAJh.TLvRK', 'SV3lbFgMNw8gRUyXnr475ZP10vUjpPUKjuNj0omfXETMH9WAAlT7prpGpN7xaL08VyplGuhskINcCHfp', 'default.png', NULL, NULL, NULL, '2024-06-08 22:35:12', 'not_entered', 'android', NULL, NULL, 0, 1, '2024-06-08 22:35:12', '2024-06-08 22:35:12', NULL, NULL),
(419, 'gggjgjh', NULL, NULL, NULL, NULL, NULL, 'gggjgj@hhjh.hkj', NULL, NULL, NULL, '$2y$10$pPRl0x7MAEuQP56GPcLWm.DreNw6IVN7pI2LeKLFtSay269KwVAd.', 'wNEF25KOIvNDCjZXhLS0ISyM0c0P3lVetjYqtX2f9n58KrTxsUe92O6vWJahZ6lRzp8HgC43MrfNh5Oc', 'default.png', NULL, NULL, NULL, '2024-06-08 22:36:51', 'not_entered', 'android', NULL, NULL, 0, 1, '2024-06-08 22:36:52', '2024-06-08 22:36:52', NULL, NULL),
(421, 'go nivr', NULL, NULL, NULL, NULL, NULL, 'ihkgu@jhfy.gigu', NULL, NULL, NULL, '$2y$10$JaEcrbW89ZUCzRkVi8G5iuMng6UWOXwhQY.zGQ16n/avewxc/9AtO', '2OMMdAqB5dcmDm2LLlGtfsJHaFbL10J6sFjTJIFJQSYiUd7yVZv1qPDgFXSppwL0vNYmPRQC2gxpkS04', 'default.png', NULL, NULL, NULL, '2024-06-08 22:44:00', 'not_entered', 'android', NULL, NULL, 0, 1, '2024-06-08 22:44:00', '2024-06-08 22:44:00', NULL, NULL),
(423, 'Ahmed aly', NULL, NULL, NULL, NULL, NULL, '2grand.net@gmail.com', NULL, NULL, NULL, '$2y$10$6jDGc/D.O.DjOXoFlMSuXOy82sUp6JIUeO/IqmHeoKT3fJDzXggx2', 'iOcyUhBdYBCBdBzUsiQRVnr4bc8xPbhQqAOeZqTOOY50zTv6BR2l6alvh8UmTUvRFWNZ1zd4lD9lyLc4', 'default.png', NULL, NULL, NULL, '2024-06-08 22:49:34', 'not_entered', 'android', NULL, NULL, 0, 1, '2024-06-08 22:49:34', '2024-06-08 22:49:34', NULL, NULL),
(425, 'Pamela Ray', NULL, NULL, NULL, NULL, '000013.b21be3a418344c91b5039084b0cee79d.0126', 'prkswqkmmj@privaterelay.appleid.com', NULL, 1, '2024-06-09 01:26:47', NULL, 'emrL3sxpvoNiAxVGJJ9kY2JwITmJXV1Jj4z9nX4ZMmyKlQ9M7d2yTGrmItcqAbPV5tFPnhMU26FjPJMk', 'default.png', NULL, NULL, NULL, '2024-06-09 01:26:47', 'D7D4190A-1AEA-4434-8BCE-D56AC7916E67', 'ios', NULL, NULL, 0, 1, '2024-06-09 01:26:47', '2024-06-09 01:26:47', NULL, NULL),
(428, 'gasem', NULL, NULL, NULL, NULL, NULL, 'ghdushsh@gmail.com', NULL, NULL, NULL, '$2y$10$OTeKu514vdwBVcwTKRmH.ulme2zYbisFLcQga08EGD05XVoh2tKAu', '33MOHkmwIzuIBHEfhhS8XLdiK5T4581hWmFPhTpXZeIjDYFLyyVbafhj0A3eBjElVY6GTUUeHWReAcii', 'default.png', NULL, NULL, NULL, '2024-06-09 14:31:43', 'not_entered', 'android', NULL, NULL, 0, 1, '2024-06-09 14:31:43', '2024-06-09 14:31:43', NULL, NULL),
(430, 'gasem khazali', NULL, 'hhhh', NULL, '107254190214310713391', NULL, 'gasem.khazali854@gmail.com', 'null', 1, '2024-07-21 20:02:00', '$2y$10$ls5ePYu4Wg6tZlqK2yjLe.28W7r14WC8h9Mlf/JplJDJxuQDZfX0u', 'ZKKqPCESGoJjWoogvxTkxRJoLeJoTVIJbnsWa3LRu5DTHmoisFhBBPGKbkFXfOIYgwEOLDJVYnSUmx4Y', 'avatar_path_66a0d1a1bed56.', 'female', '18/06/2011', NULL, '2024-07-21 20:02:00', 'D38DA82D-A41A-469B-866D-03560303AF5C', 'ios', NULL, NULL, 0, 1, '2024-06-10 11:15:41', '2024-07-24 10:04:17', NULL, NULL),
(434, 'gasem', NULL, NULL, NULL, NULL, NULL, 'gasem.khazali@emircom.com', NULL, 1, '2024-06-10 18:38:54', '$2y$10$KuWEfXSUbSoMkOoYF1iw7urxi0l263lXU9pTXJfU2cvvWNREHBf.q', 'uKx89p2cApuSRjTsiJtx0yETiCGwXaAqQbXlIqIPXBLkI5jjETR1gEOo8oGoRvwmKhtYMtcid1LIz53j', 'default.png', NULL, NULL, NULL, '2024-06-24 21:17:18', 'not_entered', 'android', NULL, NULL, 0, 1, '2024-06-10 18:36:38', '2024-06-24 21:17:18', NULL, NULL),
(435, 'zayed 3', 'ahmed', 'ibrahim', NULL, '112606020880278626428', NULL, 'gasem121@gmail.com', NULL, 1, '2024-06-30 10:00:03', NULL, '0B5Uq8rZV0v2jpeWbmlOPy0UEw5d6Egopzja7jHlN8IhMJTUnUWzXRkKfNZ0eq0jer3Vd0FCpSBGWsbO', 'avatar_path_66aab71d70ca1.webp', 'male', '12', NULL, '2024-06-30 10:00:03', '1995E9D8-5A9E-4A6E-B64F-852FCA3E5BEF', 'ios', NULL, NULL, 0, 1, '2024-06-10 19:10:51', '2024-07-31 22:13:49', NULL, NULL),
(436, 'Pedro Leuthold', NULL, NULL, NULL, NULL, '001124.7791965e8b6a464893a37abb2f5defb3.1535', 'jwt95x4rn8@privaterelay.appleid.com', NULL, 1, '2024-06-11 15:40:36', NULL, 'f2NOKHJDTf0lx5HqHnLCDynLbT41t0yzr2lZ4dqg73E9y3vfjL0jtsxEnkpTbJj2dwBdean0LvGPneUq', 'default.png', NULL, NULL, NULL, '2024-06-11 15:40:36', '5748B046-3557-4297-9C1D-0ADD2A606F79', 'ios', NULL, NULL, 0, 0, '2024-06-11 15:35:45', '2024-06-11 15:42:22', NULL, NULL),
(437, 'Memo atef', NULL, 'Atef', NULL, NULL, NULL, 'atef7374@gmail.com', NULL, 1, '2024-06-11 19:44:00', '$2y$10$jOCG3Jjh39guYMjK9McVNOD4Yyg9Al3LMy9v3qPPZlAPk7jEhhu3K', 'qOUAKrpm5LFNc54NVysZemBA4mDfrtsd0NQtaPt5bNE5i3vhHFEWiWqC9xmWCNymJrkjniGRgl5aIHwQ', 'avatar_path_66a5275f1c413.', 'male', '21/7/2010', NULL, '2024-08-03 12:07:02', 'not_entered', 'android', NULL, NULL, 0, 1, '2024-06-11 19:43:25', '2024-08-03 12:07:02', NULL, NULL),
(438, 'Florence Anderson', NULL, NULL, NULL, NULL, '001709.d1ae691768e34ff790e12ddfab3800ab.2245', '5mggqkrny4@privaterelay.appleid.com', NULL, 1, '2024-06-13 22:45:24', NULL, 'onxEaug6ekZ1ij8rIy0koey50p3PMHRzizIM1cufPARnlibDNYg3CVJXN8OqP0RnUJrCGa0R756eUPxL', 'default.png', NULL, NULL, NULL, '2024-06-13 22:45:24', '95042BB5-45AA-4565-9202-69701B57E63C', 'ios', NULL, NULL, 0, 0, '2024-06-13 22:45:24', '2024-06-13 22:45:40', NULL, NULL),
(439, 'Carl Belcher', NULL, NULL, NULL, NULL, '001762.68f13d5de90c4b99a660b3af6149a405.2015', 'gvqgv4crd7@privaterelay.appleid.com', NULL, 1, '2024-06-15 20:15:27', NULL, 'e6a7cTcHX40am6VANeQGjxzhx39PFSkNN0prrbb9FGijBKmKB2PLykygGIe89FhSZ7xoyq1FSRqeeagG', 'default.png', NULL, NULL, NULL, '2024-06-15 20:15:27', '0621D81E-B1F6-43C2-A088-46BB902004C8', 'ios', NULL, NULL, 0, 1, '2024-06-15 20:15:27', '2024-06-15 20:15:27', NULL, NULL),
(440, 'ayham', NULL, NULL, NULL, NULL, NULL, 'ayham.shaar@hotmail.com', NULL, 1, '2024-06-16 11:06:09', '$2y$10$TXizk24xkH0hixVXnhnv0.WDuIRo0IxqM99uUgOTsID26yhBuAllu', 'dUQvIx0ryNgwQuFfo71JQMHCji2IkX3nT3oaS0QZTJNtZklbZF6IKKUSqW80kLVZyjVOq7FYev9YLb1V', 'default.png', 'male', NULL, NULL, '2024-06-16 11:06:09', 'not_entered', 'android', NULL, NULL, 0, 1, '2024-06-16 11:05:15', '2024-07-08 17:37:01', NULL, NULL),
(441, 'Lance Valez', NULL, NULL, NULL, NULL, '001968.c8e4852c2bbb4d1a81bacad014597015.1936', 'dxjzj65t2x@privaterelay.appleid.com', NULL, 1, '2024-06-16 19:36:43', NULL, 'hibKc0AJIStVrSbD8so3cKRSTReoreuHuD6qIrRcr2tBQWFUTjUtZNRYd65U3njjSOLNT3f3PZjtjTlF', 'default.png', NULL, NULL, NULL, '2024-06-16 19:36:43', '902BA03C-9F1D-413C-89C2-6E2C1CA47341', 'ios', NULL, NULL, 0, 0, '2024-06-16 19:36:43', '2024-06-16 19:37:35', NULL, NULL),
(442, 'Charles Kauffman', NULL, NULL, NULL, NULL, '000330.7028dcceb1524fae816e7c3b9695114b.2249', '5t98rmcj82@privaterelay.appleid.com', NULL, 1, '2024-06-18 22:49:52', NULL, 'iMOIcaGEW6PceT2zZN1f9qHclM4qwQmYBxjzRTuwSujs3ZZwxrUoJz8NxUeAt68V2nDpPN6WjSkOqVrN', 'default.png', NULL, NULL, NULL, '2024-06-18 22:49:52', 'BE9463AB-256C-451A-9792-57D13C4EC698', 'ios', NULL, NULL, 0, 1, '2024-06-18 22:49:52', '2024-06-18 22:49:52', NULL, NULL),
(443, 'aaaa', NULL, NULL, NULL, 'sadasdaswadsas', NULL, 'abcd@yahoo.com', NULL, 1, '2024-06-19 16:45:26', NULL, 'xxTCsy3KVGTdXpxrW6ClheQRjT9HNujU7ZnRXBPlQJb75C2s2P5XiI3kB8OlJRyPfPffstDvD6aZvuZB', 'default.png', NULL, NULL, NULL, '2024-06-19 16:45:26', '2801D99C-1B47-4207-AC0A-C122E21319DE', 'ios', NULL, NULL, 0, 1, '2024-06-19 16:45:26', '2024-06-19 16:45:26', NULL, NULL),
(444, 'hashim', NULL, NULL, NULL, NULL, NULL, 'hashem101910@gmail.com', NULL, 1, '2024-06-20 09:29:05', '$2y$10$Ifi6NUq7X4wazVnAmCA8/ewUIAgj8wsxDXeKCOwSHuxmTvh5/PgVq', 'Ar8mefaDmtuhyrt98zDxR7QCaFQCSguhvRkrFUxyIakx24FFv0qxpt7aG4bGwG3JudsIg55tPO2r0Zlg', 'default.png', NULL, NULL, NULL, '2024-06-20 09:29:05', 'not_entered', 'android', NULL, NULL, 0, 1, '2024-06-20 09:28:06', '2024-06-20 09:29:05', NULL, NULL),
(445, 'aaaa', NULL, NULL, NULL, '001810.1050fb90c8f146908e7470b497e72fc5.2334', NULL, 'asdhaj@yah.com', NULL, 1, '2024-06-20 15:15:59', NULL, '8D88jLRhGt7rLhBwYP9NPUT8yXSIrmgfz5xS9hFTJetqcRRdGkL1EaEqAL5Diy6XQWO3MNdo2DHSgRTe', 'default.png', NULL, NULL, NULL, '2024-06-20 15:15:59', '2801D99C-1B47-4207-AC0A-C122E21319DEss', 'ios', NULL, NULL, 0, 1, '2024-06-20 15:15:59', '2024-06-20 15:15:59', NULL, NULL),
(446, 'AhAttalla', NULL, NULL, NULL, NULL, NULL, 'locasahmed@gmail.com', NULL, 1, '2024-06-20 22:31:57', '$2y$10$56zlysh/85E1kIuc1X5PdOdGdGlu.4WwdMFhUN/gAFn8q9MJcRipi', 'PJQ9qQn7tPy4VderloBkCnmIffINGOX0frzEATiKxkvcxNIIL83ZazlaArOMEAn6wDvUTPXxHDANoeZW', 'default.png', NULL, NULL, NULL, '2024-06-20 23:25:38', 'C3C8B78C-5E73-4446-87E3-7F641F534496', 'ios', NULL, NULL, 0, 1, '2024-06-20 22:31:39', '2024-06-20 23:25:38', NULL, NULL),
(447, 'George Anderson', NULL, NULL, NULL, NULL, '000275.8813be3ccf8b4cd58d2bf92b6561c297.2323', 'mpymxdc96r@privaterelay.appleid.com', NULL, 1, '2024-06-20 23:23:18', NULL, 'b8GeCAVc0cPNUm2JQrMINz3uXGLWj7X5yIvCja3K9X80Vsf8uysNPWzWdLDDbBirS7iH7SuyAunMbq7Q', 'default.png', NULL, NULL, NULL, '2024-06-20 23:23:18', '28CF66A6-2A92-4E27-921E-792600E885EB', 'ios', NULL, NULL, 0, 1, '2024-06-20 23:23:18', '2024-06-20 23:23:18', NULL, NULL),
(448, 'AhAttalla', NULL, NULL, NULL, NULL, NULL, 'sa@g.com', NULL, NULL, NULL, '$2y$10$g6.Ard1pkBLBSfVXQnUjNe9bF0CU9vdLnG6AXMt1gTfZ9E0QYglh.', 'FTPXlmHzZMxMqdZ6HGKyTCYvg3Ejio5AjxO36dMn9aHBJJJl9fYptVs4WVdl1tDjax1WlGA1pTC57lVq', 'default.png', NULL, NULL, NULL, '2024-06-20 23:24:10', 'C3C8B78C-5E73-4446-87E3-7F641F534496', 'ios', NULL, NULL, 0, 1, '2024-06-20 23:24:10', '2024-06-20 23:24:10', NULL, NULL),
(449, 'Israel Krasner', NULL, NULL, NULL, NULL, '001147.e3fd7cbcc20f4e4c95bd3195857b5778.0259', 'jfpnkgx9yn@privaterelay.appleid.com', NULL, 1, '2024-06-21 02:59:48', NULL, 'KwEs9zQ8YZ4vT3ltjEX8mTJB02I7lSGBzafU0UmHGTYroPI9KmTeDzaf2EXsbScSM2AQeU5nSckQ1enE', 'default.png', NULL, NULL, NULL, '2024-06-21 02:59:48', '8F085152-E005-4D20-A871-A1E7275E6839', 'ios', NULL, NULL, 0, 1, '2024-06-21 02:59:48', '2024-06-21 02:59:48', NULL, NULL),
(450, 'Ahmed Attalla', NULL, NULL, NULL, NULL, NULL, 'devahmedattalla@gmail.com', NULL, 1, '2024-06-21 03:15:17', '$2y$10$R69c.D4xpiHQ1ZyKD23Ze.bd4AfqEMbimhpYNNOyd8iJgMRgjkN1y', '8RRErNHN97lM291zoqClMQXOa8AT1BpaboDlHVwAThGZpHvpx4QCKsBLwHwMCk4dgo5L1f1FXGtKsYia', 'default.png', NULL, NULL, NULL, '2024-06-21 03:15:17', 'C3C8B78C-5E73-4446-87E3-7F641F534496', 'ios', NULL, NULL, 0, 1, '2024-06-21 03:14:40', '2024-06-21 03:15:17', NULL, NULL),
(451, 'asem', NULL, NULL, NULL, NULL, NULL, 'khazaliasem@gmail.com', NULL, 1, '2024-06-21 12:20:51', '$2y$10$Y24tHcZfkGCn/LeCerYdPuvc8Yz0qFbZkb//yUHgg9NNBGngMQ/9O', '4UU2W82ijr4jUP79ecYBUJNqvkxyznnc6IyfAGqX87HtRteDZnabX5Hft0FAKHcybFTGQpDCNuQuOJvC', 'default.png', NULL, NULL, NULL, '2024-06-21 12:20:51', 'not_entered', 'android', NULL, NULL, 0, 1, '2024-06-21 12:20:32', '2024-06-21 12:20:51', NULL, NULL),
(452, 'Pamela Stith', NULL, NULL, NULL, NULL, '001577.05e1bb93450f4db2a6c11f363ced5382.0734', '55dfgrbhys@privaterelay.appleid.com', NULL, 1, '2024-06-22 07:34:47', NULL, 'nBD5xs00hsraYR9Wkg2GWpFdVi23vNNYtj1OobdnWuEySczdYlyIj7oRFCYL9jJPVncmWmvhvjiQu6el', 'default.png', NULL, NULL, NULL, '2024-06-22 07:34:47', '505386F1-7C27-43F3-BFFF-4E302EBAE536', 'ios', NULL, NULL, 0, 1, '2024-06-22 07:34:47', '2024-06-22 07:34:47', NULL, NULL),
(453, 'Rasha', NULL, NULL, NULL, NULL, NULL, 'Rashakhazali@yahoo.com', NULL, 1, '2024-06-22 11:41:22', '$2y$10$e9WHtc6BFmfQS4JjtEd95.hzbiNAFDyOZnUrp6DaKNZVjm1l.6.1q', 'qU6KHxoSl7ZddnsraLnZBHiZb046vLZucPRaCIbxP7cXSmOxqi7iFZLjQJIPkjuIFUQ4pc9WDjPrgmjp', 'default.png', NULL, NULL, NULL, '2024-06-22 11:41:22', '39A30BE1-D4A3-4202-87B8-2493BCB41A64', 'ios', NULL, NULL, 0, 1, '2024-06-22 11:40:15', '2024-06-22 11:41:22', NULL, NULL),
(454, 'Maisaa', NULL, NULL, NULL, NULL, NULL, 'maisaa.awwad@yahoo.com', NULL, 1, '2024-06-22 11:42:46', '$2y$10$KsyJ3j58D92h38Iuz2XepOAQrNblqsKty44wnx305dOwJweQDS.au', 'aRNALMg5qhFLSqMMtQjq9olrTJlvLWqe3udY3M3NxBnC6TIbahPVMWY9yprXXaEORm23tmzJDpA7TdMM', 'default.png', NULL, NULL, NULL, '2024-06-22 11:42:46', 'D20CADE5-E62F-4280-A29A-31B7EDF301BB', 'ios', NULL, NULL, 0, 1, '2024-06-22 11:41:57', '2024-06-22 11:42:46', NULL, NULL),
(455, 'Hala', NULL, NULL, NULL, NULL, NULL, 'khazally.h@gmail.com', NULL, 1, '2024-06-22 11:43:13', '$2y$10$ZnRD2d33vvTLq/aVzKjzhuxqX9EJhX/qBaTCAp/Yx73Q.43ZNQSri', 'WeK4PbQ0kyHqxLnrnO64rYkzGKm4L6a16Vs3hNQK7fK9R6tes7Sd6xxvzKDKaTUkz5ZWeJXSK937iC2N', 'default.png', NULL, NULL, NULL, '2024-06-22 11:43:13', 'D278EB70-ECB5-4E6D-A8CF-E5C0C66F8B31', 'ios', NULL, NULL, 0, 1, '2024-06-22 11:42:51', '2024-06-22 11:43:13', NULL, NULL),
(456, 'Aya Tarakji', NULL, NULL, NULL, '107294620313871468037', NULL, 'aya.tarakji88@gmail.com', NULL, 1, '2024-06-22 13:52:59', NULL, 'Fzv1xdfWlk5gh8m1toa9rlAGyXHNtGzAlVqiPqwH1GXk0LnyvTLCtnTmTnHPx3knvidHABe4KxwbiGsX', 'default.png', NULL, NULL, NULL, '2024-06-22 13:52:59', '1EF5501A-01A2-4D86-BA2C-44F44972E457', 'ios', NULL, NULL, 0, 1, '2024-06-22 13:52:59', '2024-06-22 13:52:59', NULL, NULL),
(457, 'Ernest Livingstone', NULL, NULL, NULL, NULL, '001432.ab778d297ea4491bbd841c488715578a.2032', 'smmccrkyxz@privaterelay.appleid.com', NULL, 1, '2024-06-24 20:32:12', NULL, 'EdtCd291Ywerg2DVmg9RPZourh5rtKuQPbWYgej1h17FVpmyxZi3s2FpYY3wHdRwKEoos3HGo5mfyHrM', 'default.png', NULL, NULL, NULL, '2024-06-24 20:32:12', 'CA504F12-5243-4F12-A99B-26EF62B00B2F', 'ios', NULL, NULL, 0, 1, '2024-06-24 20:32:12', '2024-06-24 20:32:12', NULL, NULL),
(458, 'Tareq Awwad', 'tareq', 'awwad', NULL, NULL, '000921.29bd560a3b6c44569ae040973831b3eb.1459', '467hf8zfwq@privaterelay.appleid.com', NULL, 1, '2024-06-25 14:59:50', NULL, 'Kt8ZIZ2ZFdkNQbkNzjKdFtlH46PMgPk7VYvgPfWaW6f1OR7wAyP537wWmYxeQBoyHnJngxw0Ll0zJGxM', 'default.png', 'male', '23/12/1999', NULL, '2024-06-25 14:59:50', 'A2D63210-210C-4B33-8B2C-18B0F8226634', 'ios', NULL, NULL, 0, 1, '2024-06-25 14:59:50', '2024-06-25 15:01:29', NULL, NULL),
(459, 'Tareq Awwad', NULL, NULL, NULL, NULL, NULL, 'tareqawwad0@gmail.com', NULL, 1, '2024-06-25 15:05:32', '$2y$10$dMCrJY1.xglAZzMuaFexLu9u3xP.IZ.oonHXGZw5rgNlJnHMFYC9K', 'UU5445SVAJwnbAsfZY3d5TXQr1f4MbCO90otogf9zHl9TWzABVhvJKGzRmqSBUfiYjGakzFw4zKVcQ2L', 'default.png', NULL, NULL, NULL, '2024-06-25 15:05:32', 'A2D63210-210C-4B33-8B2C-18B0F8226634', 'ios', NULL, NULL, 0, 1, '2024-06-25 15:05:03', '2024-06-25 15:05:32', NULL, NULL),
(460, 'gasem', NULL, NULL, NULL, NULL, NULL, 'gasem.kh@hotmqil.com', NULL, NULL, NULL, '$2y$10$IYLgSub30ggpvBotgbUIKuli.E0jkkWWJGobf6UTYv/CufI2V5z12', 'ulIEz3ZNgWIzfAUie3EYypFWKfHTLO6dft3ypPXFXDokm4FYrv3L8Osyx9A0IDiX1DnMP0ccCHMOoozF', 'default.png', NULL, NULL, NULL, '2024-06-26 12:27:46', 'not_entered', 'android', NULL, NULL, 0, 1, '2024-06-26 12:27:46', '2024-06-26 12:27:46', NULL, NULL),
(461, 'gasem', NULL, NULL, NULL, NULL, NULL, 'gasem.kh@hotmail.com', NULL, NULL, NULL, '$2y$10$DMbKWVdHMpC2viXCTGenRuE1ML3Xcba4X.ryZGuw9f1AMdRgfK1zm', 'PH3iCaaavISFOBldtHZiJwR1cspF5FsCs5wiUeug3paS2MDBkygG2FaQivmQdymu1WyQuVQj2vnt9Dk0', 'default.png', NULL, NULL, NULL, '2024-06-26 12:27:56', 'not_entered', 'android', NULL, NULL, 0, 1, '2024-06-26 12:27:56', '2024-06-26 12:27:56', NULL, NULL),
(462, 'gasem', NULL, NULL, NULL, NULL, NULL, 'info@chefshub.net', NULL, NULL, NULL, '$2y$10$79.eRRNF/Y6Wqw8f.8H2qu3zgIFt28AH3NaxJRuF9HOjTArc9H4UW', 'GIekbe6PLQcsMhh7X1VYuZmhg8QTBeF9k3A2DJz3LYfHzt9B5pYcQF6m20tTAWJ9YtEiEbCxy82IiUvG', 'default.png', NULL, NULL, NULL, '2024-06-26 12:28:53', 'not_entered', 'android', NULL, NULL, 0, 1, '2024-06-26 12:28:53', '2024-06-26 12:28:53', NULL, NULL),
(464, 'Test', NULL, NULL, NULL, NULL, NULL, 'testchefshubapp@gmail.com', NULL, 1, '2024-06-27 08:57:07', '$2y$10$dGiwWnu3OTACcZYAoUsj4.t7I/G.6jksDlZW6lbZjwc6V0Nr7BSdq', 'ATepIrxBOqtXvnhqxBR6GEzEqWzmdDrf91GUIsPBUJ3c8PEXKQGfLwhheeCa7RMPyTwvPdRBUuNbUKus', 'default.png', NULL, NULL, NULL, '2024-08-05 08:14:47', '11E508E0-9093-49FB-8994-8BC6A24D06DF', 'ios', NULL, NULL, 0, 1, '2024-06-27 08:56:38', '2024-08-05 08:14:47', NULL, NULL),
(465, 'Peggy King', NULL, NULL, NULL, NULL, '000756.133d808e5b994a60bd8e9b939a71bd27.1614', 'gdvb2wwn52@privaterelay.appleid.com', NULL, 1, '2024-06-27 16:14:11', NULL, 'Hh7Xycf29SUBXKyYNWvc91in3WMqxXtz1qNFyN6wZM4uIFsRlxx5LyHdjMnogKboCDMZ9doYZVscFfix', 'default.png', NULL, NULL, NULL, '2024-06-27 16:14:11', '0365CD94-3B9C-47CF-A94C-628338D61899', 'ios', NULL, NULL, 0, 1, '2024-06-27 16:14:11', '2024-06-27 16:14:11', NULL, NULL),
(466, 'Karen Purgason', NULL, NULL, NULL, NULL, '001119.dcfff9bd12714230921b5b1ceae59f64.1256', 'bdjvhz8wtm@privaterelay.appleid.com', NULL, 1, '2024-06-28 12:56:37', NULL, 'Wn7FZe2AdjZuqJPwwp9CUDrY3VVgDHPgpEE0KfVPgxNpYxS4AGvIsXq6eEafEYGH2yrijwxeQjywjLIY', 'default.png', NULL, NULL, NULL, '2024-06-28 12:56:37', '381D296C-0913-4BED-893F-68A02B9ED180', 'ios', NULL, NULL, 0, 0, '2024-06-28 12:56:37', '2024-06-28 12:57:28', NULL, NULL),
(467, 'Aghyad Altraini', NULL, NULL, NULL, NULL, '000413.5d6569c0ce754cf69abbedc0a0611a21.2014', 'rqzdm85jp5@privaterelay.appleid.com', NULL, 1, '2024-06-29 20:14:32', NULL, 'FHnLrVPWuhFQ7WF3RVu99rts0KvuETXMi33VkRTKyB5sMabbUzs8t4FyfSMivPV5FKAQFSnFm4K35MMj', 'default.png', NULL, NULL, NULL, '2024-06-29 20:14:32', '77F4E54C-FD80-4721-8F6A-3A0FA2CA8996', 'ios', NULL, NULL, 0, 1, '2024-06-29 20:14:32', '2024-06-29 20:14:32', NULL, NULL),
(468, 'George Chappell', NULL, NULL, NULL, NULL, '001322.a52341bdc7494aeeb183e29dc1e13b0f.0235', 'rfg6ssfrfp@privaterelay.appleid.com', NULL, 1, '2024-06-30 02:35:58', NULL, 'S4zP29CuVY3rbFyMmqigUanAPCKrNHwUcRoaleGk8FUkpSktdoPvl4LnRDf2z7IZPgqcj1VBYDX6gLBd', 'default.png', NULL, NULL, NULL, '2024-06-30 02:35:58', '4DD0BD9D-C79D-4257-B69D-51923854C575', 'ios', NULL, NULL, 0, 0, '2024-06-30 02:35:58', '2024-06-30 02:36:12', NULL, NULL),
(469, 'Ronald Chapman', NULL, NULL, NULL, NULL, '000683.6f585d16f9d84ef9954f7aad258e6768.0519', '57g49gv9qt@privaterelay.appleid.com', NULL, 1, '2024-06-30 05:19:57', NULL, 'ouZdTYQWA8DpaYorNtqpVpA3pNyJt8CLfBS2FWQ1zu63AxpE2bHzSD7lQKqQ6TyJ9GWP2QXtpRwzC33r', 'default.png', NULL, NULL, NULL, '2024-06-30 05:19:57', '50DD73D7-658F-4CCE-9B8E-18512CEE43D3', 'ios', NULL, NULL, 0, 1, '2024-06-30 05:19:57', '2024-06-30 09:08:59', NULL, NULL),
(470, 'Deborah Studebaker', NULL, NULL, NULL, NULL, '001240.41a372130951434e97d200af4faab10b.1625', 'zsqjtt6yzj@privaterelay.appleid.com', NULL, 1, '2024-07-01 16:25:58', NULL, 'meAgkj51RXNL5SCcg2bS5LgAsUfCSns9OrjuFouQLYG0te25sLeznw1xa6Z8NWxLDOb5hMQB8ZlwWjdY', 'default.png', NULL, NULL, NULL, '2024-07-01 16:25:58', 'B9F171AA-7689-485D-A70B-898577F5E723', 'ios', NULL, NULL, 0, 1, '2024-07-01 16:25:58', '2024-07-01 16:25:58', NULL, NULL),
(471, 'hnsjs', NULL, NULL, NULL, NULL, NULL, 'hhhh@j.vhh', NULL, NULL, NULL, '$2y$10$oEp7yc1MsPlYrGYhgsiiw.I7pA0SKUUAl22vBmDOjTxhxMvJYvwgy', 'ENkfGkQpzEfyGPVXnLKA8OQlvAvJeYiz5UFJmCXGacLcDhHhdrcvZliaToCe8EPiddZdLrzb0LYuUCMt', 'default.png', NULL, NULL, NULL, '2024-07-01 19:40:09', 'not_entered', 'android', NULL, NULL, 0, 1, '2024-07-01 19:40:09', '2024-07-01 19:40:09', NULL, NULL),
(472, 'gasem', NULL, 'khazLi', NULL, NULL, NULL, 'ghhj@hjj.com', NULL, NULL, NULL, '$2y$10$Bfu2F9nn01Q78zap8.8Os.OKAFvR7CMRYvp.sI0pW6e0b/RYkXb2O', '18g2REEJpwyyY4b5gQvRoIejqibrZbvuJ1oZZrS2NlDhIFbUzrg3ZnSVrZf1EIceP9Og79BN7zYaRrYQ', 'default.png', 'male', '7', NULL, '2024-07-11 08:48:58', 'not_entered', 'android', NULL, NULL, 0, 1, '2024-07-01 23:00:33', '2024-07-11 14:10:43', NULL, NULL),
(473, 'Robert Gilles', NULL, NULL, NULL, NULL, '000140.a78a138d3c7a416b8215686643a85940.1637', 'pkfpy7c88d@privaterelay.appleid.com', NULL, 1, '2024-07-08 20:29:11', NULL, 'BQzobptmLGUmcPiolUWERqa4e9PieEzc6owTlGJzkGsMBq05jbMdUTgPs4VWiorhtv8pKPm01bZ4UV89', 'default.png', NULL, NULL, NULL, '2024-07-08 20:29:11', '889F7462-8211-4930-99CF-CAFA0D99B394', 'ios', NULL, NULL, 0, 1, '2024-07-02 16:38:01', '2024-07-08 20:29:11', NULL, NULL),
(474, 'George Almeida', NULL, NULL, NULL, NULL, '001980.54f4bd8ba63d43898f1e0292e8bd49e2.2007', '559vx4ddrq@privaterelay.appleid.com', NULL, 1, '2024-07-04 20:07:38', NULL, 'WP0W7UH1oo3Z0v2xLWBcSNLMxWbkeLdfeVsSAGNdUYZ3lxowzMkM99FlrO6fN2LZch82DN5CSInsDdSe', 'default.png', NULL, NULL, NULL, '2024-07-04 20:07:38', '24ACC739-705E-44E4-801A-18B4E718AE08', 'ios', NULL, NULL, 0, 1, '2024-07-04 20:07:38', '2024-07-04 20:07:38', NULL, NULL),
(475, 'Linda Kafka', NULL, NULL, NULL, NULL, '001021.8be9a6d8bd104597b0acb39798e6c081.2235', 'vbzbwcb8sv@privaterelay.appleid.com', NULL, 1, '2024-07-04 22:35:12', NULL, 'oRUjHiAXe0gySfSfygFGYbScIeoplEV1Dz97ALyh6DMtYcnJFbSIfsUtXBshGLRtUnqbW7c3BlIWOsAb', 'default.png', NULL, NULL, NULL, '2024-07-04 22:35:12', '89A8FE2F-E832-4610-B35E-A763240A790C', 'ios', NULL, NULL, 0, 0, '2024-07-04 22:35:12', '2024-07-04 22:35:29', NULL, NULL),
(476, 'George Carroll', NULL, NULL, NULL, NULL, '001250.d6e9cf64d4524351a2f98a1b790511eb.2140', 'yn27kngnfk@privaterelay.appleid.com', NULL, 1, '2024-07-07 21:40:08', NULL, 'MySzKpywZOpo8Cc6rp5r0nEXgHbrbRcJ7EwTsHagTZpIK0l901Ca9I45o40pZDsjX8X76bY9euzOLPll', 'default.png', NULL, NULL, NULL, '2024-07-07 21:40:08', '9F948CB6-1EDC-447D-AB9B-932F0F84089E', 'ios', NULL, NULL, 0, 1, '2024-07-07 21:40:08', '2024-07-07 21:40:08', NULL, NULL),
(477, 'Michael Nelson', NULL, NULL, NULL, NULL, '001488.cd06bcedc2fd427f9e2e500d7ff5cda6.1033', 'h2fc7cnm4y@privaterelay.appleid.com', NULL, 1, '2024-07-08 10:33:37', NULL, 'dp89a09AXQEbcfV8Vhx2V8EGcHfGVDDJcGRbnnVxduJwd4tQFi1TAKO4HXH0WjzqwlufuXTU8ZMJLLyM', 'default.png', NULL, NULL, NULL, '2024-07-08 10:33:37', 'EF6F703E-5ED1-40EB-A862-5C510E60D54D', 'ios', NULL, NULL, 0, 1, '2024-07-08 10:33:37', '2024-07-08 10:33:37', NULL, NULL),
(478, 'Alan Carskadon', NULL, NULL, NULL, NULL, '001693.7e7734d541994da9a3d4749a4af8ee47.1638', 'ncdnpd9xt2@privaterelay.appleid.com', NULL, 1, '2024-07-12 16:38:13', NULL, 'pI0ULzWkds7Yaw0WN1eqcGKnrCQWADx6o6X4bykjszOReURWpitXty671a0NhDKfSX3l66VywcDT554w', 'default.png', NULL, NULL, NULL, '2024-07-12 16:38:13', 'F485DB2B-9BDD-4B1C-88B9-2B326A3EAB0C', 'ios', NULL, NULL, 0, 1, '2024-07-12 16:38:13', '2024-07-12 16:38:13', NULL, NULL),
(479, 'Debra Dietrich', NULL, NULL, NULL, NULL, '001726.458280dd16fa403ba561290cb3eaad8d.2021', 'jqtvxfsq5x@privaterelay.appleid.com', NULL, 1, '2024-07-12 20:21:06', NULL, 'LI9inQFHdF1m54pGHKbDiIu5t8YwqjDabWgcR5glmEuUZf97RbAWGQBnK2y46vkbVhDxYWfNyVci9QRM', 'default.png', NULL, NULL, NULL, '2024-07-12 20:21:06', 'C332F8BC-BA69-4AF1-8E89-2F9517E2D4EB', 'ios', NULL, NULL, 0, 1, '2024-07-12 20:21:06', '2024-07-12 20:21:06', NULL, NULL),
(480, 'Brenda Cosgrove', NULL, NULL, NULL, NULL, '001231.e4499557724842c79bef5abde5e96fe1.1938', 'v4fsdn48kk@privaterelay.appleid.com', NULL, 1, '2024-07-13 19:38:04', NULL, 'lkg6jn1O4R63IEpv1g7IojsVCXXMspyoNDx8fdDkWJR5L56QPcNBdR9wOHNHs0zO96ciRABQu24Yz0nE', 'default.png', NULL, NULL, NULL, '2024-07-13 19:38:04', '16F8205E-5D3D-45E0-841A-05F923118DD0', 'ios', NULL, NULL, 0, 1, '2024-07-13 19:38:04', '2024-07-13 19:38:04', NULL, NULL),
(481, 'Raul Randall', NULL, NULL, NULL, NULL, '001945.660d072484dc44d88120d0707c56a582.0959', 'hkk5464z8y@privaterelay.appleid.com', NULL, 1, '2024-07-15 09:59:51', NULL, 'Sn2IOC31gMiKXqnUBuoY2sHkUYdwWxAOzn76kX3tTX7GQ3PfzF5ctN3jeGh88OqfplLFkZ99LI1f0T3C', 'default.png', NULL, NULL, NULL, '2024-07-15 09:59:51', '6074D161-EE5C-4D75-A433-5DC5439FD2C3', 'ios', NULL, NULL, 0, 1, '2024-07-15 09:59:51', '2024-07-15 09:59:51', NULL, NULL),
(482, 'Andy Miele', NULL, NULL, NULL, NULL, '001941.361584384a604e46876dd65d1a8ab61c.1718', 'w6nsfzxkgy@privaterelay.appleid.com', NULL, 1, '2024-07-17 17:18:18', NULL, 'A4OHkUBRjFQ8qZSabCKKX1CMge6Sb7eKmgVCWhSj4JD63I2gwtCs9wqDLIAaA5k6xQuyWGYgkI9bE4x4', 'default.png', NULL, NULL, NULL, '2024-07-17 17:18:18', '8BBC154F-C409-4290-B9EC-0E78AC7FA849', 'ios', NULL, NULL, 0, 1, '2024-07-17 17:18:18', '2024-07-17 17:18:18', NULL, NULL),
(483, 'Peggy Feria', NULL, NULL, NULL, NULL, '001410.e9064844f82e48dea3fbc3e775c23ae6.0131', 'fmwnp4mttr@privaterelay.appleid.com', NULL, 1, '2024-07-18 01:31:42', NULL, 'Lb6v0ZJdol9Zyuna0FFKVCl8tixy2b9zZEiC3gzV0X8vsR97a2rixeErlY85aoxZwv1DELssSxxhqHZT', 'default.png', NULL, NULL, NULL, '2024-07-18 01:31:42', '97BE21F2-5BC2-4467-89F7-A84002180645', 'ios', NULL, NULL, 0, 1, '2024-07-18 01:31:42', '2024-07-18 01:31:42', NULL, NULL),
(484, 'Earl Shepherd', NULL, NULL, NULL, NULL, '001255.29b20c60a6b04d19a102c080b77903a2.1625', 'st89rkskvp@privaterelay.appleid.com', NULL, 1, '2024-07-19 16:25:07', NULL, 'PWnk2vT8f7wktmopoymp2A0lzYeDFdHouaOXpB8Em0EbJmJf2kj6WCt9foDoXe6UtNZiMJkFg9pfMzY3', 'default.png', NULL, NULL, NULL, '2024-07-19 16:25:07', 'AE284D39-3B1B-4DEA-8616-01800B598B4E', 'ios', NULL, NULL, 0, 1, '2024-07-19 16:25:07', '2024-07-19 16:25:07', NULL, NULL),
(485, 'Phillip Webb', NULL, NULL, NULL, NULL, '000481.151983274fd14db297338a56e5ebb865.0041', 'dhzvkvkwcq@privaterelay.appleid.com', NULL, 1, '2024-07-20 00:41:03', NULL, 'JP0r521aTBALmUIRBsvwGVjexXTwhlPDU1OM4YNsRBT64xCEVpned7FNdxH6m1HhKPp3sM22TzlrJyLi', 'default.png', NULL, NULL, NULL, '2024-07-20 00:41:03', '39E1C4B0-058F-4F6B-B07F-6AD750AFB9F1', 'ios', NULL, NULL, 0, 1, '2024-07-20 00:41:03', '2024-07-20 00:41:03', NULL, NULL),
(486, 'Jenny Schellhase', NULL, NULL, NULL, NULL, '001349.44137d985bcd465ab3ec7ac9903ce3dc.0737', 'wxs89k4qvd@privaterelay.appleid.com', NULL, 1, '2024-07-20 07:37:03', NULL, 'zDFBOua4V10TSMAGuTYX4kQTf2LgXn8DzyRR02eCpcJh3nmBNiHCd2vfZgHkCuAY9pOe1BDlzw1Yhl3R', 'default.png', NULL, NULL, NULL, '2024-07-20 07:37:03', '523B402E-1262-40BA-BBF4-A66C70301D21', 'ios', NULL, NULL, 0, 0, '2024-07-20 07:37:03', '2024-07-20 07:37:33', NULL, NULL),
(490, 'gSem', NULL, NULL, NULL, NULL, NULL, 'gasem.khazali85@gmail.com', NULL, 1, '2024-07-24 11:38:42', '$2y$10$gNXd7kSUo1SeU3xJfbei0O.L4mfa4.aKztsNEmZxVOwqd1W9BjNVy', '7R57aamnnL192ZPmLiRhdsHQlu0joSXAesz7LMkC5IhogEtYOji2GjMRNCR1kvQY4XCX0MnJlcpIH8Dq', 'avatar_path_66a0e7e69b68e.', NULL, NULL, '[37]', '2024-08-03 15:55:14', '2486F5F3-739F-4980-BD91-B4D211C00BCB', 'ios', NULL, NULL, 0, 1, '2024-07-24 11:37:46', '2024-08-03 15:55:14', NULL, NULL),
(491, 'نيننينس', NULL, NULL, NULL, NULL, NULL, 'ghdhshj@hdjsjsjj.com', NULL, NULL, NULL, '$2y$10$RaLE7LhhLKrsGOmzPpCf9uSRGLEWaAX6wxIq4J0DBNPagzAWyk5ea', 'ex7moZ61N0RxDmQwHaCKz9VXYfmsIlLJKMfnCtuGUL2WwQt2goEuHEinIkdoAwOxGcerRnvK2gBTuAvr', 'default.png', NULL, NULL, NULL, '2024-07-24 20:28:39', 'not_entered', 'android', NULL, NULL, 0, 1, '2024-07-24 20:28:39', '2024-07-24 20:28:39', NULL, NULL),
(492, 'نيننينس', NULL, 'تزنن', NULL, NULL, NULL, 'ghdhsghj@hdjsjsjj.com', NULL, NULL, NULL, '$2y$10$SMhzbDcfkFfZcD40o21U0.upJ.LaERn4Tu.rb/B0pC51nrDJgNHsS', 'Wygv3MATFI2XFZQGiGpmMMdyMelAsa5BWp904O1PNxifmLzd2SsMvWdiNT9K7FLwqlBfO1PYM0FAGcnL', 'avatar_path_66a164cd5703f.', 'male', '13/7/2011', NULL, '2024-07-24 20:31:13', 'not_entered', 'android', NULL, NULL, 0, 1, '2024-07-24 20:31:13', '2024-07-24 20:33:23', NULL, NULL),
(493, 'انن', NULL, NULL, NULL, NULL, NULL, 'fghh@ghh.com', NULL, NULL, NULL, '$2y$10$3JJCI/uRvLoaxWb5SanrmuUz27Gqmesjb1F/yM8aXWWb1qFoZC6iG', 'splvqCLGOYiNfhQj2VnTMrwFr81KuTscHwzPBI32RZ8kQv1ZzCi1o40d6bXPvxNhUFRFwTKvJJj5mVtf', 'avatar_path_66a16b879eb1b.', NULL, NULL, NULL, '2024-07-24 21:00:32', 'not_entered', 'android', NULL, NULL, 0, 1, '2024-07-24 20:36:11', '2024-07-25 20:06:56', NULL, NULL),
(494, 'Elizabeth Maier', NULL, NULL, NULL, NULL, '001787.49605ed8e89a4616bf44077fbe79d81a.2127', 'dkvxckjywt@privaterelay.appleid.com', NULL, 1, '2024-07-25 21:27:52', NULL, 'xxrx9k8hVRfmBg6zYvvDBYhkRcktsgGGcdODcto9Fjb7ZmUbspppWXxxVIPoQyXlASxjAAr7lPUI6HKd', 'default.png', NULL, NULL, NULL, '2024-07-25 21:27:52', '3045D577-AEEF-4174-8FFA-3AA8276FD173', 'ios', NULL, NULL, 0, 1, '2024-07-25 21:27:52', '2024-07-26 14:55:37', NULL, NULL),
(495, 'atef', NULL, NULL, NULL, NULL, NULL, 'test@ggg.xom', NULL, NULL, NULL, '$2y$10$UCaHE.SOM3zpbnpeCE3JzOpw79LWYbJF/LYM5hxUrl.8uqtC.ljzy', 'waHI1Elerf4I5tM6UUDeSf9ZxjYNZCgR7C0zweUjFoptWAp7WASdAVWier75QE2tCzC4mOmkiYCvVmwB', 'default.png', NULL, NULL, NULL, '2024-07-27 16:36:58', 'not_entered', 'android', NULL, NULL, 0, 1, '2024-07-27 16:36:58', '2024-07-27 16:36:58', NULL, NULL),
(496, 'Andrew Joyce', NULL, NULL, NULL, NULL, '000227.1fd677d1531c4d04af69ab7f262620da.1930', 'kzd25b7d5p@privaterelay.appleid.com', NULL, 1, '2024-07-31 19:30:54', NULL, 'OxIasrAszpdzjBNp7IbNLJP4p1GsGFtdiCxtVJJljMUHrHqKat1iggE9euBGbcwQbaB1v9odxB0jfo5k', 'default.png', NULL, NULL, NULL, '2024-07-31 19:30:54', 'CEF04BED-31AD-4563-A700-439B7A57583F', 'ios', NULL, NULL, 0, 1, '2024-07-31 19:30:54', '2024-07-31 19:30:54', NULL, NULL),
(497, 'Amanda Hoefler', NULL, NULL, NULL, NULL, '000357.2878a016faad4f48827246d5a0637b17.2125', 's4fdzmmj5h@privaterelay.appleid.com', NULL, 1, '2024-07-31 21:25:56', NULL, 'OLLqJsBuGEMnDivn6pB7F0ug8py3Il1BZAA5nHl1Mp3NdfrDz7rDBxj8u3Bl3ybVsQVKFagMqpzS7Xaz', 'default.png', NULL, NULL, NULL, '2024-07-31 21:25:56', '6D6F6DB4-A38A-406E-977F-B9D47F90F981', 'ios', NULL, NULL, 0, 1, '2024-07-31 21:25:56', '2024-07-31 21:25:56', NULL, NULL),
(498, 'Richard Davis', NULL, NULL, NULL, NULL, '000186.c0382cc3865542fe9d69c67c2969f511.0030', 'xh997rrvww@privaterelay.appleid.com', NULL, 1, '2024-08-05 00:30:44', NULL, 'g78AWLkihnxK7GWP31zXbwrRmbEbX2zJ7KNVhzOvhz2cr52Nokwx4UsHreN37LQ0MVMguEoNhPxLcgHS', 'default.png', NULL, NULL, NULL, '2024-08-05 00:30:44', '6B5F4AE0-4380-497E-B921-6FBF24E4EF48', 'ios', NULL, NULL, 0, 1, '2024-08-05 00:30:44', '2024-08-05 00:30:44', NULL, NULL),
(499, 'Apple John', NULL, NULL, NULL, NULL, '001057.8da24c357c73496883988fd47a1784d9.0814', '4yc6px2fbr@privaterelay.appleid.com', NULL, 1, '2024-08-05 08:14:37', NULL, '5wZvNDWGHoFu04Ff2Shlmczq6LlDjK8qkMC871HgcaeFJk4I1AnFZ1QnjzjJN5LQT0JSN9AExur7DRB0', 'default.png', NULL, NULL, NULL, '2024-08-05 08:14:37', 'B4F30DAF-6E6D-42BC-9837-A52328806A22', 'ios', NULL, NULL, 0, 1, '2024-08-05 08:14:37', '2024-08-05 08:14:37', NULL, NULL);

--
-- Indexes for dumped tables
--

--
-- Indexes for table `admins`
--
ALTER TABLE `admins`
  ADD PRIMARY KEY (`id`) USING BTREE;

--
-- Indexes for table `cart_box`
--
ALTER TABLE `cart_box`
  ADD PRIMARY KEY (`id`),
  ADD KEY `user_id` (`user_id`);

--
-- Indexes for table `cart_items`
--
ALTER TABLE `cart_items`
  ADD PRIMARY KEY (`id`),
  ADD KEY `tutorial_id` (`tutorial_id`),
  ADD KEY `user_id` (`user_id`),
  ADD KEY `cart_box_id` (`cart_box_id`);

--
-- Indexes for table `chefs`
--
ALTER TABLE `chefs`
  ADD PRIMARY KEY (`id`),
  ADD UNIQUE KEY `chefs_email_unique` (`email`) USING BTREE;

--
-- Indexes for table `chef_friendships`
--
ALTER TABLE `chef_friendships`
  ADD PRIMARY KEY (`id`),
  ADD UNIQUE KEY `UC_chef_friendships` (`user_id`,`chef_id`),
  ADD KEY `idx_chef_friendships` (`user_id`,`chef_id`);

--
-- Indexes for table `comments_likes`
--
ALTER TABLE `comments_likes`
  ADD PRIMARY KEY (`id`),
  ADD KEY `comment_id` (`comment_id`),
  ADD KEY `user_id` (`user_id`);

--
-- Indexes for table `contact_us`
--
ALTER TABLE `contact_us`
  ADD PRIMARY KEY (`id`);

--
-- Indexes for table `food_systems`
--
ALTER TABLE `food_systems`
  ADD PRIMARY KEY (`id`),
  ADD UNIQUE KEY `UC_food_sys_name_en` (`name_en`),
  ADD UNIQUE KEY `UC_food_sys_name_ar` (`name_ar`);

--
-- Indexes for table `food_system_user`
--
ALTER TABLE `food_system_user`
  ADD PRIMARY KEY (`id`),
  ADD UNIQUE KEY `UC_food_sysytem_user` (`user_id`,`food_sys_id`),
  ADD KEY `FK_food_sys_usr_sys_id` (`food_sys_id`),
  ADD KEY `idx_food_system_user` (`user_id`,`food_sys_id`);

--
-- Indexes for table `food_sysytem_chef`
--
ALTER TABLE `food_sysytem_chef`
  ADD PRIMARY KEY (`id`),
  ADD UNIQUE KEY `UC_food_sysytem_chef` (`chef_id`,`food_system_id`),
  ADD KEY `FK_food_sys_food_sys_id` (`food_system_id`),
  ADD KEY `idx_food_sysytem_chef` (`chef_id`,`food_system_id`);

--
-- Indexes for table `ingredients`
--
ALTER TABLE `ingredients`
  ADD PRIMARY KEY (`id`),
  ADD UNIQUE KEY `UC_ingredients_name_en` (`name_en`),
  ADD UNIQUE KEY `UC_ingredients_name_ar` (`name_ar`);

--
-- Indexes for table `ingredients_allergy_user`
--
ALTER TABLE `ingredients_allergy_user`
  ADD PRIMARY KEY (`id`),
  ADD UNIQUE KEY `UC_ingredients_allergy_user` (`user_id`,`ingredient_id`),
  ADD KEY `FK_ingredients_allergy_user_ingredient_id` (`ingredient_id`),
  ADD KEY `idx_ingredients_allergy_user` (`user_id`,`ingredient_id`);

--
-- Indexes for table `ingredients_dislike_user`
--
ALTER TABLE `ingredients_dislike_user`
  ADD PRIMARY KEY (`id`),
  ADD UNIQUE KEY `UC_ingredients_dislike_user` (`user_id`,`ingredient_id`),
  ADD KEY `FK_ingredients_dislike_user_ingredient_id` (`ingredient_id`),
  ADD KEY `idx_ingredients_dislike_user` (`user_id`,`ingredient_id`);

--
-- Indexes for table `meals_of_month`
--
ALTER TABLE `meals_of_month`
  ADD PRIMARY KEY (`id`);

--
-- Indexes for table `messages_from_admin_to_chefs`
--
ALTER TABLE `messages_from_admin_to_chefs`
  ADD PRIMARY KEY (`id`),
  ADD KEY `tutorial_id` (`tutorial_id`);

--
-- Indexes for table `migrations`
--
ALTER TABLE `migrations`
  ADD PRIMARY KEY (`id`);

--
-- Indexes for table `mobile_banners`
--
ALTER TABLE `mobile_banners`
  ADD PRIMARY KEY (`id`);

--
-- Indexes for table `mobile_chef_of_month`
--
ALTER TABLE `mobile_chef_of_month`
  ADD PRIMARY KEY (`id`),
  ADD UNIQUE KEY `UC_mobile_chef_of_month` (`chef_id`);

--
-- Indexes for table `otp_validate`
--
ALTER TABLE `otp_validate`
  ADD PRIMARY KEY (`id`);

--
-- Indexes for table `posts`
--
ALTER TABLE `posts`
  ADD PRIMARY KEY (`id`),
  ADD KEY `posts_posted_by_id_index` (`posted_by_id`);

--
-- Indexes for table `post_images`
--
ALTER TABLE `post_images`
  ADD PRIMARY KEY (`id`),
  ADD KEY `post_images_post_id_index` (`post_id`);

--
-- Indexes for table `products`
--
ALTER TABLE `products`
  ADD PRIMARY KEY (`id`),
  ADD UNIQUE KEY `products_slug_unique` (`slug`);

--
-- Indexes for table `product_images`
--
ALTER TABLE `product_images`
  ADD PRIMARY KEY (`id`),
  ADD KEY `product_images_product_id_index` (`product_id`);

--
-- Indexes for table `product_tutorial_video`
--
ALTER TABLE `product_tutorial_video`
  ADD PRIMARY KEY (`id`);

--
-- Indexes for table `product_variations`
--
ALTER TABLE `product_variations`
  ADD PRIMARY KEY (`id`),
  ADD KEY `product_variations_product_id_index` (`product_id`),
  ADD KEY `product_variations_product_variation_type_id_index` (`product_variation_type_id`);

--
-- Indexes for table `product_variation_types`
--
ALTER TABLE `product_variation_types`
  ADD PRIMARY KEY (`id`);

--
-- Indexes for table `reference_details`
--
ALTER TABLE `reference_details`
  ADD PRIMARY KEY (`id`),
  ADD KEY `FK_ref_H_ID` (`ref_H_ID`);

--
-- Indexes for table `reference_head`
--
ALTER TABLE `reference_head`
  ADD PRIMARY KEY (`id`);

--
-- Indexes for table `reference_heads`
--
ALTER TABLE `reference_heads`
  ADD PRIMARY KEY (`id`);

--
-- Indexes for table `regional_cuisines`
--
ALTER TABLE `regional_cuisines`
  ADD PRIMARY KEY (`id`),
  ADD UNIQUE KEY `UC_regional_cuisines_name_en` (`name_en`),
  ADD UNIQUE KEY `UC_regional_cuisines_name_ar` (`name_ar`);

--
-- Indexes for table `regional_cuisines_chef`
--
ALTER TABLE `regional_cuisines_chef`
  ADD PRIMARY KEY (`id`),
  ADD UNIQUE KEY `UC_regional_cuisines_chef` (`chef_id`,`cuisine_id`),
  ADD KEY `FK_regional_cuisines_cuisine_id` (`cuisine_id`),
  ADD KEY `idx_regional_cuisines_chef` (`chef_id`,`cuisine_id`);

--
-- Indexes for table `regional_cuisines_user`
--
ALTER TABLE `regional_cuisines_user`
  ADD PRIMARY KEY (`id`),
  ADD UNIQUE KEY `UC_regional_cuisines_user` (`user_id`,`cuisine_id`),
  ADD KEY `FK_regional_cuisines_usr_cuisine_id` (`cuisine_id`),
  ADD KEY `idx_regional_cuisines_usr` (`user_id`,`cuisine_id`);

--
-- Indexes for table `reports`
--
ALTER TABLE `reports`
  ADD PRIMARY KEY (`id`),
  ADD KEY `user_id` (`user_id`);

--
-- Indexes for table `search_banners`
--
ALTER TABLE `search_banners`
  ADD PRIMARY KEY (`id`);

--
-- Indexes for table `settings`
--
ALTER TABLE `settings`
  ADD PRIMARY KEY (`id`),
  ADD KEY `settings_chef_id_index` (`chef_id`);

--
-- Indexes for table `system_dictionary`
--
ALTER TABLE `system_dictionary`
  ADD PRIMARY KEY (`ID`);

--
-- Indexes for table `system_parameters`
--
ALTER TABLE `system_parameters`
  ADD PRIMARY KEY (`id`);

--
-- Indexes for table `tutorials`
--
ALTER TABLE `tutorials`
  ADD PRIMARY KEY (`id`),
  ADD KEY `idx_meal_type_tutorials` (`meal_type_ref_id`),
  ADD KEY `idx_chef_tutorials` (`chef_id`);

--
-- Indexes for table `tutorial_bookmarks`
--
ALTER TABLE `tutorial_bookmarks`
  ADD PRIMARY KEY (`id`),
  ADD KEY `idx_tutorial_bookmarks` (`tutorial_id`,`user_id`),
  ADD KEY `idx_tutorial_comments` (`tutorial_id`,`user_id`);

--
-- Indexes for table `tutorial_comments`
--
ALTER TABLE `tutorial_comments`
  ADD PRIMARY KEY (`id`),
  ADD KEY `FK_tutorial_comments_tutorial_id` (`tutorial_id`),
  ADD KEY `FK_tutorial_comments_user_id` (`user_id`);

--
-- Indexes for table `tutorial_delivery`
--
ALTER TABLE `tutorial_delivery`
  ADD PRIMARY KEY (`id`),
  ADD KEY `tutorial_id` (`tutorial_id`);

--
-- Indexes for table `tutorial_favourites`
--
ALTER TABLE `tutorial_favourites`
  ADD PRIMARY KEY (`id`),
  ADD KEY `idx_tutorial_favourites` (`tutorial_id`,`user_id`);

--
-- Indexes for table `tutorial_food_systems`
--
ALTER TABLE `tutorial_food_systems`
  ADD PRIMARY KEY (`id`),
  ADD UNIQUE KEY `UC_tutorial_food_systems` (`food_system_id`,`tutorial_id`),
  ADD KEY `FK_tutorial_food_systems_tutorial_id` (`tutorial_id`),
  ADD KEY `idx_tutorial_food_systems` (`food_system_id`,`tutorial_id`);

--
-- Indexes for table `tutorial_ingredients`
--
ALTER TABLE `tutorial_ingredients`
  ADD PRIMARY KEY (`id`),
  ADD KEY `idx_tutorial_ingredients` (`ingredient_id`,`tutorial_id`),
  ADD KEY `FK_tutorial_ingredients_tutorial_id` (`tutorial_id`);

--
-- Indexes for table `tutorial_likes`
--
ALTER TABLE `tutorial_likes`
  ADD PRIMARY KEY (`id`),
  ADD KEY `idx_tutorial_bookmarks` (`tutorial_id`,`user_id`),
  ADD KEY `idx_tutorial_comments` (`tutorial_id`,`user_id`);

--
-- Indexes for table `tutorial_regional_cuisines`
--
ALTER TABLE `tutorial_regional_cuisines`
  ADD PRIMARY KEY (`id`),
  ADD UNIQUE KEY `UC_tutorial_regional_cuisines` (`cuisine_id`,`tutorial_id`),
  ADD KEY `FK_tutorial_regional_cuisines_tutorial_id` (`tutorial_id`),
  ADD KEY `idx_tutorial_regional_cuisines` (`cuisine_id`,`tutorial_id`);

--
-- Indexes for table `tutorial_steps`
--
ALTER TABLE `tutorial_steps`
  ADD PRIMARY KEY (`id`),
  ADD KEY `FK_tutorial_steps_tutorial_id` (`tutorial_id`);

--
-- Indexes for table `tutorial_tags`
--
ALTER TABLE `tutorial_tags`
  ADD PRIMARY KEY (`id`),
  ADD KEY `idx_tutorial_tags` (`tutorial_id`);

--
-- Indexes for table `tutorial_views`
--
ALTER TABLE `tutorial_views`
  ADD PRIMARY KEY (`id`),
  ADD KEY `idx_tutorial_views` (`tutorial_id`,`device_token_id`);

--
-- Indexes for table `users`
--
ALTER TABLE `users`
  ADD PRIMARY KEY (`id`),
  ADD UNIQUE KEY `users_email_unique` (`email`),
  ADD UNIQUE KEY `users_facebook_provider_id_unique` (`facebook_provider_id`),
  ADD UNIQUE KEY `users_google_provider_id_unique` (`google_provider_id`),
  ADD UNIQUE KEY `users_apple_provider_id_unique` (`apple_provider_id`);

--
-- AUTO_INCREMENT for dumped tables
--

--
-- AUTO_INCREMENT for table `admins`
--
ALTER TABLE `admins`
  MODIFY `id` bigint(20) UNSIGNED NOT NULL AUTO_INCREMENT, AUTO_INCREMENT=9;

--
-- AUTO_INCREMENT for table `cart_box`
--
ALTER TABLE `cart_box`
  MODIFY `id` int(11) NOT NULL AUTO_INCREMENT, AUTO_INCREMENT=8;

--
-- AUTO_INCREMENT for table `cart_items`
--
ALTER TABLE `cart_items`
  MODIFY `id` int(11) NOT NULL AUTO_INCREMENT, AUTO_INCREMENT=7;

--
-- AUTO_INCREMENT for table `chefs`
--
ALTER TABLE `chefs`
  MODIFY `id` bigint(20) UNSIGNED NOT NULL AUTO_INCREMENT, AUTO_INCREMENT=55;

--
-- AUTO_INCREMENT for table `chef_friendships`
--
ALTER TABLE `chef_friendships`
  MODIFY `id` int(11) NOT NULL AUTO_INCREMENT, AUTO_INCREMENT=154;

--
-- AUTO_INCREMENT for table `comments_likes`
--
ALTER TABLE `comments_likes`
  MODIFY `id` bigint(20) NOT NULL AUTO_INCREMENT, AUTO_INCREMENT=65;

--
-- AUTO_INCREMENT for table `contact_us`
--
ALTER TABLE `contact_us`
  MODIFY `id` bigint(20) UNSIGNED NOT NULL AUTO_INCREMENT, AUTO_INCREMENT=55;

--
-- AUTO_INCREMENT for table `food_systems`
--
ALTER TABLE `food_systems`
  MODIFY `id` int(11) NOT NULL AUTO_INCREMENT, AUTO_INCREMENT=16;

--
-- AUTO_INCREMENT for table `food_system_user`
--
ALTER TABLE `food_system_user`
  MODIFY `id` bigint(20) NOT NULL AUTO_INCREMENT, AUTO_INCREMENT=132;

--
-- AUTO_INCREMENT for table `food_sysytem_chef`
--
ALTER TABLE `food_sysytem_chef`
  MODIFY `id` bigint(20) NOT NULL AUTO_INCREMENT, AUTO_INCREMENT=109;

--
-- AUTO_INCREMENT for table `ingredients`
--
ALTER TABLE `ingredients`
  MODIFY `id` bigint(20) NOT NULL AUTO_INCREMENT, AUTO_INCREMENT=1060;

--
-- AUTO_INCREMENT for table `ingredients_allergy_user`
--
ALTER TABLE `ingredients_allergy_user`
  MODIFY `id` bigint(20) NOT NULL AUTO_INCREMENT, AUTO_INCREMENT=169;

--
-- AUTO_INCREMENT for table `ingredients_dislike_user`
--
ALTER TABLE `ingredients_dislike_user`
  MODIFY `id` bigint(20) NOT NULL AUTO_INCREMENT, AUTO_INCREMENT=156;

--
-- AUTO_INCREMENT for table `meals_of_month`
--
ALTER TABLE `meals_of_month`
  MODIFY `id` int(11) NOT NULL AUTO_INCREMENT, AUTO_INCREMENT=3;

--
-- AUTO_INCREMENT for table `messages_from_admin_to_chefs`
--
ALTER TABLE `messages_from_admin_to_chefs`
  MODIFY `id` int(11) NOT NULL AUTO_INCREMENT, AUTO_INCREMENT=28;

--
-- AUTO_INCREMENT for table `migrations`
--
ALTER TABLE `migrations`
  MODIFY `id` int(10) UNSIGNED NOT NULL AUTO_INCREMENT, AUTO_INCREMENT=61;

--
-- AUTO_INCREMENT for table `mobile_banners`
--
ALTER TABLE `mobile_banners`
  MODIFY `id` int(11) NOT NULL AUTO_INCREMENT, AUTO_INCREMENT=2;

--
-- AUTO_INCREMENT for table `mobile_chef_of_month`
--
ALTER TABLE `mobile_chef_of_month`
  MODIFY `id` int(11) NOT NULL AUTO_INCREMENT, AUTO_INCREMENT=12;

--
-- AUTO_INCREMENT for table `otp_validate`
--
ALTER TABLE `otp_validate`
  MODIFY `id` int(11) NOT NULL AUTO_INCREMENT, AUTO_INCREMENT=494;

--
-- AUTO_INCREMENT for table `posts`
--
ALTER TABLE `posts`
  MODIFY `id` bigint(20) UNSIGNED NOT NULL AUTO_INCREMENT;

--
-- AUTO_INCREMENT for table `post_images`
--
ALTER TABLE `post_images`
  MODIFY `id` bigint(20) UNSIGNED NOT NULL AUTO_INCREMENT;

--
-- AUTO_INCREMENT for table `products`
--
ALTER TABLE `products`
  MODIFY `id` smallint(5) UNSIGNED NOT NULL AUTO_INCREMENT;

--
-- AUTO_INCREMENT for table `product_images`
--
ALTER TABLE `product_images`
  MODIFY `id` bigint(20) UNSIGNED NOT NULL AUTO_INCREMENT;

--
-- AUTO_INCREMENT for table `product_tutorial_video`
--
ALTER TABLE `product_tutorial_video`
  MODIFY `id` bigint(20) UNSIGNED NOT NULL AUTO_INCREMENT;

--
-- AUTO_INCREMENT for table `product_variations`
--
ALTER TABLE `product_variations`
  MODIFY `id` bigint(20) UNSIGNED NOT NULL AUTO_INCREMENT;

--
-- AUTO_INCREMENT for table `product_variation_types`
--
ALTER TABLE `product_variation_types`
  MODIFY `id` smallint(5) UNSIGNED NOT NULL AUTO_INCREMENT;

--
-- AUTO_INCREMENT for table `reference_details`
--
ALTER TABLE `reference_details`
  MODIFY `id` int(11) NOT NULL AUTO_INCREMENT, AUTO_INCREMENT=70;

--
-- AUTO_INCREMENT for table `reference_head`
--
ALTER TABLE `reference_head`
  MODIFY `id` int(11) NOT NULL AUTO_INCREMENT, AUTO_INCREMENT=11;

--
-- AUTO_INCREMENT for table `reference_heads`
--
ALTER TABLE `reference_heads`
  MODIFY `id` bigint(20) UNSIGNED NOT NULL AUTO_INCREMENT;

--
-- AUTO_INCREMENT for table `regional_cuisines`
--
ALTER TABLE `regional_cuisines`
  MODIFY `id` int(11) NOT NULL AUTO_INCREMENT, AUTO_INCREMENT=22;

--
-- AUTO_INCREMENT for table `regional_cuisines_chef`
--
ALTER TABLE `regional_cuisines_chef`
  MODIFY `id` bigint(20) NOT NULL AUTO_INCREMENT, AUTO_INCREMENT=44;

--
-- AUTO_INCREMENT for table `regional_cuisines_user`
--
ALTER TABLE `regional_cuisines_user`
  MODIFY `id` bigint(20) NOT NULL AUTO_INCREMENT, AUTO_INCREMENT=195;

--
-- AUTO_INCREMENT for table `reports`
--
ALTER TABLE `reports`
  MODIFY `id` int(11) NOT NULL AUTO_INCREMENT, AUTO_INCREMENT=22;

--
-- AUTO_INCREMENT for table `search_banners`
--
ALTER TABLE `search_banners`
  MODIFY `id` int(11) NOT NULL AUTO_INCREMENT, AUTO_INCREMENT=7;

--
-- AUTO_INCREMENT for table `settings`
--
ALTER TABLE `settings`
  MODIFY `id` bigint(20) UNSIGNED NOT NULL AUTO_INCREMENT;

--
-- AUTO_INCREMENT for table `system_dictionary`
--
ALTER TABLE `system_dictionary`
  MODIFY `ID` bigint(20) NOT NULL AUTO_INCREMENT;

--
-- AUTO_INCREMENT for table `system_parameters`
--
ALTER TABLE `system_parameters`
  MODIFY `id` int(11) NOT NULL AUTO_INCREMENT, AUTO_INCREMENT=19;

--
-- AUTO_INCREMENT for table `tutorials`
--
ALTER TABLE `tutorials`
  MODIFY `id` bigint(20) NOT NULL AUTO_INCREMENT, AUTO_INCREMENT=122;

--
-- AUTO_INCREMENT for table `tutorial_bookmarks`
--
ALTER TABLE `tutorial_bookmarks`
  MODIFY `id` bigint(20) NOT NULL AUTO_INCREMENT, AUTO_INCREMENT=240;

--
-- AUTO_INCREMENT for table `tutorial_comments`
--
ALTER TABLE `tutorial_comments`
  MODIFY `id` bigint(20) NOT NULL AUTO_INCREMENT, AUTO_INCREMENT=164;

--
-- AUTO_INCREMENT for table `tutorial_delivery`
--
ALTER TABLE `tutorial_delivery`
  MODIFY `id` int(11) NOT NULL AUTO_INCREMENT, AUTO_INCREMENT=4;

--
-- AUTO_INCREMENT for table `tutorial_favourites`
--
ALTER TABLE `tutorial_favourites`
  MODIFY `id` bigint(20) NOT NULL AUTO_INCREMENT, AUTO_INCREMENT=2;

--
-- AUTO_INCREMENT for table `tutorial_food_systems`
--
ALTER TABLE `tutorial_food_systems`
  MODIFY `id` bigint(20) NOT NULL AUTO_INCREMENT, AUTO_INCREMENT=121;

--
-- AUTO_INCREMENT for table `tutorial_ingredients`
--
ALTER TABLE `tutorial_ingredients`
  MODIFY `id` bigint(20) NOT NULL AUTO_INCREMENT, AUTO_INCREMENT=1476;

--
-- AUTO_INCREMENT for table `tutorial_likes`
--
ALTER TABLE `tutorial_likes`
  MODIFY `id` bigint(20) NOT NULL AUTO_INCREMENT, AUTO_INCREMENT=125;

--
-- AUTO_INCREMENT for table `tutorial_regional_cuisines`
--
ALTER TABLE `tutorial_regional_cuisines`
  MODIFY `id` bigint(20) NOT NULL AUTO_INCREMENT, AUTO_INCREMENT=118;

--
-- AUTO_INCREMENT for table `tutorial_steps`
--
ALTER TABLE `tutorial_steps`
  MODIFY `id` bigint(20) NOT NULL AUTO_INCREMENT, AUTO_INCREMENT=259;

--
-- AUTO_INCREMENT for table `tutorial_tags`
--
ALTER TABLE `tutorial_tags`
  MODIFY `id` bigint(20) NOT NULL AUTO_INCREMENT, AUTO_INCREMENT=70;

--
-- AUTO_INCREMENT for table `tutorial_views`
--
ALTER TABLE `tutorial_views`
  MODIFY `id` bigint(20) NOT NULL AUTO_INCREMENT;

--
-- AUTO_INCREMENT for table `users`
--
ALTER TABLE `users`
  MODIFY `id` bigint(20) UNSIGNED NOT NULL AUTO_INCREMENT, AUTO_INCREMENT=500;

--
-- Constraints for dumped tables
--

--
-- Constraints for table `cart_items`
--
ALTER TABLE `cart_items`
  ADD CONSTRAINT `cart_items_ibfk_1` FOREIGN KEY (`cart_box_id`) REFERENCES `cart_box` (`id`) ON DELETE CASCADE ON UPDATE CASCADE;

--
-- Constraints for table `comments_likes`
--
ALTER TABLE `comments_likes`
  ADD CONSTRAINT `comments_likes_ibfk_1` FOREIGN KEY (`comment_id`) REFERENCES `tutorial_comments` (`id`) ON DELETE CASCADE ON UPDATE CASCADE;

--
-- Constraints for table `food_system_user`
--
ALTER TABLE `food_system_user`
  ADD CONSTRAINT `FK_food_sys_usr_sys_id` FOREIGN KEY (`food_sys_id`) REFERENCES `food_systems` (`id`);

--
-- Constraints for table `food_sysytem_chef`
--
ALTER TABLE `food_sysytem_chef`
  ADD CONSTRAINT `FK_food_sys_food_sys_id` FOREIGN KEY (`food_system_id`) REFERENCES `food_systems` (`id`);

--
-- Constraints for table `ingredients_allergy_user`
--
ALTER TABLE `ingredients_allergy_user`
  ADD CONSTRAINT `FK_ingredients_allergy_user_ingredient_id` FOREIGN KEY (`ingredient_id`) REFERENCES `ingredients` (`id`);

--
-- Constraints for table `ingredients_dislike_user`
--
ALTER TABLE `ingredients_dislike_user`
  ADD CONSTRAINT `FK_ingredients_dislike_user_ingredient_id` FOREIGN KEY (`ingredient_id`) REFERENCES `ingredients` (`id`);

--
-- Constraints for table `post_images`
--
ALTER TABLE `post_images`
  ADD CONSTRAINT `post_images_post_id_foreign` FOREIGN KEY (`post_id`) REFERENCES `posts` (`id`) ON DELETE CASCADE;

--
-- Constraints for table `product_images`
--
ALTER TABLE `product_images`
  ADD CONSTRAINT `product_images_product_id_foreign` FOREIGN KEY (`product_id`) REFERENCES `products` (`id`) ON DELETE CASCADE;

--
-- Constraints for table `product_variations`
--
ALTER TABLE `product_variations`
  ADD CONSTRAINT `product_variations_product_id_foreign` FOREIGN KEY (`product_id`) REFERENCES `products` (`id`) ON DELETE CASCADE,
  ADD CONSTRAINT `product_variations_product_variation_type_id_foreign` FOREIGN KEY (`product_variation_type_id`) REFERENCES `product_variation_types` (`id`) ON DELETE CASCADE;

--
-- Constraints for table `regional_cuisines_chef`
--
ALTER TABLE `regional_cuisines_chef`
  ADD CONSTRAINT `FK_regional_cuisines_cuisine_id` FOREIGN KEY (`cuisine_id`) REFERENCES `regional_cuisines` (`id`);

--
-- Constraints for table `regional_cuisines_user`
--
ALTER TABLE `regional_cuisines_user`
  ADD CONSTRAINT `FK_regional_cuisines_usr_cuisine_id` FOREIGN KEY (`cuisine_id`) REFERENCES `regional_cuisines` (`id`);

--
-- Constraints for table `tutorial_bookmarks`
--
ALTER TABLE `tutorial_bookmarks`
  ADD CONSTRAINT `FK_tutorial_bookmarks_tutorial_id` FOREIGN KEY (`tutorial_id`) REFERENCES `tutorials` (`id`);

--
-- Constraints for table `tutorial_comments`
--
ALTER TABLE `tutorial_comments`
  ADD CONSTRAINT `FK_tutorial_comments_tutorial_id` FOREIGN KEY (`tutorial_id`) REFERENCES `tutorials` (`id`);

--
-- Constraints for table `tutorial_favourites`
--
ALTER TABLE `tutorial_favourites`
  ADD CONSTRAINT `FK_tutorial_favourites_tutorial_id` FOREIGN KEY (`tutorial_id`) REFERENCES `tutorials` (`id`);

--
-- Constraints for table `tutorial_food_systems`
--
ALTER TABLE `tutorial_food_systems`
  ADD CONSTRAINT `FK_tutorial_food_systems_food_sys_id` FOREIGN KEY (`food_system_id`) REFERENCES `food_systems` (`id`),
  ADD CONSTRAINT `FK_tutorial_food_systems_tutorial_id` FOREIGN KEY (`tutorial_id`) REFERENCES `tutorials` (`id`);

--
-- Constraints for table `tutorial_ingredients`
--
ALTER TABLE `tutorial_ingredients`
  ADD CONSTRAINT `FK_tutorial_ingredient_ingredient_id` FOREIGN KEY (`ingredient_id`) REFERENCES `ingredients` (`id`),
  ADD CONSTRAINT `FK_tutorial_ingredients_tutorial_id` FOREIGN KEY (`tutorial_id`) REFERENCES `tutorials` (`id`);

--
-- Constraints for table `tutorial_likes`
--
ALTER TABLE `tutorial_likes`
  ADD CONSTRAINT `tutorial_likes_ibfk_1` FOREIGN KEY (`tutorial_id`) REFERENCES `tutorials` (`id`) ON DELETE CASCADE ON UPDATE CASCADE;

--
-- Constraints for table `tutorial_regional_cuisines`
--
ALTER TABLE `tutorial_regional_cuisines`
  ADD CONSTRAINT `FK_tutorial_regional_cuisines_cuisine_id` FOREIGN KEY (`cuisine_id`) REFERENCES `regional_cuisines` (`id`),
  ADD CONSTRAINT `FK_tutorial_regional_cuisines_tutorial_id` FOREIGN KEY (`tutorial_id`) REFERENCES `tutorials` (`id`);

--
-- Constraints for table `tutorial_steps`
--
ALTER TABLE `tutorial_steps`
  ADD CONSTRAINT `FK_tutorial_steps_tutorial_id` FOREIGN KEY (`tutorial_id`) REFERENCES `tutorials` (`id`);

--
-- Constraints for table `tutorial_tags`
--
ALTER TABLE `tutorial_tags`
  ADD CONSTRAINT `FK_tutorial_tags_id` FOREIGN KEY (`tutorial_id`) REFERENCES `tutorials` (`id`);

--
-- Constraints for table `tutorial_views`
--
ALTER TABLE `tutorial_views`
  ADD CONSTRAINT `FK_tutorial_views` FOREIGN KEY (`tutorial_id`) REFERENCES `tutorials` (`id`);
COMMIT;

